/*
Navicat MySQL Data Transfer

Source Server         : 本地
Source Server Version : 50711
Source Host           : 127.0.0.1:3306
Source Database       : score

Target Server Type    : MYSQL
Target Server Version : 50711
File Encoding         : 65001

Date: 2019-03-13 13:13:54
*/


-- ----------------------------
-- Table structure for bp_admin
-- ----------------------------
CREATE TABLE `bp_admin` (
  `ad_uid` int(10) NOT NULL AUTO_INCREMENT,
  `ad_num` varchar(25) NOT NULL COMMENT '工号学号',
  `ad_pass` char(32) NOT NULL COMMENT '密码',
  `ad_sname` varchar(10) NOT NULL COMMENT '姓名',
  `ad_sex` tinyint(1) NOT NULL COMMENT '性别(1:男;2:女;3:未知)',
  `rs_id` mediumint(8) NOT NULL COMMENT '角色id',
  `gd_id` mediumint(8) NOT NULL COMMENT '年级',
  `cl_id` mediumint(8) NOT NULL COMMENT '班级',
  `teachclass` mediumint(9) NOT NULL DEFAULT '0' COMMENT '排课：教学班',
  `shiftclass` mediumint(9) NOT NULL DEFAULT '0' COMMENT '排课：小走班',
  `cp_id` mediumint(8) NOT NULL COMMENT '校区',
  `ad_tel` char(11) NOT NULL COMMENT '电话',
  `og_id` mediumint(8) NOT NULL DEFAULT '0' COMMENT '组织',
  `ad_polity` tinyint(1) NOT NULL DEFAULT '0' COMMENT '政治面貌',
  `ad_idcardtype` tinyint(2) NOT NULL DEFAULT '0' COMMENT '身份证类型',
  `ad_identify` varchar(20) NOT NULL COMMENT '身份证',
  `ad_email` varchar(50) NOT NULL COMMENT '邮箱',
  `ad_logincount` mediumint(8) NOT NULL DEFAULT '0' COMMENT '登陆次数',
  `ad_status` tinyint(1) NOT NULL DEFAULT '2' COMMENT '状态(1正常,2禁用,3删除)',
  `ad_qq` char(15) NOT NULL DEFAULT '' COMMENT '用户qq',
  `ad_wechat` char(20) NOT NULL DEFAULT '' COMMENT '用户微信',
  `ad_photo` varchar(100) NOT NULL DEFAULT '' COMMENT '用户头像',
  `ad_sign` varchar(255) CHARACTER SET utf8mb4 NOT NULL DEFAULT '' COMMENT '用户签名',
  `updatetime` int(11) NOT NULL COMMENT '更新时间',
  `true_status` tinyint(1) NOT NULL COMMENT '实名认证(0:没有认证(默认)1:通过,2:待审核,-1不通过)',
  `foc` mediumint(8) unsigned NOT NULL COMMENT '关注',
  `fans` mediumint(8) unsigned NOT NULL COMMENT '粉丝',
  `quali_status` tinyint(1) NOT NULL COMMENT '资质认证(0:没有认证(默认)-1:不通过,1:通过,2:待审核)',
  `stu_status` tinyint(1) NOT NULL COMMENT '学籍认证(0:没有认证(默认)-1:不通过,1:通过,2:待审核)',
  `job` varchar(50) NOT NULL COMMENT '职位',
  `id_cardimg` varchar(255) NOT NULL COMMENT '身份证件照片',
  PRIMARY KEY (`ad_uid`),
  KEY `ad_num` (`ad_num`)
) ENGINE=InnoDB AUTO_INCREMENT=18903 DEFAULT CHARSET=utf8 COMMENT='登陆用户表';

-- ----------------------------
-- Records of bp_admin
-- ----------------------------
INSERT INTO `bp_admin` VALUES ('1', 'admin', '8527dce9c5ada4ed8831a56863d7933d', 'admin', '1', '1', '0', '0', '0', '0', '1', '0', '15', '0', '0', '', '', '45', '1', '', '', '', '1213', '0', '0', '0', '0', '0', '0', '', '');
INSERT INTO `bp_admin` VALUES ('6', 'js05', '8527dce9c5ada4ed8831a56863d7933d', '16', '1', '5', '0', '0', '0', '0', '1', '0', '15', '0', '0', '', '', '0', '1', '', '', '', '', '0', '0', '0', '0', '0', '0', '', '');
INSERT INTO `bp_admin` VALUES ('18386', 'jz20160101', '8527dce9c5ada4ed8831a56863d7933d', '夏雨馨', '2', '4', '10', '0', '0', '0', '1', '0', '0', '0', '0', '', '', '0', '1', '', '', '', '', '1545806256', '0', '0', '0', '0', '0', '', '');
INSERT INTO `bp_admin` VALUES ('18387', '20160101', '8527dce9c5ada4ed8831a56863d7933d', '夏雨馨123', '2', '3', '0', '0', '0', '0', '1', '0', '0', '0', '1', '', '', '0', '1', '', '', '', '', '1545806256', '0', '0', '0', '0', '0', '', '');
INSERT INTO `bp_admin` VALUES ('18388', 'jz20160102', '8527dce9c5ada4ed8831a56863d7933d', '张志富', '1', '4', '10', '5', '0', '0', '1', '0', '0', '0', '1', '', '', '0', '1', '', '', '', '', '1545901093', '0', '0', '0', '0', '0', '', '');
INSERT INTO `bp_admin` VALUES ('18389', '20160102', '8527dce9c5ada4ed8831a56863d7933d', '张志富', '2', '3', '10', '5', '0', '0', '1', '0', '0', '0', '1', '', '', '0', '1', '', '', '', '', '1545901093', '0', '0', '0', '0', '0', '', '');
INSERT INTO `bp_admin` VALUES ('18390', 'jz20160103', '8527dce9c5ada4ed8831a56863d7933d', '叶阳烽家长', '3', '4', '10', '5', '0', '0', '1', '0', '0', '0', '0', '', '', '0', '1', '', '', '', '', '0', '0', '0', '0', '0', '0', '', '');
INSERT INTO `bp_admin` VALUES ('18391', '20160103', '8527dce9c5ada4ed8831a56863d7933d', '叶阳烽', '1', '3', '10', '5', '0', '0', '1', '0', '0', '0', '1', '', '', '0', '1', '', '', '', '', '0', '0', '0', '0', '0', '0', '', '');
INSERT INTO `bp_admin` VALUES ('18392', 'jz20160104', '8527dce9c5ada4ed8831a56863d7933d', '王伟琳家长', '3', '4', '10', '5', '0', '0', '1', '0', '0', '0', '0', '', '', '0', '1', '', '', '', '', '0', '0', '0', '0', '0', '0', '', '');
INSERT INTO `bp_admin` VALUES ('18393', '20160104', '8527dce9c5ada4ed8831a56863d7933d', '王伟琳', '1', '3', '10', '5', '0', '0', '1', '0', '0', '0', '1', '', '', '0', '1', '', '', '', '', '0', '0', '0', '0', '0', '0', '', '');
INSERT INTO `bp_admin` VALUES ('18394', 'jz20160105', '8527dce9c5ada4ed8831a56863d7933d', '徐思远家长', '3', '4', '10', '5', '0', '0', '1', '0', '0', '0', '0', '', '', '0', '1', '', '', '', '', '0', '0', '0', '0', '0', '0', '', '');
INSERT INTO `bp_admin` VALUES ('18395', '20160105', '8527dce9c5ada4ed8831a56863d7933d', '徐思远', '1', '3', '10', '5', '0', '0', '1', '0', '0', '0', '1', '', '', '0', '1', '', '', '', '', '0', '0', '0', '0', '0', '0', '', '');
INSERT INTO `bp_admin` VALUES ('18396', 'jz20160106', '8527dce9c5ada4ed8831a56863d7933d', '宋 好家长', '3', '4', '10', '5', '0', '0', '1', '0', '0', '0', '0', '', '', '0', '1', '', '', '', '', '0', '0', '0', '0', '0', '0', '', '');
INSERT INTO `bp_admin` VALUES ('18397', '20160106', '8527dce9c5ada4ed8831a56863d7933d', '宋 好', '2', '3', '10', '5', '0', '0', '1', '0', '0', '0', '1', '', '', '0', '1', '', '', '', '', '0', '0', '0', '0', '0', '0', '', '');
INSERT INTO `bp_admin` VALUES ('18398', 'jz20160107', '8527dce9c5ada4ed8831a56863d7933d', '舒勇家长', '3', '4', '10', '5', '0', '0', '1', '0', '0', '0', '0', '', '', '0', '1', '', '', '', '', '0', '0', '0', '0', '0', '0', '', '');
INSERT INTO `bp_admin` VALUES ('18399', '20160107', '8527dce9c5ada4ed8831a56863d7933d', '舒勇', '1', '3', '10', '5', '0', '0', '1', '0', '0', '0', '1', '', '', '0', '1', '', '', '', '', '0', '0', '0', '0', '0', '0', '', '');
INSERT INTO `bp_admin` VALUES ('18400', 'jz20160108', '8527dce9c5ada4ed8831a56863d7933d', '叶净蓉家长', '3', '4', '10', '5', '0', '0', '1', '0', '0', '0', '0', '', '', '0', '1', '', '', '', '', '0', '0', '0', '0', '0', '0', '', '');
INSERT INTO `bp_admin` VALUES ('18401', '20160108', '8527dce9c5ada4ed8831a56863d7933d', '叶净蓉', '2', '3', '10', '5', '0', '0', '1', '0', '0', '0', '1', '', '', '0', '1', '', '', '', '', '0', '0', '0', '0', '0', '0', '', '');
INSERT INTO `bp_admin` VALUES ('18402', 'jz20160109', '8527dce9c5ada4ed8831a56863d7933d', '戴堤家长', '3', '4', '10', '5', '0', '0', '1', '0', '0', '0', '0', '', '', '0', '1', '', '', '', '', '0', '0', '0', '0', '0', '0', '', '');
INSERT INTO `bp_admin` VALUES ('18403', '20160109', '8527dce9c5ada4ed8831a56863d7933d', '戴堤', '2', '3', '10', '5', '0', '0', '1', '0', '0', '0', '1', '', '', '0', '1', '', '', '', '', '0', '0', '0', '0', '0', '0', '', '');
INSERT INTO `bp_admin` VALUES ('18404', 'jz20160110', '8527dce9c5ada4ed8831a56863d7933d', '娄佳成家长', '3', '4', '10', '5', '0', '0', '1', '0', '0', '0', '0', '', '', '0', '1', '', '', '', '', '0', '0', '0', '0', '0', '0', '', '');
INSERT INTO `bp_admin` VALUES ('18405', '20160110', '8527dce9c5ada4ed8831a56863d7933d', '娄佳成', '1', '3', '10', '5', '0', '0', '1', '0', '0', '0', '1', '', '', '0', '1', '', '', '', '', '0', '0', '0', '0', '0', '0', '', '');
INSERT INTO `bp_admin` VALUES ('18406', 'jz20160111', '8527dce9c5ada4ed8831a56863d7933d', '雷依依家长', '3', '4', '10', '5', '0', '0', '1', '0', '0', '0', '0', '', '', '0', '1', '', '', '', '', '0', '0', '0', '0', '0', '0', '', '');
INSERT INTO `bp_admin` VALUES ('18407', '20160111', '8527dce9c5ada4ed8831a56863d7933d', '雷依依', '2', '3', '10', '5', '0', '0', '1', '0', '0', '0', '1', '', '', '0', '1', '', '', '', '', '0', '0', '0', '0', '0', '0', '', '');
INSERT INTO `bp_admin` VALUES ('18408', 'jz20160112', '8527dce9c5ada4ed8831a56863d7933d', '罗卓家长', '3', '4', '10', '5', '0', '0', '1', '0', '0', '0', '0', '', '', '0', '1', '', '', '', '', '0', '0', '0', '0', '0', '0', '', '');
INSERT INTO `bp_admin` VALUES ('18409', '20160112', '8527dce9c5ada4ed8831a56863d7933d', '罗卓', '2', '3', '10', '5', '0', '0', '1', '0', '0', '0', '1', '', '', '0', '1', '', '', '', '', '0', '0', '0', '0', '0', '0', '', '');
INSERT INTO `bp_admin` VALUES ('18410', 'jz20160113', '8527dce9c5ada4ed8831a56863d7933d', '王烁家长', '3', '4', '10', '5', '0', '0', '1', '0', '0', '0', '0', '', '', '0', '1', '', '', '', '', '0', '0', '0', '0', '0', '0', '', '');
INSERT INTO `bp_admin` VALUES ('18411', '20160113', '8527dce9c5ada4ed8831a56863d7933d', '王烁', '1', '3', '10', '5', '0', '0', '1', '0', '0', '0', '1', '', '', '0', '1', '', '', '', '', '0', '0', '0', '0', '0', '0', '', '');
INSERT INTO `bp_admin` VALUES ('18412', 'jz20160114', '8527dce9c5ada4ed8831a56863d7933d', '熊进微家长', '3', '4', '10', '5', '0', '0', '1', '0', '0', '0', '0', '', '', '0', '1', '', '', '', '', '0', '0', '0', '0', '0', '0', '', '');
INSERT INTO `bp_admin` VALUES ('18413', '20160114', '8527dce9c5ada4ed8831a56863d7933d', '熊进微', '1', '3', '10', '5', '0', '0', '1', '0', '0', '0', '1', '', '', '0', '1', '', '', '', '', '0', '0', '0', '0', '0', '0', '', '');
INSERT INTO `bp_admin` VALUES ('18414', 'jz20160115', '8527dce9c5ada4ed8831a56863d7933d', '尧青松家长', '3', '4', '10', '5', '0', '0', '1', '0', '0', '0', '0', '', '', '0', '1', '', '', '', '', '0', '0', '0', '0', '0', '0', '', '');
INSERT INTO `bp_admin` VALUES ('18415', '20160115', '8527dce9c5ada4ed8831a56863d7933d', '尧青松', '1', '3', '10', '5', '0', '0', '1', '0', '0', '0', '1', '', '', '0', '1', '', '', '', '', '0', '0', '0', '0', '0', '0', '', '');
INSERT INTO `bp_admin` VALUES ('18416', 'jz20160116', '8527dce9c5ada4ed8831a56863d7933d', '石烁萍家长', '3', '4', '10', '5', '0', '0', '1', '0', '0', '0', '0', '', '', '0', '1', '', '', '', '', '0', '0', '0', '0', '0', '0', '', '');
INSERT INTO `bp_admin` VALUES ('18417', '20160116', '8527dce9c5ada4ed8831a56863d7933d', '石烁萍', '2', '3', '10', '5', '0', '0', '1', '0', '0', '0', '1', '', '', '0', '1', '', '', '', '', '0', '0', '0', '0', '0', '0', '', '');
INSERT INTO `bp_admin` VALUES ('18418', 'jz20160117', '8527dce9c5ada4ed8831a56863d7933d', '伍念龙家长', '3', '4', '10', '5', '0', '0', '1', '0', '0', '0', '0', '', '', '0', '1', '', '', '', '', '0', '0', '0', '0', '0', '0', '', '');
INSERT INTO `bp_admin` VALUES ('18419', '20160117', '8527dce9c5ada4ed8831a56863d7933d', '伍念龙', '1', '3', '10', '5', '0', '0', '1', '0', '0', '0', '1', '', '', '0', '1', '', '', '', '', '0', '0', '0', '0', '0', '0', '', '');
INSERT INTO `bp_admin` VALUES ('18420', 'jz20160118', '8527dce9c5ada4ed8831a56863d7933d', '熊棋思家长', '3', '4', '10', '5', '0', '0', '1', '0', '0', '0', '0', '', '', '0', '1', '', '', '', '', '0', '0', '0', '0', '0', '0', '', '');
INSERT INTO `bp_admin` VALUES ('18421', '20160118', '8527dce9c5ada4ed8831a56863d7933d', '熊棋思', '2', '3', '10', '5', '0', '0', '1', '0', '0', '0', '1', '', '', '0', '1', '', '', '', '', '0', '0', '0', '0', '0', '0', '', '');
INSERT INTO `bp_admin` VALUES ('18422', 'jz20160119', '8527dce9c5ada4ed8831a56863d7933d', '付哲熙家长', '3', '4', '10', '5', '0', '0', '1', '0', '0', '0', '0', '', '', '0', '1', '', '', '', '', '0', '0', '0', '0', '0', '0', '', '');
INSERT INTO `bp_admin` VALUES ('18423', '20160119', '8527dce9c5ada4ed8831a56863d7933d', '付哲熙', '1', '3', '10', '5', '0', '0', '1', '0', '0', '0', '1', '', '', '0', '1', '', '', '', '', '0', '0', '0', '0', '0', '0', '', '');
INSERT INTO `bp_admin` VALUES ('18424', 'jz20160120', '8527dce9c5ada4ed8831a56863d7933d', '黄睿家长', '3', '4', '10', '5', '0', '0', '1', '0', '0', '0', '0', '', '', '0', '1', '', '', '', '', '0', '0', '0', '0', '0', '0', '', '');
INSERT INTO `bp_admin` VALUES ('18425', '20160120', '8527dce9c5ada4ed8831a56863d7933d', '黄睿', '1', '3', '10', '5', '0', '0', '1', '0', '0', '0', '1', '', '', '0', '1', '', '', '', '', '0', '0', '0', '0', '0', '0', '', '');
INSERT INTO `bp_admin` VALUES ('18426', 'jz20160121', '8527dce9c5ada4ed8831a56863d7933d', '王俊荣家长', '3', '4', '10', '5', '0', '0', '1', '0', '0', '0', '0', '', '', '0', '1', '', '', '', '', '0', '0', '0', '0', '0', '0', '', '');
INSERT INTO `bp_admin` VALUES ('18427', '20160121', '8527dce9c5ada4ed8831a56863d7933d', '王俊荣', '1', '3', '10', '5', '0', '0', '1', '0', '0', '0', '1', '', '', '0', '1', '', '', '', '', '0', '0', '0', '0', '0', '0', '', '');
INSERT INTO `bp_admin` VALUES ('18428', 'jz20160122', '8527dce9c5ada4ed8831a56863d7933d', '甘有康家长', '3', '4', '10', '5', '0', '0', '1', '0', '0', '0', '0', '', '', '0', '1', '', '', '', '', '0', '0', '0', '0', '0', '0', '', '');
INSERT INTO `bp_admin` VALUES ('18429', '20160122', '8527dce9c5ada4ed8831a56863d7933d', '甘有康', '1', '3', '10', '5', '0', '0', '1', '0', '0', '0', '1', '', '', '0', '1', '', '', '', '', '0', '0', '0', '0', '0', '0', '', '');
INSERT INTO `bp_admin` VALUES ('18430', 'jz20160123', '8527dce9c5ada4ed8831a56863d7933d', '陈子琦家长', '3', '4', '10', '5', '0', '0', '1', '0', '0', '0', '0', '', '', '0', '1', '', '', '', '', '0', '0', '0', '0', '0', '0', '', '');
INSERT INTO `bp_admin` VALUES ('18431', '20160123', '8527dce9c5ada4ed8831a56863d7933d', '陈子琦', '1', '3', '10', '5', '0', '0', '1', '0', '0', '0', '1', '', '', '0', '1', '', '', '', '', '0', '0', '0', '0', '0', '0', '', '');
INSERT INTO `bp_admin` VALUES ('18432', 'jz20160124', '8527dce9c5ada4ed8831a56863d7933d', '郭梓烁家长', '3', '4', '10', '5', '0', '0', '1', '0', '0', '0', '0', '', '', '0', '1', '', '', '', '', '0', '0', '0', '0', '0', '0', '', '');
INSERT INTO `bp_admin` VALUES ('18433', '20160124', '8527dce9c5ada4ed8831a56863d7933d', '郭梓烁', '1', '3', '10', '5', '0', '0', '1', '0', '0', '0', '1', '', '', '0', '1', '', '', '', '', '0', '0', '0', '0', '0', '0', '', '');
INSERT INTO `bp_admin` VALUES ('18434', 'jz20160125', '8527dce9c5ada4ed8831a56863d7933d', '张佳奇家长', '3', '4', '10', '5', '0', '0', '1', '0', '0', '0', '0', '', '', '0', '1', '', '', '', '', '0', '0', '0', '0', '0', '0', '', '');
INSERT INTO `bp_admin` VALUES ('18435', '20160125', '8527dce9c5ada4ed8831a56863d7933d', '张佳奇', '1', '3', '10', '5', '0', '0', '1', '0', '0', '0', '1', '', '', '0', '1', '', '', '', '', '0', '0', '0', '0', '0', '0', '', '');
INSERT INTO `bp_admin` VALUES ('18436', 'jz20160126', '8527dce9c5ada4ed8831a56863d7933d', '杨子涛家长', '3', '4', '10', '5', '0', '0', '1', '0', '0', '0', '0', '', '', '0', '1', '', '', '', '', '0', '0', '0', '0', '0', '0', '', '');
INSERT INTO `bp_admin` VALUES ('18437', '20160126', '8527dce9c5ada4ed8831a56863d7933d', '杨子涛', '1', '3', '10', '5', '0', '0', '1', '0', '0', '0', '1', '', '', '0', '1', '', '', '', '', '0', '0', '0', '0', '0', '0', '', '');
INSERT INTO `bp_admin` VALUES ('18438', 'jz20160127', '8527dce9c5ada4ed8831a56863d7933d', '舒涛家长', '3', '4', '10', '5', '0', '0', '1', '0', '0', '0', '0', '', '', '0', '1', '', '', '', '', '0', '0', '0', '0', '0', '0', '', '');
INSERT INTO `bp_admin` VALUES ('18439', '20160127', '8527dce9c5ada4ed8831a56863d7933d', '舒涛', '1', '3', '10', '5', '0', '0', '1', '0', '0', '0', '1', '', '', '0', '1', '', '', '', '', '0', '0', '0', '0', '0', '0', '', '');
INSERT INTO `bp_admin` VALUES ('18440', 'jz20160128', '8527dce9c5ada4ed8831a56863d7933d', '宋雍家长', '3', '4', '10', '5', '0', '0', '1', '0', '0', '0', '0', '', '', '0', '1', '', '', '', '', '0', '0', '0', '0', '0', '0', '', '');
INSERT INTO `bp_admin` VALUES ('18441', '20160128', '8527dce9c5ada4ed8831a56863d7933d', '宋雍', '1', '3', '10', '5', '0', '0', '1', '0', '0', '0', '1', '', '', '0', '1', '', '', '', '', '0', '0', '0', '0', '0', '0', '', '');
INSERT INTO `bp_admin` VALUES ('18442', 'jz20160129', '8527dce9c5ada4ed8831a56863d7933d', '孙浩宇家长', '3', '4', '10', '5', '0', '0', '1', '0', '0', '0', '0', '', '', '0', '1', '', '', '', '', '0', '0', '0', '0', '0', '0', '', '');
INSERT INTO `bp_admin` VALUES ('18443', '20160129', '8527dce9c5ada4ed8831a56863d7933d', '孙浩宇', '1', '3', '10', '5', '0', '0', '1', '0', '0', '0', '1', '', '', '0', '1', '', '', '', '', '0', '0', '0', '0', '0', '0', '', '');
INSERT INTO `bp_admin` VALUES ('18444', 'jz20160130', '8527dce9c5ada4ed8831a56863d7933d', '赵俊涛家长', '3', '4', '10', '5', '0', '0', '1', '0', '0', '0', '0', '', '', '0', '1', '', '', '', '', '0', '0', '0', '0', '0', '0', '', '');
INSERT INTO `bp_admin` VALUES ('18445', '20160130', '8527dce9c5ada4ed8831a56863d7933d', '赵俊涛', '1', '3', '10', '5', '0', '0', '1', '0', '0', '0', '1', '', '', '0', '1', '', '', '', '', '0', '0', '0', '0', '0', '0', '', '');
INSERT INTO `bp_admin` VALUES ('18446', 'jz20160131', '8527dce9c5ada4ed8831a56863d7933d', '张梓雅家长', '3', '4', '10', '5', '0', '0', '1', '0', '0', '0', '0', '', '', '0', '1', '', '', '', '', '0', '0', '0', '0', '0', '0', '', '');
INSERT INTO `bp_admin` VALUES ('18447', '20160131', '8527dce9c5ada4ed8831a56863d7933d', '张梓雅', '2', '3', '10', '5', '0', '0', '1', '0', '0', '0', '1', '', '', '0', '1', '', '', '', '', '0', '0', '0', '0', '0', '0', '', '');
INSERT INTO `bp_admin` VALUES ('18448', 'jz20160132', '8527dce9c5ada4ed8831a56863d7933d', '娄佳慧家长', '3', '4', '10', '5', '0', '0', '1', '0', '0', '0', '0', '', '', '0', '1', '', '', '', '', '0', '0', '0', '0', '0', '0', '', '');
INSERT INTO `bp_admin` VALUES ('18449', '20160132', '8527dce9c5ada4ed8831a56863d7933d', '娄佳慧', '2', '3', '10', '5', '0', '0', '1', '0', '0', '0', '1', '', '', '0', '1', '', '', '', '', '0', '0', '0', '0', '0', '0', '', '');
INSERT INTO `bp_admin` VALUES ('18450', 'jz20160133', '8527dce9c5ada4ed8831a56863d7933d', '宋紫依家长', '3', '4', '10', '5', '0', '0', '1', '0', '0', '0', '0', '', '', '0', '1', '', '', '', '', '0', '0', '0', '0', '0', '0', '', '');
INSERT INTO `bp_admin` VALUES ('18451', '20160133', '8527dce9c5ada4ed8831a56863d7933d', '宋紫依', '2', '3', '10', '5', '0', '0', '1', '0', '0', '0', '1', '', '', '0', '1', '', '', '', '', '0', '0', '0', '0', '0', '0', '', '');
INSERT INTO `bp_admin` VALUES ('18452', 'jz20160134', '8527dce9c5ada4ed8831a56863d7933d', '李世嘉家长', '3', '4', '10', '5', '0', '0', '1', '0', '0', '0', '0', '', '', '0', '1', '', '', '', '', '0', '0', '0', '0', '0', '0', '', '');
INSERT INTO `bp_admin` VALUES ('18453', '20160134', '8527dce9c5ada4ed8831a56863d7933d', '李世嘉', '1', '3', '10', '5', '0', '0', '1', '0', '0', '0', '1', '', '', '0', '1', '', '', '', '', '0', '0', '0', '0', '0', '0', '', '');
INSERT INTO `bp_admin` VALUES ('18454', 'jz20160135', '8527dce9c5ada4ed8831a56863d7933d', '黄佳雯家长', '3', '4', '10', '5', '0', '0', '1', '0', '0', '0', '0', '', '', '0', '1', '', '', '', '', '0', '0', '0', '0', '0', '0', '', '');
INSERT INTO `bp_admin` VALUES ('18455', '20160135', '8527dce9c5ada4ed8831a56863d7933d', '黄佳雯', '2', '3', '10', '5', '0', '0', '1', '0', '0', '0', '1', '', '', '0', '1', '', '', '', '', '0', '0', '0', '0', '0', '0', '', '');
INSERT INTO `bp_admin` VALUES ('18456', 'jz20160136', '8527dce9c5ada4ed8831a56863d7933d', '汪子豪家长', '3', '4', '10', '5', '0', '0', '1', '0', '0', '0', '0', '', '', '0', '1', '', '', '', '', '0', '0', '0', '0', '0', '0', '', '');
INSERT INTO `bp_admin` VALUES ('18457', '20160136', '8527dce9c5ada4ed8831a56863d7933d', '汪子豪', '1', '3', '10', '5', '0', '0', '1', '0', '0', '0', '1', '', '', '0', '1', '', '', '', '', '0', '0', '0', '0', '0', '0', '', '');
INSERT INTO `bp_admin` VALUES ('18458', 'jz20160137', '8527dce9c5ada4ed8831a56863d7933d', '巴王帆家长', '3', '4', '10', '5', '0', '0', '1', '0', '0', '0', '0', '', '', '0', '1', '', '', '', '', '0', '0', '0', '0', '0', '0', '', '');
INSERT INTO `bp_admin` VALUES ('18459', '20160137', '8527dce9c5ada4ed8831a56863d7933d', '巴王帆', '1', '3', '10', '5', '0', '0', '1', '0', '0', '0', '1', '', '', '0', '1', '', '', '', '', '0', '0', '0', '0', '0', '0', '', '');
INSERT INTO `bp_admin` VALUES ('18460', 'jz20160138', '8527dce9c5ada4ed8831a56863d7933d', '洪铭骏家长', '3', '4', '10', '5', '0', '0', '1', '0', '0', '0', '0', '', '', '0', '1', '', '', '', '', '0', '0', '0', '0', '0', '0', '', '');
INSERT INTO `bp_admin` VALUES ('18461', '20160138', '8527dce9c5ada4ed8831a56863d7933d', '洪铭骏', '1', '3', '10', '5', '0', '0', '1', '0', '0', '0', '1', '', '', '0', '1', '', '', '', '', '0', '0', '0', '0', '0', '0', '', '');
INSERT INTO `bp_admin` VALUES ('18462', 'jz20160139', '8527dce9c5ada4ed8831a56863d7933d', '王惜昭家长', '3', '4', '10', '5', '0', '0', '1', '0', '0', '0', '0', '', '', '0', '1', '', '', '', '', '0', '0', '0', '0', '0', '0', '', '');
INSERT INTO `bp_admin` VALUES ('18463', '20160139', '8527dce9c5ada4ed8831a56863d7933d', '王惜昭', '1', '3', '10', '5', '0', '0', '1', '0', '0', '0', '1', '', '', '0', '1', '', '', '', '', '0', '0', '0', '0', '0', '0', '', '');
INSERT INTO `bp_admin` VALUES ('18464', 'jz20160140', '8527dce9c5ada4ed8831a56863d7933d', '黄严瑾家长', '3', '4', '10', '5', '0', '0', '1', '0', '0', '0', '0', '', '', '0', '1', '', '', '', '', '0', '0', '0', '0', '0', '0', '', '');
INSERT INTO `bp_admin` VALUES ('18465', '20160140', '8527dce9c5ada4ed8831a56863d7933d', '黄严瑾', '1', '3', '10', '5', '0', '0', '1', '0', '0', '0', '1', '', '', '0', '1', '', '', '', '', '0', '0', '0', '0', '0', '0', '', '');
INSERT INTO `bp_admin` VALUES ('18466', 'jz20160141', '8527dce9c5ada4ed8831a56863d7933d', '雷雅淇家长', '3', '4', '10', '5', '0', '0', '1', '0', '0', '0', '0', '', '', '0', '1', '', '', '', '', '0', '0', '0', '0', '0', '0', '', '');
INSERT INTO `bp_admin` VALUES ('18467', '20160141', '8527dce9c5ada4ed8831a56863d7933d', '雷雅淇', '2', '3', '10', '5', '0', '0', '1', '0', '0', '0', '1', '', '', '0', '1', '', '', '', '', '0', '0', '0', '0', '0', '0', '', '');
INSERT INTO `bp_admin` VALUES ('18468', 'jz20160142', '8527dce9c5ada4ed8831a56863d7933d', '雷金辉家长', '3', '4', '10', '5', '0', '0', '1', '0', '0', '0', '0', '', '', '0', '1', '', '', '', '', '0', '0', '0', '0', '0', '0', '', '');
INSERT INTO `bp_admin` VALUES ('18469', '20160142', '8527dce9c5ada4ed8831a56863d7933d', '雷金辉', '1', '3', '10', '5', '0', '0', '1', '0', '0', '0', '1', '', '', '0', '1', '', '', '', '', '0', '0', '0', '0', '0', '0', '', '');
INSERT INTO `bp_admin` VALUES ('18470', 'jz20160143', '8527dce9c5ada4ed8831a56863d7933d', '皮帅家长', '3', '4', '10', '5', '0', '0', '1', '0', '0', '0', '0', '', '', '0', '1', '', '', '', '', '0', '0', '0', '0', '0', '0', '', '');
INSERT INTO `bp_admin` VALUES ('18471', '20160143', '8527dce9c5ada4ed8831a56863d7933d', '皮帅', '1', '3', '10', '5', '0', '0', '1', '0', '0', '0', '1', '', '', '0', '1', '', '', '', '', '0', '0', '0', '0', '0', '0', '', '');
INSERT INTO `bp_admin` VALUES ('18472', 'jz20160201', '8527dce9c5ada4ed8831a56863d7933d', '熊攀家长', '3', '4', '10', '6', '0', '0', '1', '0', '0', '0', '0', '', '', '0', '1', '', '', '', '', '0', '0', '0', '0', '0', '0', '', '');
INSERT INTO `bp_admin` VALUES ('18473', '20160201', '8527dce9c5ada4ed8831a56863d7933d', '熊攀', '1', '3', '10', '6', '0', '0', '1', '0', '0', '0', '1', '', '', '0', '1', '', '', '', '', '0', '0', '0', '0', '0', '0', '', '');
INSERT INTO `bp_admin` VALUES ('18474', 'jz20160202', '8527dce9c5ada4ed8831a56863d7933d', '邱子聪家长', '3', '4', '10', '6', '0', '0', '1', '0', '0', '0', '0', '', '', '0', '1', '', '', '', '', '0', '0', '0', '0', '0', '0', '', '');
INSERT INTO `bp_admin` VALUES ('18475', '20160202', '8527dce9c5ada4ed8831a56863d7933d', '邱子聪', '1', '3', '10', '6', '0', '0', '1', '0', '0', '0', '1', '', '', '0', '1', '', '', '', '', '0', '0', '0', '0', '0', '0', '', '');
INSERT INTO `bp_admin` VALUES ('18476', 'jz20160203', '8527dce9c5ada4ed8831a56863d7933d', '甘依家长', '3', '4', '10', '6', '0', '0', '1', '0', '0', '0', '0', '', '', '0', '1', '', '', '', '', '0', '0', '0', '0', '0', '0', '', '');
INSERT INTO `bp_admin` VALUES ('18477', '20160203', '8527dce9c5ada4ed8831a56863d7933d', '甘依', '2', '3', '10', '6', '0', '0', '1', '0', '0', '0', '1', '', '', '0', '1', '', '', '', '', '0', '0', '0', '0', '0', '0', '', '');
INSERT INTO `bp_admin` VALUES ('18478', 'jz20160204', '8527dce9c5ada4ed8831a56863d7933d', '黄睿哲家长', '3', '4', '10', '6', '0', '0', '1', '0', '0', '0', '0', '', '', '0', '1', '', '', '', '', '0', '0', '0', '0', '0', '0', '', '');
INSERT INTO `bp_admin` VALUES ('18479', '20160204', '8527dce9c5ada4ed8831a56863d7933d', '黄睿哲', '1', '3', '10', '6', '0', '0', '1', '0', '0', '0', '1', '', '', '0', '1', '', '', '', '', '0', '0', '0', '0', '0', '0', '', '');
INSERT INTO `bp_admin` VALUES ('18480', 'jz20160205', '8527dce9c5ada4ed8831a56863d7933d', '黄娇怡家长', '3', '4', '10', '6', '0', '0', '1', '0', '0', '0', '0', '', '', '0', '1', '', '', '', '', '0', '0', '0', '0', '0', '0', '', '');
INSERT INTO `bp_admin` VALUES ('18481', '20160205', '8527dce9c5ada4ed8831a56863d7933d', '黄娇怡', '2', '3', '10', '6', '0', '0', '1', '0', '0', '0', '1', '', '', '0', '1', '', '', '', '', '0', '0', '0', '0', '0', '0', '', '');
INSERT INTO `bp_admin` VALUES ('18482', 'jz20160206', '8527dce9c5ada4ed8831a56863d7933d', '吴巨鑫家长', '3', '4', '10', '6', '0', '0', '1', '0', '0', '0', '0', '', '', '0', '1', '', '', '', '', '0', '0', '0', '0', '0', '0', '', '');
INSERT INTO `bp_admin` VALUES ('18483', '20160206', '8527dce9c5ada4ed8831a56863d7933d', '吴巨鑫', '1', '3', '10', '6', '0', '0', '1', '0', '0', '0', '1', '', '', '0', '1', '', '', '', '', '0', '0', '0', '0', '0', '0', '', '');
INSERT INTO `bp_admin` VALUES ('18484', 'jz20160207', '8527dce9c5ada4ed8831a56863d7933d', '张灿家长', '3', '4', '10', '6', '0', '0', '1', '0', '0', '0', '0', '', '', '0', '1', '', '', '', '', '0', '0', '0', '0', '0', '0', '', '');
INSERT INTO `bp_admin` VALUES ('18485', '20160207', '8527dce9c5ada4ed8831a56863d7933d', '张灿', '1', '3', '10', '6', '0', '0', '1', '0', '0', '0', '1', '', '', '0', '1', '', '', '', '', '0', '0', '0', '0', '0', '0', '', '');
INSERT INTO `bp_admin` VALUES ('18486', 'jz20160208', '8527dce9c5ada4ed8831a56863d7933d', '邹其炜家长', '3', '4', '10', '6', '0', '0', '1', '0', '0', '0', '0', '', '', '0', '1', '', '', '', '', '0', '0', '0', '0', '0', '0', '', '');
INSERT INTO `bp_admin` VALUES ('18487', '20160208', '8527dce9c5ada4ed8831a56863d7933d', '邹其炜', '1', '3', '10', '6', '0', '0', '1', '0', '0', '0', '1', '', '', '0', '1', '', '', '', '', '0', '0', '0', '0', '0', '0', '', '');
INSERT INTO `bp_admin` VALUES ('18488', 'jz20160209', '8527dce9c5ada4ed8831a56863d7933d', '杨佳璐家长', '3', '4', '10', '6', '0', '0', '1', '0', '0', '0', '0', '', '', '0', '1', '', '', '', '', '0', '0', '0', '0', '0', '0', '', '');
INSERT INTO `bp_admin` VALUES ('18489', '20160209', '8527dce9c5ada4ed8831a56863d7933d', '杨佳璐', '1', '3', '10', '6', '0', '0', '1', '0', '0', '0', '1', '', '', '0', '1', '', '', '', '', '0', '0', '0', '0', '0', '0', '', '');
INSERT INTO `bp_admin` VALUES ('18490', 'jz20160210', '8527dce9c5ada4ed8831a56863d7933d', '汪黄恩家长', '3', '4', '10', '6', '0', '0', '1', '0', '0', '0', '0', '', '', '0', '1', '', '', '', '', '0', '0', '0', '0', '0', '0', '', '');
INSERT INTO `bp_admin` VALUES ('18491', '20160210', '8527dce9c5ada4ed8831a56863d7933d', '汪黄恩', '1', '3', '10', '6', '0', '0', '1', '0', '0', '0', '1', '', '', '0', '1', '', '', '', '', '0', '0', '0', '0', '0', '0', '', '');
INSERT INTO `bp_admin` VALUES ('18492', 'jz20160211', '8527dce9c5ada4ed8831a56863d7933d', '颜子贤家长', '3', '4', '10', '6', '0', '0', '1', '0', '0', '0', '0', '', '', '0', '1', '', '', '', '', '0', '0', '0', '0', '0', '0', '', '');
INSERT INTO `bp_admin` VALUES ('18493', '20160211', '8527dce9c5ada4ed8831a56863d7933d', '颜子贤', '1', '3', '10', '6', '0', '0', '1', '0', '0', '0', '1', '', '', '0', '1', '', '', '', '', '0', '0', '0', '0', '0', '0', '', '');
INSERT INTO `bp_admin` VALUES ('18494', 'jz20160212', '8527dce9c5ada4ed8831a56863d7933d', '黄炬印家长', '3', '4', '10', '6', '0', '0', '1', '0', '0', '0', '0', '', '', '0', '1', '', '', '', '', '0', '0', '0', '0', '0', '0', '', '');
INSERT INTO `bp_admin` VALUES ('18495', '20160212', '8527dce9c5ada4ed8831a56863d7933d', '黄炬印', '1', '3', '10', '6', '0', '0', '1', '0', '0', '0', '1', '', '', '0', '1', '', '', '', '', '0', '0', '0', '0', '0', '0', '', '');
INSERT INTO `bp_admin` VALUES ('18496', 'jz20160213', '8527dce9c5ada4ed8831a56863d7933d', '谢轩家长', '3', '4', '10', '6', '0', '0', '1', '0', '0', '0', '0', '', '', '0', '1', '', '', '', '', '0', '0', '0', '0', '0', '0', '', '');
INSERT INTO `bp_admin` VALUES ('18497', '20160213', '8527dce9c5ada4ed8831a56863d7933d', '谢轩', '1', '3', '10', '6', '0', '0', '1', '0', '0', '0', '1', '', '', '0', '1', '', '', '', '', '0', '0', '0', '0', '0', '0', '', '');
INSERT INTO `bp_admin` VALUES ('18498', 'jz20160214', '8527dce9c5ada4ed8831a56863d7933d', '甘杭焯家长', '3', '4', '10', '6', '0', '0', '1', '0', '0', '0', '0', '', '', '0', '1', '', '', '', '', '0', '0', '0', '0', '0', '0', '', '');
INSERT INTO `bp_admin` VALUES ('18499', '20160214', '8527dce9c5ada4ed8831a56863d7933d', '甘杭焯', '1', '3', '10', '6', '0', '0', '1', '0', '0', '0', '1', '', '', '0', '1', '', '', '', '', '0', '0', '0', '0', '0', '0', '', '');
INSERT INTO `bp_admin` VALUES ('18500', 'jz20160215', '8527dce9c5ada4ed8831a56863d7933d', '杨书琪家长', '3', '4', '10', '6', '0', '0', '1', '0', '0', '0', '0', '', '', '0', '1', '', '', '', '', '0', '0', '0', '0', '0', '0', '', '');
INSERT INTO `bp_admin` VALUES ('18501', '20160215', '8527dce9c5ada4ed8831a56863d7933d', '杨书琪', '2', '3', '10', '6', '0', '0', '1', '0', '0', '0', '1', '', '', '0', '1', '', '', '', '', '0', '0', '0', '0', '0', '0', '', '');
INSERT INTO `bp_admin` VALUES ('18502', 'jz20160216', '8527dce9c5ada4ed8831a56863d7933d', '石鸿慧家长', '3', '4', '10', '6', '0', '0', '1', '0', '0', '0', '0', '', '', '0', '1', '', '', '', '', '0', '0', '0', '0', '0', '0', '', '');
INSERT INTO `bp_admin` VALUES ('18503', '20160216', '8527dce9c5ada4ed8831a56863d7933d', '石鸿慧', '2', '3', '10', '6', '0', '0', '1', '0', '0', '0', '1', '', '', '0', '1', '', '', '', '', '0', '0', '0', '0', '0', '0', '', '');
INSERT INTO `bp_admin` VALUES ('18504', 'jz20160217', '8527dce9c5ada4ed8831a56863d7933d', '谭凌峰家长', '3', '4', '10', '6', '0', '0', '1', '0', '0', '0', '0', '', '', '0', '1', '', '', '', '', '0', '0', '0', '0', '0', '0', '', '');
INSERT INTO `bp_admin` VALUES ('18505', '20160217', '8527dce9c5ada4ed8831a56863d7933d', '谭凌峰', '1', '3', '10', '6', '0', '0', '1', '0', '0', '0', '1', '', '', '0', '1', '', '', '', '', '0', '0', '0', '0', '0', '0', '', '');
INSERT INTO `bp_admin` VALUES ('18506', 'jz20160218', '8527dce9c5ada4ed8831a56863d7933d', '甘爽家长', '3', '4', '10', '6', '0', '0', '1', '0', '0', '0', '0', '', '', '0', '1', '', '', '', '', '0', '0', '0', '0', '0', '0', '', '');
INSERT INTO `bp_admin` VALUES ('18507', '20160218', '8527dce9c5ada4ed8831a56863d7933d', '甘爽', '2', '3', '10', '6', '0', '0', '1', '0', '0', '0', '1', '', '', '0', '1', '', '', '', '', '0', '0', '0', '0', '0', '0', '', '');
INSERT INTO `bp_admin` VALUES ('18508', 'jz20160219', '8527dce9c5ada4ed8831a56863d7933d', '王子君家长', '3', '4', '10', '6', '0', '0', '1', '0', '0', '0', '0', '', '', '0', '1', '', '', '', '', '0', '0', '0', '0', '0', '0', '', '');
INSERT INTO `bp_admin` VALUES ('18509', '20160219', '8527dce9c5ada4ed8831a56863d7933d', '王子君', '1', '3', '10', '6', '0', '0', '1', '0', '0', '0', '1', '', '', '0', '1', '', '', '', '', '0', '0', '0', '0', '0', '0', '', '');
INSERT INTO `bp_admin` VALUES ('18510', 'jz20160220', '8527dce9c5ada4ed8831a56863d7933d', '吴玮琦家长', '3', '4', '10', '6', '0', '0', '1', '0', '0', '0', '0', '', '', '0', '1', '', '', '', '', '0', '0', '0', '0', '0', '0', '', '');
INSERT INTO `bp_admin` VALUES ('18511', '20160220', '8527dce9c5ada4ed8831a56863d7933d', '吴玮琦', '1', '3', '10', '6', '0', '0', '1', '0', '0', '0', '1', '', '', '0', '1', '', '', '', '', '0', '0', '0', '0', '0', '0', '', '');
INSERT INTO `bp_admin` VALUES ('18512', 'jz20160221', '8527dce9c5ada4ed8831a56863d7933d', '王潇家长', '3', '4', '10', '6', '0', '0', '1', '0', '0', '0', '0', '', '', '0', '1', '', '', '', '', '0', '0', '0', '0', '0', '0', '', '');
INSERT INTO `bp_admin` VALUES ('18513', '20160221', '8527dce9c5ada4ed8831a56863d7933d', '王潇', '1', '3', '10', '6', '0', '0', '1', '0', '0', '0', '1', '', '', '0', '1', '', '', '', '', '0', '0', '0', '0', '0', '0', '', '');
INSERT INTO `bp_admin` VALUES ('18514', 'jz20160222', '8527dce9c5ada4ed8831a56863d7933d', '王梓诚家长', '3', '4', '10', '6', '0', '0', '1', '0', '0', '0', '0', '', '', '0', '1', '', '', '', '', '0', '0', '0', '0', '0', '0', '', '');
INSERT INTO `bp_admin` VALUES ('18515', '20160222', '8527dce9c5ada4ed8831a56863d7933d', '王梓诚', '1', '3', '10', '6', '0', '0', '1', '0', '0', '0', '1', '', '', '0', '1', '', '', '', '', '0', '0', '0', '0', '0', '0', '', '');
INSERT INTO `bp_admin` VALUES ('18516', 'jz20160223', '8527dce9c5ada4ed8831a56863d7933d', '李嘉怡家长', '3', '4', '10', '6', '0', '0', '1', '0', '0', '0', '0', '', '', '0', '1', '', '', '', '', '0', '0', '0', '0', '0', '0', '', '');
INSERT INTO `bp_admin` VALUES ('18517', '20160223', '8527dce9c5ada4ed8831a56863d7933d', '李嘉怡', '2', '3', '10', '6', '0', '0', '1', '0', '0', '0', '1', '', '', '0', '1', '', '', '', '', '0', '0', '0', '0', '0', '0', '', '');
INSERT INTO `bp_admin` VALUES ('18518', 'jz20160224', '8527dce9c5ada4ed8831a56863d7933d', '汪梓凌家长', '3', '4', '10', '6', '0', '0', '1', '0', '0', '0', '0', '', '', '0', '1', '', '', '', '', '0', '0', '0', '0', '0', '0', '', '');
INSERT INTO `bp_admin` VALUES ('18519', '20160224', '8527dce9c5ada4ed8831a56863d7933d', '汪梓凌', '2', '3', '10', '6', '0', '0', '1', '0', '0', '0', '1', '', '', '0', '1', '', '', '', '', '0', '0', '0', '0', '0', '0', '', '');
INSERT INTO `bp_admin` VALUES ('18520', 'jz20160225', '8527dce9c5ada4ed8831a56863d7933d', '曾子航家长', '3', '4', '10', '6', '0', '0', '1', '0', '0', '0', '0', '', '', '0', '1', '', '', '', '', '0', '0', '0', '0', '0', '0', '', '');
INSERT INTO `bp_admin` VALUES ('18521', '20160225', '8527dce9c5ada4ed8831a56863d7933d', '曾子航', '1', '3', '10', '6', '0', '0', '1', '0', '0', '0', '1', '', '', '0', '1', '', '', '', '', '0', '0', '0', '0', '0', '0', '', '');
INSERT INTO `bp_admin` VALUES ('18522', 'jz20160226', '8527dce9c5ada4ed8831a56863d7933d', '雷子瑶家长', '3', '4', '10', '6', '0', '0', '1', '0', '0', '0', '0', '', '', '0', '1', '', '', '', '', '0', '0', '0', '0', '0', '0', '', '');
INSERT INTO `bp_admin` VALUES ('18523', '20160226', '8527dce9c5ada4ed8831a56863d7933d', '雷子瑶', '2', '3', '10', '6', '0', '0', '1', '0', '0', '0', '1', '', '', '0', '1', '', '', '', '', '0', '0', '0', '0', '0', '0', '', '');
INSERT INTO `bp_admin` VALUES ('18524', 'jz20160227', '8527dce9c5ada4ed8831a56863d7933d', '何雅渲家长', '3', '4', '10', '6', '0', '0', '1', '0', '0', '0', '0', '', '', '0', '1', '', '', '', '', '0', '0', '0', '0', '0', '0', '', '');
INSERT INTO `bp_admin` VALUES ('18525', '20160227', '8527dce9c5ada4ed8831a56863d7933d', '何雅渲', '2', '3', '10', '6', '0', '0', '1', '0', '0', '0', '1', '', '', '0', '1', '', '', '', '', '0', '0', '0', '0', '0', '0', '', '');
INSERT INTO `bp_admin` VALUES ('18526', 'jz20160228', '8527dce9c5ada4ed8831a56863d7933d', '周雅琴家长', '3', '4', '10', '6', '0', '0', '1', '0', '0', '0', '0', '', '', '0', '1', '', '', '', '', '0', '0', '0', '0', '0', '0', '', '');
INSERT INTO `bp_admin` VALUES ('18527', '20160228', '8527dce9c5ada4ed8831a56863d7933d', '周雅琴', '2', '3', '10', '6', '0', '0', '1', '0', '0', '0', '1', '', '', '0', '1', '', '', '', '', '0', '0', '0', '0', '0', '0', '', '');
INSERT INTO `bp_admin` VALUES ('18528', 'jz20160229', '8527dce9c5ada4ed8831a56863d7933d', '庞博家长', '3', '4', '10', '6', '0', '0', '1', '0', '0', '0', '0', '', '', '0', '1', '', '', '', '', '0', '0', '0', '0', '0', '0', '', '');
INSERT INTO `bp_admin` VALUES ('18529', '20160229', '8527dce9c5ada4ed8831a56863d7933d', '庞博', '1', '3', '10', '6', '0', '0', '1', '0', '0', '0', '1', '', '', '0', '1', '', '', '', '', '0', '0', '0', '0', '0', '0', '', '');
INSERT INTO `bp_admin` VALUES ('18530', 'jz20160230', '8527dce9c5ada4ed8831a56863d7933d', '丁梓玲家长', '3', '4', '10', '6', '0', '0', '1', '0', '0', '0', '0', '', '', '0', '1', '', '', '', '', '0', '0', '0', '0', '0', '0', '', '');
INSERT INTO `bp_admin` VALUES ('18531', '20160230', '8527dce9c5ada4ed8831a56863d7933d', '丁梓玲', '2', '3', '10', '6', '0', '0', '1', '0', '0', '0', '1', '', '', '0', '1', '', '', '', '', '0', '0', '0', '0', '0', '0', '', '');
INSERT INTO `bp_admin` VALUES ('18532', 'jz20160231', '8527dce9c5ada4ed8831a56863d7933d', '陈子昂家长', '3', '4', '10', '6', '0', '0', '1', '0', '0', '0', '0', '', '', '0', '1', '', '', '', '', '0', '0', '0', '0', '0', '0', '', '');
INSERT INTO `bp_admin` VALUES ('18533', '20160231', '8527dce9c5ada4ed8831a56863d7933d', '陈子昂', '1', '3', '10', '6', '0', '0', '1', '0', '0', '0', '1', '', '', '0', '1', '', '', '', '', '0', '0', '0', '0', '0', '0', '', '');
INSERT INTO `bp_admin` VALUES ('18534', 'jz20160232', '8527dce9c5ada4ed8831a56863d7933d', '叶博文家长', '3', '4', '10', '6', '0', '0', '1', '0', '0', '0', '0', '', '', '0', '1', '', '', '', '', '0', '0', '0', '0', '0', '0', '', '');
INSERT INTO `bp_admin` VALUES ('18535', '20160232', '8527dce9c5ada4ed8831a56863d7933d', '叶博文', '1', '3', '10', '6', '0', '0', '1', '0', '0', '0', '1', '', '', '0', '1', '', '', '', '', '0', '0', '0', '0', '0', '0', '', '');
INSERT INTO `bp_admin` VALUES ('18536', 'jz20160233', '8527dce9c5ada4ed8831a56863d7933d', '赵子博家长', '3', '4', '10', '6', '0', '0', '1', '0', '0', '0', '0', '', '', '0', '1', '', '', '', '', '0', '0', '0', '0', '0', '0', '', '');
INSERT INTO `bp_admin` VALUES ('18537', '20160233', '8527dce9c5ada4ed8831a56863d7933d', '赵子博', '1', '3', '10', '6', '0', '0', '1', '0', '0', '0', '1', '', '', '0', '1', '', '', '', '', '0', '0', '0', '0', '0', '0', '', '');
INSERT INTO `bp_admin` VALUES ('18538', 'jz20160234', '8527dce9c5ada4ed8831a56863d7933d', '杨悦家长', '3', '4', '10', '6', '0', '0', '1', '0', '0', '0', '0', '', '', '0', '1', '', '', '', '', '0', '0', '0', '0', '0', '0', '', '');
INSERT INTO `bp_admin` VALUES ('18539', '20160234', '8527dce9c5ada4ed8831a56863d7933d', '杨悦', '2', '3', '10', '6', '0', '0', '1', '0', '0', '0', '1', '', '', '0', '1', '', '', '', '', '0', '0', '0', '0', '0', '0', '', '');
INSERT INTO `bp_admin` VALUES ('18540', 'jz20160235', '8527dce9c5ada4ed8831a56863d7933d', '宁漫妮家长', '3', '4', '10', '6', '0', '0', '1', '0', '0', '0', '0', '', '', '0', '1', '', '', '', '', '0', '0', '0', '0', '0', '0', '', '');
INSERT INTO `bp_admin` VALUES ('18541', '20160235', '8527dce9c5ada4ed8831a56863d7933d', '宁漫妮', '2', '3', '10', '6', '0', '0', '1', '0', '0', '0', '1', '', '', '0', '1', '', '', '', '', '0', '0', '0', '0', '0', '0', '', '');
INSERT INTO `bp_admin` VALUES ('18542', 'jz20160236', '8527dce9c5ada4ed8831a56863d7933d', '沈浩阳家长', '3', '4', '10', '6', '0', '0', '1', '0', '0', '0', '0', '', '', '0', '1', '', '', '', '', '0', '0', '0', '0', '0', '0', '', '');
INSERT INTO `bp_admin` VALUES ('18543', '20160236', '8527dce9c5ada4ed8831a56863d7933d', '沈浩阳', '1', '3', '10', '6', '0', '0', '1', '0', '0', '0', '1', '', '', '0', '1', '', '', '', '', '0', '0', '0', '0', '0', '0', '', '');
INSERT INTO `bp_admin` VALUES ('18544', 'jz20160237', '8527dce9c5ada4ed8831a56863d7933d', '沈子谦家长', '3', '4', '10', '6', '0', '0', '1', '0', '0', '0', '0', '', '', '0', '1', '', '', '', '', '0', '0', '0', '0', '0', '0', '', '');
INSERT INTO `bp_admin` VALUES ('18545', '20160237', '8527dce9c5ada4ed8831a56863d7933d', '沈子谦', '1', '3', '10', '6', '0', '0', '1', '0', '0', '0', '1', '', '', '0', '1', '', '', '', '', '0', '0', '0', '0', '0', '0', '', '');
INSERT INTO `bp_admin` VALUES ('18546', 'jz20160238', '8527dce9c5ada4ed8831a56863d7933d', '甘嘉沁家长', '3', '4', '10', '6', '0', '0', '1', '0', '0', '0', '0', '', '', '0', '1', '', '', '', '', '0', '0', '0', '0', '0', '0', '', '');
INSERT INTO `bp_admin` VALUES ('18547', '20160238', '8527dce9c5ada4ed8831a56863d7933d', '甘嘉沁', '1', '3', '10', '6', '0', '0', '1', '0', '0', '0', '1', '', '', '0', '1', '', '', '', '', '0', '0', '0', '0', '0', '0', '', '');
INSERT INTO `bp_admin` VALUES ('18548', 'jz20160239', '8527dce9c5ada4ed8831a56863d7933d', '蒋佳富家长', '3', '4', '10', '6', '0', '0', '1', '0', '0', '0', '0', '', '', '0', '1', '', '', '', '', '0', '0', '0', '0', '0', '0', '', '');
INSERT INTO `bp_admin` VALUES ('18549', '20160239', '8527dce9c5ada4ed8831a56863d7933d', '蒋佳富', '1', '3', '10', '6', '0', '0', '1', '0', '0', '0', '1', '', '', '0', '1', '', '', '', '', '0', '0', '0', '0', '0', '0', '', '');
INSERT INTO `bp_admin` VALUES ('18550', 'jz20160240', '8527dce9c5ada4ed8831a56863d7933d', '吴定邦家长', '3', '4', '10', '6', '0', '0', '1', '0', '0', '0', '0', '', '', '0', '1', '', '', '', '', '0', '0', '0', '0', '0', '0', '', '');
INSERT INTO `bp_admin` VALUES ('18551', '20160240', '8527dce9c5ada4ed8831a56863d7933d', '吴定邦', '1', '3', '10', '6', '0', '0', '1', '0', '0', '0', '1', '', '', '0', '1', '', '', '', '', '0', '0', '0', '0', '0', '0', '', '');
INSERT INTO `bp_admin` VALUES ('18552', 'jz20170101', '8527dce9c5ada4ed8831a56863d7933d', '刘金胜家长', '3', '4', '12', '3', '0', '0', '1', '0', '0', '0', '0', '', '', '0', '1', '', '', '', '', '0', '0', '0', '0', '0', '0', '', '');
INSERT INTO `bp_admin` VALUES ('18553', '20170101', '8527dce9c5ada4ed8831a56863d7933d', '刘金胜', '1', '3', '12', '3', '0', '0', '1', '0', '0', '0', '1', '', '', '0', '3', '', '', '', '', '0', '0', '0', '0', '0', '0', '', '');
INSERT INTO `bp_admin` VALUES ('18554', 'jz20170102', '8527dce9c5ada4ed8831a56863d7933d', '杨子豪家长', '3', '4', '12', '3', '0', '0', '1', '0', '0', '0', '0', '', '', '0', '1', '', '', '', '', '0', '0', '0', '0', '0', '0', '', '');
INSERT INTO `bp_admin` VALUES ('18555', '20170102', '8527dce9c5ada4ed8831a56863d7933d', '杨子豪', '1', '3', '12', '3', '0', '0', '1', '0', '0', '0', '1', '', '', '0', '3', '', '', '', '', '0', '0', '0', '0', '0', '0', '', '');
INSERT INTO `bp_admin` VALUES ('18556', 'jz20170103', '8527dce9c5ada4ed8831a56863d7933d', '沈权家长', '3', '4', '12', '3', '0', '0', '1', '0', '0', '0', '0', '', '', '0', '1', '', '', '', '', '0', '0', '0', '0', '0', '0', '', '');
INSERT INTO `bp_admin` VALUES ('18557', '20170103', '8527dce9c5ada4ed8831a56863d7933d', '沈权', '1', '3', '12', '3', '0', '0', '1', '0', '0', '0', '1', '', '', '0', '3', '', '', '', '', '0', '0', '0', '0', '0', '0', '', '');
INSERT INTO `bp_admin` VALUES ('18558', 'jz20170104', '8527dce9c5ada4ed8831a56863d7933d', '胡致远家长', '3', '4', '12', '3', '0', '0', '1', '0', '0', '0', '0', '', '', '0', '1', '', '', '', '', '0', '0', '0', '0', '0', '0', '', '');
INSERT INTO `bp_admin` VALUES ('18559', '20170104', '8527dce9c5ada4ed8831a56863d7933d', '胡致远', '1', '3', '12', '3', '0', '0', '1', '0', '0', '0', '1', '', '', '0', '3', '', '', '', '', '0', '0', '0', '0', '0', '0', '', '');
INSERT INTO `bp_admin` VALUES ('18560', 'jz20170105', '8527dce9c5ada4ed8831a56863d7933d', '赵剑家长', '3', '4', '12', '3', '0', '0', '1', '0', '0', '0', '0', '', '', '0', '1', '', '', '', '', '0', '0', '0', '0', '0', '0', '', '');
INSERT INTO `bp_admin` VALUES ('18561', '20170105', '8527dce9c5ada4ed8831a56863d7933d', '赵剑', '1', '3', '12', '3', '0', '0', '1', '0', '0', '0', '1', '', '', '0', '3', '', '', '', '', '0', '0', '0', '0', '0', '0', '', '');
INSERT INTO `bp_admin` VALUES ('18562', 'jz20170106', '8527dce9c5ada4ed8831a56863d7933d', '肖逸圣家长', '3', '4', '12', '3', '0', '0', '1', '0', '0', '0', '0', '', '', '0', '1', '', '', '', '', '0', '0', '0', '0', '0', '0', '', '');
INSERT INTO `bp_admin` VALUES ('18563', '20170106', '8527dce9c5ada4ed8831a56863d7933d', '肖逸圣', '1', '3', '12', '3', '0', '0', '1', '0', '0', '0', '1', '', '', '0', '3', '', '', '', '', '0', '0', '0', '0', '0', '0', '', '');
INSERT INTO `bp_admin` VALUES ('18564', 'jz20170107', '8527dce9c5ada4ed8831a56863d7933d', '宋晓爽家长', '3', '4', '12', '3', '0', '0', '1', '0', '0', '0', '0', '', '', '0', '1', '', '', '', '', '0', '0', '0', '0', '0', '0', '', '');
INSERT INTO `bp_admin` VALUES ('18565', '20170107', '8527dce9c5ada4ed8831a56863d7933d', '宋晓爽', '2', '3', '12', '3', '0', '0', '1', '0', '0', '0', '1', '', '', '0', '3', '', '', '', '', '0', '0', '0', '0', '0', '0', '', '');
INSERT INTO `bp_admin` VALUES ('18566', 'jz20170108', '8527dce9c5ada4ed8831a56863d7933d', '王子雅家长', '3', '4', '12', '3', '0', '0', '1', '0', '0', '0', '0', '', '', '0', '1', '', '', '', '', '0', '0', '0', '0', '0', '0', '', '');
INSERT INTO `bp_admin` VALUES ('18567', '20170108', '8527dce9c5ada4ed8831a56863d7933d', '王子雅', '2', '3', '12', '3', '0', '0', '1', '0', '0', '0', '1', '', '', '0', '3', '', '', '', '', '0', '0', '0', '0', '0', '0', '', '');
INSERT INTO `bp_admin` VALUES ('18568', 'jz20170109', '8527dce9c5ada4ed8831a56863d7933d', '王子谦家长', '3', '4', '12', '3', '0', '0', '1', '0', '0', '0', '0', '', '', '0', '1', '', '', '', '', '0', '0', '0', '0', '0', '0', '', '');
INSERT INTO `bp_admin` VALUES ('18569', '20170109', '8527dce9c5ada4ed8831a56863d7933d', '王子谦', '2', '3', '12', '3', '0', '0', '1', '0', '0', '0', '1', '', '', '0', '3', '', '', '', '', '0', '0', '0', '0', '0', '0', '', '');
INSERT INTO `bp_admin` VALUES ('18570', 'jz20170110', '8527dce9c5ada4ed8831a56863d7933d', '杨子韩家长', '3', '4', '12', '3', '0', '0', '1', '0', '0', '0', '0', '', '', '0', '1', '', '', '', '', '0', '0', '0', '0', '0', '0', '', '');
INSERT INTO `bp_admin` VALUES ('18571', '20170110', '8527dce9c5ada4ed8831a56863d7933d', '杨子韩', '1', '3', '12', '3', '0', '0', '1', '0', '0', '0', '1', '', '', '0', '3', '', '', '', '', '0', '0', '0', '0', '0', '0', '', '');
INSERT INTO `bp_admin` VALUES ('18572', 'jz20170111', '8527dce9c5ada4ed8831a56863d7933d', '李紫玥家长', '3', '4', '12', '3', '0', '0', '1', '0', '0', '0', '0', '', '', '0', '1', '', '', '', '', '0', '0', '0', '0', '0', '0', '', '');
INSERT INTO `bp_admin` VALUES ('18573', '20170111', '8527dce9c5ada4ed8831a56863d7933d', '李紫玥', '2', '3', '12', '3', '0', '0', '1', '0', '0', '0', '1', '', '', '0', '3', '', '', '', '', '0', '0', '0', '0', '0', '0', '', '');
INSERT INTO `bp_admin` VALUES ('18574', 'jz20170112', '8527dce9c5ada4ed8831a56863d7933d', '柳杭迪家长', '3', '4', '12', '3', '0', '0', '1', '0', '0', '0', '0', '', '', '0', '1', '', '', '', '', '0', '0', '0', '0', '0', '0', '', '');
INSERT INTO `bp_admin` VALUES ('18575', '20170112', '8527dce9c5ada4ed8831a56863d7933d', '柳杭迪', '1', '3', '12', '3', '0', '0', '1', '0', '0', '0', '1', '', '', '0', '3', '', '', '', '', '0', '0', '0', '0', '0', '0', '', '');
INSERT INTO `bp_admin` VALUES ('18576', 'jz20170113', '8527dce9c5ada4ed8831a56863d7933d', '邓天佑家长', '3', '4', '12', '3', '0', '0', '1', '0', '0', '0', '0', '', '', '0', '1', '', '', '', '', '0', '0', '0', '0', '0', '0', '', '');
INSERT INTO `bp_admin` VALUES ('18577', '20170113', '8527dce9c5ada4ed8831a56863d7933d', '邓天佑', '1', '3', '12', '3', '0', '0', '1', '0', '0', '0', '1', '', '', '0', '3', '', '', '', '', '0', '0', '0', '0', '0', '0', '', '');
INSERT INTO `bp_admin` VALUES ('18578', 'jz20170114', '8527dce9c5ada4ed8831a56863d7933d', '付子安家长', '3', '4', '12', '3', '0', '0', '1', '0', '0', '0', '0', '', '', '0', '1', '', '', '', '', '0', '0', '0', '0', '0', '0', '', '');
INSERT INTO `bp_admin` VALUES ('18579', '20170114', '8527dce9c5ada4ed8831a56863d7933d', '付子安', '1', '3', '12', '3', '0', '0', '1', '0', '0', '0', '1', '', '', '0', '3', '', '', '', '', '0', '0', '0', '0', '0', '0', '', '');
INSERT INTO `bp_admin` VALUES ('18580', 'jz20170115', '8527dce9c5ada4ed8831a56863d7933d', '柳骁峰家长', '3', '4', '12', '3', '0', '0', '1', '0', '0', '0', '0', '', '', '0', '1', '', '', '', '', '0', '0', '0', '0', '0', '0', '', '');
INSERT INTO `bp_admin` VALUES ('18581', '20170115', '8527dce9c5ada4ed8831a56863d7933d', '柳骁峰', '1', '3', '12', '3', '0', '0', '1', '0', '0', '0', '1', '', '', '0', '3', '', '', '', '', '0', '0', '0', '0', '0', '0', '', '');
INSERT INTO `bp_admin` VALUES ('18582', 'jz20170116', '8527dce9c5ada4ed8831a56863d7933d', '金思怡家长', '3', '4', '12', '3', '0', '0', '1', '0', '0', '0', '0', '', '', '0', '1', '', '', '', '', '0', '0', '0', '0', '0', '0', '', '');
INSERT INTO `bp_admin` VALUES ('18583', '20170116', '8527dce9c5ada4ed8831a56863d7933d', '金思怡', '2', '3', '12', '3', '0', '0', '1', '0', '0', '0', '1', '', '', '0', '3', '', '', '', '', '0', '0', '0', '0', '0', '0', '', '');
INSERT INTO `bp_admin` VALUES ('18584', 'jz20170117', '8527dce9c5ada4ed8831a56863d7933d', '魏强生家长', '3', '4', '12', '3', '0', '0', '1', '0', '0', '0', '0', '', '', '0', '1', '', '', '', '', '0', '0', '0', '0', '0', '0', '', '');
INSERT INTO `bp_admin` VALUES ('18585', '20170117', '8527dce9c5ada4ed8831a56863d7933d', '魏强生', '1', '3', '12', '3', '0', '0', '1', '0', '0', '0', '1', '', '', '0', '3', '', '', '', '', '0', '0', '0', '0', '0', '0', '', '');
INSERT INTO `bp_admin` VALUES ('18586', 'jz20170118', '8527dce9c5ada4ed8831a56863d7933d', '胡涵雨家长', '3', '4', '12', '3', '0', '0', '1', '0', '0', '0', '0', '', '', '0', '1', '', '', '', '', '0', '0', '0', '0', '0', '0', '', '');
INSERT INTO `bp_admin` VALUES ('18587', '20170118', '8527dce9c5ada4ed8831a56863d7933d', '胡涵雨', '2', '3', '12', '3', '0', '0', '1', '0', '0', '0', '1', '', '', '0', '3', '', '', '', '', '0', '0', '0', '0', '0', '0', '', '');
INSERT INTO `bp_admin` VALUES ('18588', 'jz20170119', '8527dce9c5ada4ed8831a56863d7933d', '陈煊康家长', '3', '4', '12', '3', '0', '0', '1', '0', '0', '0', '0', '', '', '0', '1', '', '', '', '', '0', '0', '0', '0', '0', '0', '', '');
INSERT INTO `bp_admin` VALUES ('18589', '20170119', '8527dce9c5ada4ed8831a56863d7933d', '陈煊康', '1', '3', '12', '3', '0', '0', '1', '0', '0', '0', '1', '', '', '0', '3', '', '', '', '', '0', '0', '0', '0', '0', '0', '', '');
INSERT INTO `bp_admin` VALUES ('18590', 'jz20170120', '8527dce9c5ada4ed8831a56863d7933d', '吴浩然家长', '3', '4', '12', '3', '0', '0', '1', '0', '0', '0', '0', '', '', '0', '1', '', '', '', '', '0', '0', '0', '0', '0', '0', '', '');
INSERT INTO `bp_admin` VALUES ('18591', '20170120', '8527dce9c5ada4ed8831a56863d7933d', '吴浩然', '1', '3', '12', '3', '0', '0', '1', '0', '0', '0', '1', '', '', '0', '3', '', '', '', '', '0', '0', '0', '0', '0', '0', '', '');
INSERT INTO `bp_admin` VALUES ('18592', 'jz20170121', '8527dce9c5ada4ed8831a56863d7933d', '张梓妍家长', '3', '4', '12', '3', '0', '0', '1', '0', '0', '0', '0', '', '', '0', '1', '', '', '', '', '0', '0', '0', '0', '0', '0', '', '');
INSERT INTO `bp_admin` VALUES ('18593', '20170121', '8527dce9c5ada4ed8831a56863d7933d', '张梓妍', '2', '3', '12', '3', '0', '0', '1', '0', '0', '0', '1', '', '', '0', '3', '', '', '', '', '0', '0', '0', '0', '0', '0', '', '');
INSERT INTO `bp_admin` VALUES ('18594', 'jz20170122', '8527dce9c5ada4ed8831a56863d7933d', '胡梓媗家长', '3', '4', '12', '3', '0', '0', '1', '0', '0', '0', '0', '', '', '0', '1', '', '', '', '', '0', '0', '0', '0', '0', '0', '', '');
INSERT INTO `bp_admin` VALUES ('18595', '20170122', '8527dce9c5ada4ed8831a56863d7933d', '胡梓媗', '2', '3', '12', '3', '0', '0', '1', '0', '0', '0', '1', '', '', '0', '3', '', '', '', '', '0', '0', '0', '0', '0', '0', '', '');
INSERT INTO `bp_admin` VALUES ('18596', 'jz20170123', '8527dce9c5ada4ed8831a56863d7933d', '任芸家长', '3', '4', '12', '3', '0', '0', '1', '0', '0', '0', '0', '', '', '0', '1', '', '', '', '', '0', '0', '0', '0', '0', '0', '', '');
INSERT INTO `bp_admin` VALUES ('18597', '20170123', '8527dce9c5ada4ed8831a56863d7933d', '任芸', '2', '3', '12', '3', '0', '0', '1', '0', '0', '0', '1', '', '', '0', '3', '', '', '', '', '0', '0', '0', '0', '0', '0', '', '');
INSERT INTO `bp_admin` VALUES ('18598', 'jz20170124', '8527dce9c5ada4ed8831a56863d7933d', '杨帅家长', '3', '4', '12', '3', '0', '0', '1', '0', '0', '0', '0', '', '', '0', '1', '', '', '', '', '0', '0', '0', '0', '0', '0', '', '');
INSERT INTO `bp_admin` VALUES ('18599', '20170124', '8527dce9c5ada4ed8831a56863d7933d', '杨帅', '1', '3', '12', '3', '0', '0', '1', '0', '0', '0', '1', '', '', '0', '3', '', '', '', '', '0', '0', '0', '0', '0', '0', '', '');
INSERT INTO `bp_admin` VALUES ('18600', 'jz20170125', '8527dce9c5ada4ed8831a56863d7933d', '雷子聪家长', '3', '4', '12', '3', '0', '0', '1', '0', '0', '0', '0', '', '', '0', '1', '', '', '', '', '0', '0', '0', '0', '0', '0', '', '');
INSERT INTO `bp_admin` VALUES ('18601', '20170125', '8527dce9c5ada4ed8831a56863d7933d', '雷子聪', '1', '3', '12', '3', '0', '0', '1', '0', '0', '0', '1', '', '', '0', '3', '', '', '', '', '0', '0', '0', '0', '0', '0', '', '');
INSERT INTO `bp_admin` VALUES ('18602', 'jz20170126', '8527dce9c5ada4ed8831a56863d7933d', '黄浩然家长', '3', '4', '12', '3', '0', '0', '1', '0', '0', '0', '0', '', '', '0', '1', '', '', '', '', '0', '0', '0', '0', '0', '0', '', '');
INSERT INTO `bp_admin` VALUES ('18603', '20170126', '8527dce9c5ada4ed8831a56863d7933d', '黄浩然', '1', '3', '12', '3', '0', '0', '1', '0', '0', '0', '1', '', '', '0', '3', '', '', '', '', '0', '0', '0', '0', '0', '0', '', '');
INSERT INTO `bp_admin` VALUES ('18604', 'jz20170127', '8527dce9c5ada4ed8831a56863d7933d', '汪煌辉家长', '3', '4', '12', '3', '0', '0', '1', '0', '0', '0', '0', '', '', '0', '1', '', '', '', '', '0', '0', '0', '0', '0', '0', '', '');
INSERT INTO `bp_admin` VALUES ('18605', '20170127', '8527dce9c5ada4ed8831a56863d7933d', '汪煌辉', '1', '3', '12', '3', '0', '0', '1', '0', '0', '0', '1', '', '', '0', '3', '', '', '', '', '0', '0', '0', '0', '0', '0', '', '');
INSERT INTO `bp_admin` VALUES ('18606', 'jz20170128', '8527dce9c5ada4ed8831a56863d7933d', '徐菲韩家长', '3', '4', '12', '3', '0', '0', '1', '0', '0', '0', '0', '', '', '0', '1', '', '', '', '', '0', '0', '0', '0', '0', '0', '', '');
INSERT INTO `bp_admin` VALUES ('18607', '20170128', '8527dce9c5ada4ed8831a56863d7933d', '徐菲韩', '2', '3', '12', '3', '0', '0', '1', '0', '0', '0', '1', '', '', '0', '3', '', '', '', '', '0', '0', '0', '0', '0', '0', '', '');
INSERT INTO `bp_admin` VALUES ('18608', 'jz20170129', '8527dce9c5ada4ed8831a56863d7933d', '王义辰家长', '3', '4', '12', '3', '0', '0', '1', '0', '0', '0', '0', '', '', '0', '1', '', '', '', '', '0', '0', '0', '0', '0', '0', '', '');
INSERT INTO `bp_admin` VALUES ('18609', '20170129', '8527dce9c5ada4ed8831a56863d7933d', '王义辰', '1', '3', '12', '3', '0', '0', '1', '0', '0', '0', '1', '', '', '0', '3', '', '', '', '', '0', '0', '0', '0', '0', '0', '', '');
INSERT INTO `bp_admin` VALUES ('18610', 'jz20170130', '8527dce9c5ada4ed8831a56863d7933d', '罗子仁家长', '3', '4', '12', '3', '0', '0', '1', '0', '0', '0', '0', '', '', '0', '1', '', '', '', '', '0', '0', '0', '0', '0', '0', '', '');
INSERT INTO `bp_admin` VALUES ('18611', '20170130', '8527dce9c5ada4ed8831a56863d7933d', '罗子仁', '1', '3', '12', '3', '0', '0', '1', '0', '0', '0', '1', '', '', '0', '3', '', '', '', '', '0', '0', '0', '0', '0', '0', '', '');
INSERT INTO `bp_admin` VALUES ('18612', 'jz20170131', '8527dce9c5ada4ed8831a56863d7933d', '雷子豪家长', '3', '4', '12', '3', '0', '0', '1', '0', '0', '0', '0', '', '', '0', '1', '', '', '', '', '0', '0', '0', '0', '0', '0', '', '');
INSERT INTO `bp_admin` VALUES ('18613', '20170131', '8527dce9c5ada4ed8831a56863d7933d', '雷子豪', '1', '3', '12', '3', '0', '0', '1', '0', '0', '0', '1', '', '', '0', '3', '', '', '', '', '0', '0', '0', '0', '0', '0', '', '');
INSERT INTO `bp_admin` VALUES ('18614', 'jz20170201', '8527dce9c5ada4ed8831a56863d7933d', '张元姝家长', '3', '4', '12', '4', '0', '0', '1', '0', '0', '0', '0', '', '', '0', '1', '', '', '', '', '0', '0', '0', '0', '0', '0', '', '');
INSERT INTO `bp_admin` VALUES ('18615', '20170201', '8527dce9c5ada4ed8831a56863d7933d', '张元姝', '2', '3', '12', '4', '0', '0', '1', '0', '0', '0', '1', '', '', '0', '3', '', '', '', '', '0', '0', '0', '0', '0', '0', '', '');
INSERT INTO `bp_admin` VALUES ('18616', 'jz20170202', '8527dce9c5ada4ed8831a56863d7933d', '黄子晨家长', '3', '4', '12', '4', '0', '0', '1', '0', '0', '0', '0', '', '', '0', '1', '', '', '', '', '0', '0', '0', '0', '0', '0', '', '');
INSERT INTO `bp_admin` VALUES ('18617', '20170202', '8527dce9c5ada4ed8831a56863d7933d', '黄子晨', '1', '3', '12', '4', '0', '0', '1', '0', '0', '0', '1', '', '', '0', '3', '', '', '', '', '0', '0', '0', '0', '0', '0', '', '');
INSERT INTO `bp_admin` VALUES ('18618', 'jz20170203', '8527dce9c5ada4ed8831a56863d7933d', '汪梓豪家长', '3', '4', '12', '4', '0', '0', '1', '0', '0', '0', '0', '', '', '0', '1', '', '', '', '', '0', '0', '0', '0', '0', '0', '', '');
INSERT INTO `bp_admin` VALUES ('18619', '20170203', '8527dce9c5ada4ed8831a56863d7933d', '汪梓豪', '1', '3', '12', '4', '0', '0', '1', '0', '0', '0', '1', '', '', '0', '3', '', '', '', '', '0', '0', '0', '0', '0', '0', '', '');
INSERT INTO `bp_admin` VALUES ('18620', 'jz20170204', '8527dce9c5ada4ed8831a56863d7933d', '程朵家长', '3', '4', '12', '4', '0', '0', '1', '0', '0', '0', '0', '', '', '0', '1', '', '', '', '', '0', '0', '0', '0', '0', '0', '', '');
INSERT INTO `bp_admin` VALUES ('18621', '20170204', '8527dce9c5ada4ed8831a56863d7933d', '程朵', '2', '3', '12', '4', '0', '0', '1', '0', '0', '0', '1', '', '', '0', '3', '', '', '', '', '0', '0', '0', '0', '0', '0', '', '');
INSERT INTO `bp_admin` VALUES ('18622', 'jz20170205', '8527dce9c5ada4ed8831a56863d7933d', '刘辉成家长', '3', '4', '12', '4', '0', '0', '1', '0', '0', '0', '0', '', '', '0', '1', '', '', '', '', '0', '0', '0', '0', '0', '0', '', '');
INSERT INTO `bp_admin` VALUES ('18623', '20170205', '8527dce9c5ada4ed8831a56863d7933d', '刘辉成', '1', '3', '12', '4', '0', '0', '1', '0', '0', '0', '1', '', '', '0', '3', '', '', '', '', '0', '0', '0', '0', '0', '0', '', '');
INSERT INTO `bp_admin` VALUES ('18624', 'jz20170206', '8527dce9c5ada4ed8831a56863d7933d', '郑紫裔家长', '3', '4', '12', '4', '0', '0', '1', '0', '0', '0', '0', '', '', '0', '1', '', '', '', '', '0', '0', '0', '0', '0', '0', '', '');
INSERT INTO `bp_admin` VALUES ('18625', '20170206', '8527dce9c5ada4ed8831a56863d7933d', '郑紫裔', '2', '3', '12', '4', '0', '0', '1', '0', '0', '0', '1', '', '', '0', '3', '', '', '', '', '0', '0', '0', '0', '0', '0', '', '');
INSERT INTO `bp_admin` VALUES ('18626', 'jz20170207', '8527dce9c5ada4ed8831a56863d7933d', '甘宇涛家长', '3', '4', '12', '4', '0', '0', '1', '0', '0', '0', '0', '', '', '0', '1', '', '', '', '', '0', '0', '0', '0', '0', '0', '', '');
INSERT INTO `bp_admin` VALUES ('18627', '20170207', '8527dce9c5ada4ed8831a56863d7933d', '甘宇涛', '1', '3', '12', '4', '0', '0', '1', '0', '0', '0', '1', '', '', '0', '3', '', '', '', '', '0', '0', '0', '0', '0', '0', '', '');
INSERT INTO `bp_admin` VALUES ('18628', 'jz20170208', '8527dce9c5ada4ed8831a56863d7933d', '胡浩宇家长', '3', '4', '12', '4', '0', '0', '1', '0', '0', '0', '0', '', '', '0', '1', '', '', '', '', '0', '0', '0', '0', '0', '0', '', '');
INSERT INTO `bp_admin` VALUES ('18629', '20170208', '8527dce9c5ada4ed8831a56863d7933d', '胡浩宇', '1', '3', '12', '4', '0', '0', '1', '0', '0', '0', '1', '', '', '0', '3', '', '', '', '', '0', '0', '0', '0', '0', '0', '', '');
INSERT INTO `bp_admin` VALUES ('18630', 'jz20170209', '8527dce9c5ada4ed8831a56863d7933d', '张灵家长', '3', '4', '12', '4', '0', '0', '1', '0', '0', '0', '0', '', '', '0', '1', '', '', '', '', '0', '0', '0', '0', '0', '0', '', '');
INSERT INTO `bp_admin` VALUES ('18631', '20170209', '8527dce9c5ada4ed8831a56863d7933d', '张灵', '2', '3', '12', '4', '0', '0', '1', '0', '0', '0', '1', '', '', '0', '3', '', '', '', '', '0', '0', '0', '0', '0', '0', '', '');
INSERT INTO `bp_admin` VALUES ('18632', 'jz20170210', '8527dce9c5ada4ed8831a56863d7933d', '黄宏亮家长', '3', '4', '12', '4', '0', '0', '1', '0', '0', '0', '0', '', '', '0', '1', '', '', '', '', '0', '0', '0', '0', '0', '0', '', '');
INSERT INTO `bp_admin` VALUES ('18633', '20170210', '8527dce9c5ada4ed8831a56863d7933d', '黄宏亮', '1', '3', '12', '4', '0', '0', '1', '0', '0', '0', '1', '', '', '0', '3', '', '', '', '', '0', '0', '0', '0', '0', '0', '', '');
INSERT INTO `bp_admin` VALUES ('18634', 'jz20170211', '8527dce9c5ada4ed8831a56863d7933d', '邓新家长', '3', '4', '12', '4', '0', '0', '1', '0', '0', '0', '0', '', '', '0', '1', '', '', '', '', '0', '0', '0', '0', '0', '0', '', '');
INSERT INTO `bp_admin` VALUES ('18635', '20170211', '8527dce9c5ada4ed8831a56863d7933d', '邓新', '2', '3', '12', '4', '0', '0', '1', '0', '0', '0', '1', '', '', '0', '3', '', '', '', '', '0', '0', '0', '0', '0', '0', '', '');
INSERT INTO `bp_admin` VALUES ('18636', 'jz20170212', '8527dce9c5ada4ed8831a56863d7933d', '徐彭涛家长', '3', '4', '12', '4', '0', '0', '1', '0', '0', '0', '0', '', '', '0', '1', '', '', '', '', '0', '0', '0', '0', '0', '0', '', '');
INSERT INTO `bp_admin` VALUES ('18637', '20170212', '8527dce9c5ada4ed8831a56863d7933d', '徐彭涛', '1', '3', '12', '4', '0', '0', '1', '0', '0', '0', '1', '', '', '0', '3', '', '', '', '', '0', '0', '0', '0', '0', '0', '', '');
INSERT INTO `bp_admin` VALUES ('18638', 'jz20170213', '8527dce9c5ada4ed8831a56863d7933d', '杨洋家长', '3', '4', '12', '4', '0', '0', '1', '0', '0', '0', '0', '', '', '0', '1', '', '', '', '', '0', '0', '0', '0', '0', '0', '', '');
INSERT INTO `bp_admin` VALUES ('18639', '20170213', '8527dce9c5ada4ed8831a56863d7933d', '杨洋', '2', '3', '12', '4', '0', '0', '1', '0', '0', '0', '1', '', '', '0', '3', '', '', '', '', '0', '0', '0', '0', '0', '0', '', '');
INSERT INTO `bp_admin` VALUES ('18640', 'jz20170214', '8527dce9c5ada4ed8831a56863d7933d', '熊思琪家长', '3', '4', '12', '4', '0', '0', '1', '0', '0', '0', '0', '', '', '0', '1', '', '', '', '', '0', '0', '0', '0', '0', '0', '', '');
INSERT INTO `bp_admin` VALUES ('18641', '20170214', '8527dce9c5ada4ed8831a56863d7933d', '熊思琪', '2', '3', '12', '4', '0', '0', '1', '0', '0', '0', '1', '', '', '0', '3', '', '', '', '', '0', '0', '0', '0', '0', '0', '', '');
INSERT INTO `bp_admin` VALUES ('18642', 'jz20170215', '8527dce9c5ada4ed8831a56863d7933d', '魏敏浩家长', '3', '4', '12', '4', '0', '0', '1', '0', '0', '0', '0', '', '', '0', '1', '', '', '', '', '0', '0', '0', '0', '0', '0', '', '');
INSERT INTO `bp_admin` VALUES ('18643', '20170215', '8527dce9c5ada4ed8831a56863d7933d', '魏敏浩', '1', '3', '12', '4', '0', '0', '1', '0', '0', '0', '1', '', '', '0', '3', '', '', '', '', '0', '0', '0', '0', '0', '0', '', '');
INSERT INTO `bp_admin` VALUES ('18644', 'jz20170216', '8527dce9c5ada4ed8831a56863d7933d', '陈欣怡家长', '3', '4', '12', '4', '0', '0', '1', '0', '0', '0', '0', '', '', '0', '1', '', '', '', '', '0', '0', '0', '0', '0', '0', '', '');
INSERT INTO `bp_admin` VALUES ('18645', '20170216', '8527dce9c5ada4ed8831a56863d7933d', '陈欣怡', '2', '3', '12', '4', '0', '0', '1', '0', '0', '0', '1', '', '', '0', '3', '', '', '', '', '0', '0', '0', '0', '0', '0', '', '');
INSERT INTO `bp_admin` VALUES ('18646', 'jz20170217', '8527dce9c5ada4ed8831a56863d7933d', '李呵庆家长', '3', '4', '12', '4', '0', '0', '1', '0', '0', '0', '0', '', '', '0', '1', '', '', '', '', '0', '0', '0', '0', '0', '0', '', '');
INSERT INTO `bp_admin` VALUES ('18647', '20170217', '8527dce9c5ada4ed8831a56863d7933d', '李呵庆', '1', '3', '12', '4', '0', '0', '1', '0', '0', '0', '1', '', '', '0', '3', '', '', '', '', '0', '0', '0', '0', '0', '0', '', '');
INSERT INTO `bp_admin` VALUES ('18648', 'jz20170218', '8527dce9c5ada4ed8831a56863d7933d', '周鑫雨家长', '3', '4', '12', '4', '0', '0', '1', '0', '0', '0', '0', '', '', '0', '1', '', '', '', '', '0', '0', '0', '0', '0', '0', '', '');
INSERT INTO `bp_admin` VALUES ('18649', '20170218', '8527dce9c5ada4ed8831a56863d7933d', '周鑫雨', '1', '3', '12', '4', '0', '0', '1', '0', '0', '0', '1', '', '', '0', '3', '', '', '', '', '0', '0', '0', '0', '0', '0', '', '');
INSERT INTO `bp_admin` VALUES ('18650', 'jz20170219', '8527dce9c5ada4ed8831a56863d7933d', '张奥旭家长', '3', '4', '12', '4', '0', '0', '1', '0', '0', '0', '0', '', '', '0', '1', '', '', '', '', '0', '0', '0', '0', '0', '0', '', '');
INSERT INTO `bp_admin` VALUES ('18651', '20170219', '8527dce9c5ada4ed8831a56863d7933d', '张奥旭', '1', '3', '12', '4', '0', '0', '1', '0', '0', '0', '1', '', '', '0', '3', '', '', '', '', '0', '0', '0', '0', '0', '0', '', '');
INSERT INTO `bp_admin` VALUES ('18652', 'jz20170220', '8527dce9c5ada4ed8831a56863d7933d', '杨煌佳家长', '3', '4', '12', '4', '0', '0', '1', '0', '0', '0', '0', '', '', '0', '1', '', '', '', '', '0', '0', '0', '0', '0', '0', '', '');
INSERT INTO `bp_admin` VALUES ('18653', '20170220', '8527dce9c5ada4ed8831a56863d7933d', '杨煌佳', '2', '3', '12', '4', '0', '0', '1', '0', '0', '0', '1', '', '', '0', '3', '', '', '', '', '0', '0', '0', '0', '0', '0', '', '');
INSERT INTO `bp_admin` VALUES ('18654', 'jz20170221', '8527dce9c5ada4ed8831a56863d7933d', '陈慧怡家长', '3', '4', '12', '4', '0', '0', '1', '0', '0', '0', '0', '', '', '0', '1', '', '', '', '', '0', '0', '0', '0', '0', '0', '', '');
INSERT INTO `bp_admin` VALUES ('18655', '20170221', '8527dce9c5ada4ed8831a56863d7933d', '陈慧怡', '2', '3', '12', '4', '0', '0', '1', '0', '0', '0', '1', '', '', '0', '3', '', '', '', '', '0', '0', '0', '0', '0', '0', '', '');
INSERT INTO `bp_admin` VALUES ('18656', 'jz20170222', '8527dce9c5ada4ed8831a56863d7933d', '张恩俊家长', '3', '4', '12', '4', '0', '0', '1', '0', '0', '0', '0', '', '', '0', '1', '', '', '', '', '0', '0', '0', '0', '0', '0', '', '');
INSERT INTO `bp_admin` VALUES ('18657', '20170222', '8527dce9c5ada4ed8831a56863d7933d', '张恩俊', '1', '3', '12', '4', '0', '0', '1', '0', '0', '0', '1', '', '', '0', '3', '', '', '', '', '0', '0', '0', '0', '0', '0', '', '');
INSERT INTO `bp_admin` VALUES ('18658', 'jz20170223', '8527dce9c5ada4ed8831a56863d7933d', '谭流洋家长', '3', '4', '12', '4', '0', '0', '1', '0', '0', '0', '0', '', '', '0', '1', '', '', '', '', '0', '0', '0', '0', '0', '0', '', '');
INSERT INTO `bp_admin` VALUES ('18659', '20170223', '8527dce9c5ada4ed8831a56863d7933d', '谭流洋', '1', '3', '12', '4', '0', '0', '1', '0', '0', '0', '1', '', '', '0', '3', '', '', '', '', '0', '0', '0', '0', '0', '0', '', '');
INSERT INTO `bp_admin` VALUES ('18660', 'jz20170224', '8527dce9c5ada4ed8831a56863d7933d', '陈博家长', '3', '4', '12', '4', '0', '0', '1', '0', '0', '0', '0', '', '', '0', '1', '', '', '', '', '0', '0', '0', '0', '0', '0', '', '');
INSERT INTO `bp_admin` VALUES ('18661', '20170224', '8527dce9c5ada4ed8831a56863d7933d', '陈博', '1', '3', '12', '4', '0', '0', '1', '0', '0', '0', '1', '', '', '0', '3', '', '', '', '', '0', '0', '0', '0', '0', '0', '', '');
INSERT INTO `bp_admin` VALUES ('18662', 'jz20170225', '8527dce9c5ada4ed8831a56863d7933d', '余宏涛家长', '3', '4', '12', '4', '0', '0', '1', '0', '0', '0', '0', '', '', '0', '1', '', '', '', '', '0', '0', '0', '0', '0', '0', '', '');
INSERT INTO `bp_admin` VALUES ('18663', '20170225', '8527dce9c5ada4ed8831a56863d7933d', '余宏涛', '1', '3', '12', '4', '0', '0', '1', '0', '0', '0', '1', '', '', '0', '3', '', '', '', '', '0', '0', '0', '0', '0', '0', '', '');
INSERT INTO `bp_admin` VALUES ('18664', 'jz20170226', '8527dce9c5ada4ed8831a56863d7933d', '陈达康家长', '3', '4', '12', '4', '0', '0', '1', '0', '0', '0', '0', '', '', '0', '1', '', '', '', '', '0', '0', '0', '0', '0', '0', '', '');
INSERT INTO `bp_admin` VALUES ('18665', '20170226', '8527dce9c5ada4ed8831a56863d7933d', '陈达康', '1', '3', '12', '4', '0', '0', '1', '0', '0', '0', '1', '', '', '0', '3', '', '', '', '', '0', '0', '0', '0', '0', '0', '', '');
INSERT INTO `bp_admin` VALUES ('18666', 'jz20170227', '8527dce9c5ada4ed8831a56863d7933d', '刘乐家长', '3', '4', '12', '4', '0', '0', '1', '0', '0', '0', '0', '', '', '0', '1', '', '', '', '', '0', '0', '0', '0', '0', '0', '', '');
INSERT INTO `bp_admin` VALUES ('18667', '20170227', '8527dce9c5ada4ed8831a56863d7933d', '刘乐', '1', '3', '12', '4', '0', '0', '1', '0', '0', '0', '1', '', '', '0', '3', '', '', '', '', '0', '0', '0', '0', '0', '0', '', '');
INSERT INTO `bp_admin` VALUES ('18668', 'jz20170228', '8527dce9c5ada4ed8831a56863d7933d', '黄磊家长', '3', '4', '12', '4', '0', '0', '1', '0', '0', '0', '0', '', '', '0', '1', '', '', '', '', '0', '0', '0', '0', '0', '0', '', '');
INSERT INTO `bp_admin` VALUES ('18669', '20170228', '8527dce9c5ada4ed8831a56863d7933d', '黄磊', '1', '3', '12', '4', '0', '0', '1', '0', '0', '0', '1', '', '', '0', '3', '', '', '', '', '0', '0', '0', '0', '0', '0', '', '');
INSERT INTO `bp_admin` VALUES ('18670', 'jz20170229', '8527dce9c5ada4ed8831a56863d7933d', '饶日朗家长', '3', '4', '12', '4', '0', '0', '1', '0', '0', '0', '0', '', '', '0', '1', '', '', '', '', '0', '0', '0', '0', '0', '0', '', '');
INSERT INTO `bp_admin` VALUES ('18671', '20170229', '8527dce9c5ada4ed8831a56863d7933d', '饶日朗', '1', '3', '12', '4', '0', '0', '1', '0', '0', '0', '1', '', '', '0', '3', '', '', '', '', '0', '0', '0', '0', '0', '0', '', '');
INSERT INTO `bp_admin` VALUES ('18672', 'jz20170230', '8527dce9c5ada4ed8831a56863d7933d', '杨阳家长', '3', '4', '12', '4', '0', '0', '1', '0', '0', '0', '0', '', '', '0', '1', '', '', '', '', '0', '0', '0', '0', '0', '0', '', '');
INSERT INTO `bp_admin` VALUES ('18673', '20170230', '8527dce9c5ada4ed8831a56863d7933d', '杨阳', '2', '3', '12', '4', '0', '0', '1', '0', '0', '0', '1', '', '', '0', '3', '', '', '', '', '0', '0', '0', '0', '0', '0', '', '');
INSERT INTO `bp_admin` VALUES ('18674', 'jz20170231', '8527dce9c5ada4ed8831a56863d7933d', '陈诗怡家长', '3', '4', '12', '4', '0', '0', '1', '0', '0', '0', '0', '', '', '0', '1', '', '', '', '', '0', '0', '0', '0', '0', '0', '', '');
INSERT INTO `bp_admin` VALUES ('18675', '20170231', '8527dce9c5ada4ed8831a56863d7933d', '陈诗怡', '2', '3', '12', '4', '0', '0', '1', '0', '0', '0', '1', '', '', '0', '3', '', '', '', '', '0', '0', '0', '0', '0', '0', '', '');
INSERT INTO `bp_admin` VALUES ('18676', 'jz20170232', '8527dce9c5ada4ed8831a56863d7933d', '王碧家长', '3', '4', '12', '4', '0', '0', '1', '0', '0', '0', '0', '', '', '0', '1', '', '', '', '', '0', '0', '0', '0', '0', '0', '', '');
INSERT INTO `bp_admin` VALUES ('18677', '20170232', '8527dce9c5ada4ed8831a56863d7933d', '王碧', '2', '3', '12', '4', '0', '0', '1', '0', '0', '0', '1', '', '', '0', '3', '', '', '', '', '0', '0', '0', '0', '0', '0', '', '');
INSERT INTO `bp_admin` VALUES ('18678', 'jz20170233', '8527dce9c5ada4ed8831a56863d7933d', '张峻家长', '3', '4', '12', '4', '0', '0', '1', '0', '0', '0', '0', '', '', '0', '1', '', '', '', '', '0', '0', '0', '0', '0', '0', '', '');
INSERT INTO `bp_admin` VALUES ('18679', '20170233', '8527dce9c5ada4ed8831a56863d7933d', '张峻', '1', '3', '12', '4', '0', '0', '1', '0', '0', '0', '1', '', '', '0', '3', '', '', '', '', '0', '0', '0', '0', '0', '0', '', '');
INSERT INTO `bp_admin` VALUES ('18680', 'jz20170234', '8527dce9c5ada4ed8831a56863d7933d', '徐世明家长', '3', '4', '12', '4', '0', '0', '1', '0', '0', '0', '0', '', '', '0', '1', '', '', '', '', '0', '0', '0', '0', '0', '0', '', '');
INSERT INTO `bp_admin` VALUES ('18681', '20170234', '8527dce9c5ada4ed8831a56863d7933d', '徐世明', '1', '3', '12', '4', '0', '0', '1', '0', '0', '0', '1', '', '', '0', '3', '', '', '', '', '0', '0', '0', '0', '0', '0', '', '');
INSERT INTO `bp_admin` VALUES ('18682', 'jz20180101', '8527dce9c5ada4ed8831a56863d7933d', '严亿豪家长', '3', '4', '11', '1', '0', '0', '1', '0', '0', '0', '0', '', '', '0', '1', '', '', '', '', '0', '0', '0', '0', '0', '0', '', '');
INSERT INTO `bp_admin` VALUES ('18683', '20180101', '8527dce9c5ada4ed8831a56863d7933d', '严亿豪', '1', '3', '11', '1', '0', '0', '1', '0', '0', '0', '1', '', '', '0', '1', '', '', '', '', '0', '0', '0', '0', '0', '0', '', '');
INSERT INTO `bp_admin` VALUES ('18684', 'jz20180102', '8527dce9c5ada4ed8831a56863d7933d', '邓天赐家长', '3', '4', '11', '1', '0', '0', '1', '0', '0', '0', '0', '', '', '0', '1', '', '', '', '', '0', '0', '0', '0', '0', '0', '', '');
INSERT INTO `bp_admin` VALUES ('18685', '20180102', '8527dce9c5ada4ed8831a56863d7933d', '邓天赐', '1', '3', '11', '1', '0', '0', '1', '0', '0', '0', '1', '', '', '0', '1', '', '', '', '', '0', '0', '0', '0', '0', '0', '', '');
INSERT INTO `bp_admin` VALUES ('18686', 'jz20180103', '8527dce9c5ada4ed8831a56863d7933d', '沈念康家长', '3', '4', '11', '1', '0', '0', '1', '0', '0', '0', '0', '', '', '0', '1', '', '', '', '', '0', '0', '0', '0', '0', '0', '', '');
INSERT INTO `bp_admin` VALUES ('18687', '20180103', '8527dce9c5ada4ed8831a56863d7933d', '沈念康', '1', '3', '11', '1', '0', '0', '1', '0', '0', '0', '1', '', '', '0', '1', '', '', '', '', '0', '0', '0', '0', '0', '0', '', '');
INSERT INTO `bp_admin` VALUES ('18688', 'jz20180104', '8527dce9c5ada4ed8831a56863d7933d', '魏梓森家长', '3', '4', '11', '1', '0', '0', '1', '0', '0', '0', '0', '', '', '0', '1', '', '', '', '', '0', '0', '0', '0', '0', '0', '', '');
INSERT INTO `bp_admin` VALUES ('18689', '20180104', '8527dce9c5ada4ed8831a56863d7933d', '魏梓森', '2', '3', '11', '1', '0', '0', '1', '0', '0', '0', '1', '', '', '0', '1', '', '', '', '', '0', '0', '0', '0', '0', '0', '', '');
INSERT INTO `bp_admin` VALUES ('18690', 'jz20180105', '8527dce9c5ada4ed8831a56863d7933d', '刘子豪家长', '3', '4', '11', '1', '0', '0', '1', '0', '0', '0', '0', '', '', '0', '1', '', '', '', '', '0', '0', '0', '0', '0', '0', '', '');
INSERT INTO `bp_admin` VALUES ('18691', '20180105', '8527dce9c5ada4ed8831a56863d7933d', '刘子豪', '1', '3', '11', '1', '0', '0', '1', '0', '0', '0', '1', '', '', '0', '1', '', '', '', '', '0', '0', '0', '0', '0', '0', '', '');
INSERT INTO `bp_admin` VALUES ('18692', 'jz20180106', '8527dce9c5ada4ed8831a56863d7933d', '雷鸿鹄家长', '3', '4', '11', '1', '0', '0', '1', '0', '0', '0', '0', '', '', '0', '1', '', '', '', '', '0', '0', '0', '0', '0', '0', '', '');
INSERT INTO `bp_admin` VALUES ('18693', '20180106', '8527dce9c5ada4ed8831a56863d7933d', '雷鸿鹄', '1', '3', '11', '1', '0', '0', '1', '0', '0', '0', '1', '', '', '0', '1', '', '', '', '', '0', '0', '0', '0', '0', '0', '', '');
INSERT INTO `bp_admin` VALUES ('18694', 'jz20180107', '8527dce9c5ada4ed8831a56863d7933d', '叶扬波家长', '3', '4', '11', '1', '0', '0', '1', '0', '0', '0', '0', '', '', '0', '1', '', '', '', '', '0', '0', '0', '0', '0', '0', '', '');
INSERT INTO `bp_admin` VALUES ('18695', '20180107', '8527dce9c5ada4ed8831a56863d7933d', '叶扬波', '1', '3', '11', '1', '0', '0', '1', '0', '0', '0', '1', '', '', '0', '1', '', '', '', '', '0', '0', '0', '0', '0', '0', '', '');
INSERT INTO `bp_admin` VALUES ('18696', 'jz20180108', '8527dce9c5ada4ed8831a56863d7933d', '田浩洋家长', '3', '4', '11', '1', '0', '0', '1', '0', '0', '0', '0', '', '', '0', '1', '', '', '', '', '0', '0', '0', '0', '0', '0', '', '');
INSERT INTO `bp_admin` VALUES ('18697', '20180108', '8527dce9c5ada4ed8831a56863d7933d', '田浩洋', '1', '3', '11', '1', '0', '0', '1', '0', '0', '0', '1', '', '', '0', '1', '', '', '', '', '0', '0', '0', '0', '0', '0', '', '');
INSERT INTO `bp_admin` VALUES ('18698', 'jz20180109', '8527dce9c5ada4ed8831a56863d7933d', '邓思远家长', '3', '4', '11', '1', '0', '0', '1', '0', '0', '0', '0', '', '', '0', '1', '', '', '', '', '0', '0', '0', '0', '0', '0', '', '');
INSERT INTO `bp_admin` VALUES ('18699', '20180109', '8527dce9c5ada4ed8831a56863d7933d', '邓思远', '1', '3', '11', '1', '0', '0', '1', '0', '0', '0', '1', '', '', '0', '1', '', '', '', '', '0', '0', '0', '0', '0', '0', '', '');
INSERT INTO `bp_admin` VALUES ('18700', 'jz20180110', '8527dce9c5ada4ed8831a56863d7933d', '周淳家长', '3', '4', '11', '1', '0', '0', '1', '0', '0', '0', '0', '', '', '0', '1', '', '', '', '', '0', '0', '0', '0', '0', '0', '', '');
INSERT INTO `bp_admin` VALUES ('18701', '20180110', '8527dce9c5ada4ed8831a56863d7933d', '周淳', '1', '3', '11', '1', '0', '0', '1', '0', '0', '0', '1', '', '', '0', '1', '', '', '', '', '0', '0', '0', '0', '0', '0', '', '');
INSERT INTO `bp_admin` VALUES ('18702', 'jz20180111', '8527dce9c5ada4ed8831a56863d7933d', '龚雅熙家长', '3', '4', '11', '1', '0', '0', '1', '0', '0', '0', '0', '', '', '0', '1', '', '', '', '', '0', '0', '0', '0', '0', '0', '', '');
INSERT INTO `bp_admin` VALUES ('18703', '20180111', '8527dce9c5ada4ed8831a56863d7933d', '龚雅熙', '2', '3', '11', '1', '0', '0', '1', '0', '0', '0', '1', '', '', '0', '1', '', '', '', '', '0', '0', '0', '0', '0', '0', '', '');
INSERT INTO `bp_admin` VALUES ('18704', 'jz20180112', '8527dce9c5ada4ed8831a56863d7933d', '程留洋家长', '3', '4', '11', '1', '0', '0', '1', '0', '0', '0', '0', '', '', '0', '1', '', '', '', '', '0', '0', '0', '0', '0', '0', '', '');
INSERT INTO `bp_admin` VALUES ('18705', '20180112', '8527dce9c5ada4ed8831a56863d7933d', '程留洋', '1', '3', '11', '1', '0', '0', '1', '0', '0', '0', '1', '', '', '0', '1', '', '', '', '', '0', '0', '0', '0', '0', '0', '', '');
INSERT INTO `bp_admin` VALUES ('18706', 'jz20180113', '8527dce9c5ada4ed8831a56863d7933d', '宋芊芊家长', '3', '4', '11', '1', '0', '0', '1', '0', '0', '0', '0', '', '', '0', '1', '', '', '', '', '0', '0', '0', '0', '0', '0', '', '');
INSERT INTO `bp_admin` VALUES ('18707', '20180113', '8527dce9c5ada4ed8831a56863d7933d', '宋芊芊', '2', '3', '11', '1', '0', '0', '1', '0', '0', '0', '1', '', '', '0', '1', '', '', '', '', '0', '0', '0', '0', '0', '0', '', '');
INSERT INTO `bp_admin` VALUES ('18708', 'jz20180114', '8527dce9c5ada4ed8831a56863d7933d', '孙一帆家长', '3', '4', '11', '1', '0', '0', '1', '0', '0', '0', '0', '', '', '0', '1', '', '', '', '', '0', '0', '0', '0', '0', '0', '', '');
INSERT INTO `bp_admin` VALUES ('18709', '20180114', '8527dce9c5ada4ed8831a56863d7933d', '孙一帆', '1', '3', '11', '1', '0', '0', '1', '0', '0', '0', '1', '', '', '0', '1', '', '', '', '', '0', '0', '0', '0', '0', '0', '', '');
INSERT INTO `bp_admin` VALUES ('18710', 'jz20180115', '8527dce9c5ada4ed8831a56863d7933d', '程正航家长', '3', '4', '11', '1', '0', '0', '1', '0', '0', '0', '0', '', '', '0', '1', '', '', '', '', '0', '0', '0', '0', '0', '0', '', '');
INSERT INTO `bp_admin` VALUES ('18711', '20180115', '8527dce9c5ada4ed8831a56863d7933d', '程正航', '1', '3', '11', '1', '0', '0', '1', '0', '0', '0', '1', '', '', '0', '1', '', '', '', '', '0', '0', '0', '0', '0', '0', '', '');
INSERT INTO `bp_admin` VALUES ('18712', 'jz20180116', '8527dce9c5ada4ed8831a56863d7933d', '章淼琮家长', '3', '4', '11', '1', '0', '0', '1', '0', '0', '0', '0', '', '', '0', '1', '', '', '', '', '0', '0', '0', '0', '0', '0', '', '');
INSERT INTO `bp_admin` VALUES ('18713', '20180116', '8527dce9c5ada4ed8831a56863d7933d', '章淼琮', '1', '3', '11', '1', '0', '0', '1', '0', '0', '0', '1', '', '', '0', '1', '', '', '', '', '0', '0', '0', '0', '0', '0', '', '');
INSERT INTO `bp_admin` VALUES ('18714', 'jz20180117', '8527dce9c5ada4ed8831a56863d7933d', '李浩然家长', '3', '4', '11', '1', '0', '0', '1', '0', '0', '0', '0', '', '', '0', '1', '', '', '', '', '0', '0', '0', '0', '0', '0', '', '');
INSERT INTO `bp_admin` VALUES ('18715', '20180117', '8527dce9c5ada4ed8831a56863d7933d', '李浩然', '1', '3', '11', '1', '0', '0', '1', '0', '0', '0', '1', '', '', '0', '1', '', '', '', '', '0', '0', '0', '0', '0', '0', '', '');
INSERT INTO `bp_admin` VALUES ('18716', 'jz20180118', '8527dce9c5ada4ed8831a56863d7933d', '吴美芳家长', '3', '4', '11', '1', '0', '0', '1', '0', '0', '0', '0', '', '', '0', '1', '', '', '', '', '0', '0', '0', '0', '0', '0', '', '');
INSERT INTO `bp_admin` VALUES ('18717', '20180118', '8527dce9c5ada4ed8831a56863d7933d', '吴美芳', '2', '3', '11', '1', '0', '0', '1', '0', '0', '0', '1', '', '', '0', '1', '', '', '', '', '0', '0', '0', '0', '0', '0', '', '');
INSERT INTO `bp_admin` VALUES ('18718', 'jz20180119', '8527dce9c5ada4ed8831a56863d7933d', '黄诗顾家长', '3', '4', '11', '1', '0', '0', '1', '0', '0', '0', '0', '', '', '0', '1', '', '', '', '', '0', '0', '0', '0', '0', '0', '', '');
INSERT INTO `bp_admin` VALUES ('18719', '20180119', '8527dce9c5ada4ed8831a56863d7933d', '黄诗顾', '1', '3', '11', '1', '0', '0', '1', '0', '0', '0', '1', '', '', '0', '1', '', '', '', '', '0', '0', '0', '0', '0', '0', '', '');
INSERT INTO `bp_admin` VALUES ('18720', 'jz20180120', '8527dce9c5ada4ed8831a56863d7933d', '杨花家长', '3', '4', '11', '1', '0', '0', '1', '0', '0', '0', '0', '', '', '0', '1', '', '', '', '', '0', '0', '0', '0', '0', '0', '', '');
INSERT INTO `bp_admin` VALUES ('18721', '20180120', '8527dce9c5ada4ed8831a56863d7933d', '杨花', '2', '3', '11', '1', '0', '0', '1', '0', '0', '0', '1', '', '', '0', '1', '', '', '', '', '0', '0', '0', '0', '0', '0', '', '');
INSERT INTO `bp_admin` VALUES ('18722', 'jz20180121', '8527dce9c5ada4ed8831a56863d7933d', '汪家齐家长', '3', '4', '11', '1', '0', '0', '1', '0', '0', '0', '0', '', '', '0', '1', '', '', '', '', '0', '0', '0', '0', '0', '0', '', '');
INSERT INTO `bp_admin` VALUES ('18723', '20180121', '8527dce9c5ada4ed8831a56863d7933d', '汪家齐', '1', '3', '11', '1', '0', '0', '1', '0', '0', '0', '1', '', '', '0', '1', '', '', '', '', '0', '0', '0', '0', '0', '0', '', '');
INSERT INTO `bp_admin` VALUES ('18724', 'jz20180122', '8527dce9c5ada4ed8831a56863d7933d', '孙诗婷家长', '3', '4', '11', '1', '0', '0', '1', '0', '0', '0', '0', '', '', '0', '1', '', '', '', '', '0', '0', '0', '0', '0', '0', '', '');
INSERT INTO `bp_admin` VALUES ('18725', '20180122', '8527dce9c5ada4ed8831a56863d7933d', '孙诗婷', '2', '3', '11', '1', '0', '0', '1', '0', '0', '0', '1', '', '', '0', '1', '', '', '', '', '0', '0', '0', '0', '0', '0', '', '');
INSERT INTO `bp_admin` VALUES ('18726', 'jz20180123', '8527dce9c5ada4ed8831a56863d7933d', '肖熠轩家长', '3', '4', '11', '1', '0', '0', '1', '0', '0', '0', '0', '', '', '0', '1', '', '', '', '', '0', '0', '0', '0', '0', '0', '', '');
INSERT INTO `bp_admin` VALUES ('18727', '20180123', '8527dce9c5ada4ed8831a56863d7933d', '肖熠轩', '1', '3', '11', '1', '0', '0', '1', '0', '0', '0', '1', '', '', '0', '1', '', '', '', '', '0', '0', '0', '0', '0', '0', '', '');
INSERT INTO `bp_admin` VALUES ('18728', 'jz20180124', '8527dce9c5ada4ed8831a56863d7933d', '沈金恩家长', '3', '4', '11', '1', '0', '0', '1', '0', '0', '0', '0', '', '', '0', '1', '', '', '', '', '0', '0', '0', '0', '0', '0', '', '');
INSERT INTO `bp_admin` VALUES ('18729', '20180124', '8527dce9c5ada4ed8831a56863d7933d', '沈金恩', '2', '3', '11', '1', '0', '0', '1', '0', '0', '0', '1', '', '', '0', '1', '', '', '', '', '0', '0', '0', '0', '0', '0', '', '');
INSERT INTO `bp_admin` VALUES ('18730', 'jz20180125', '8527dce9c5ada4ed8831a56863d7933d', '余宏波家长', '3', '4', '11', '1', '0', '0', '1', '0', '0', '0', '0', '', '', '0', '1', '', '', '', '', '0', '0', '0', '0', '0', '0', '', '');
INSERT INTO `bp_admin` VALUES ('18731', '20180125', '8527dce9c5ada4ed8831a56863d7933d', '余宏波', '1', '3', '11', '1', '0', '0', '1', '0', '0', '0', '1', '', '', '0', '1', '', '', '', '', '0', '0', '0', '0', '0', '0', '', '');
INSERT INTO `bp_admin` VALUES ('18732', 'jz20180126', '8527dce9c5ada4ed8831a56863d7933d', '宋超家长', '3', '4', '11', '1', '0', '0', '1', '0', '0', '0', '0', '', '', '0', '1', '', '', '', '', '0', '0', '0', '0', '0', '0', '', '');
INSERT INTO `bp_admin` VALUES ('18733', '20180126', '8527dce9c5ada4ed8831a56863d7933d', '宋超', '1', '3', '11', '1', '0', '0', '1', '0', '0', '0', '1', '', '', '0', '1', '', '', '', '', '0', '0', '0', '0', '0', '0', '', '');
INSERT INTO `bp_admin` VALUES ('18734', 'jz20180127', '8527dce9c5ada4ed8831a56863d7933d', '方英豪家长', '3', '4', '11', '1', '0', '0', '1', '0', '0', '0', '0', '', '', '0', '1', '', '', '', '', '0', '0', '0', '0', '0', '0', '', '');
INSERT INTO `bp_admin` VALUES ('18735', '20180127', '8527dce9c5ada4ed8831a56863d7933d', '方英豪', '1', '3', '11', '1', '0', '0', '1', '0', '0', '0', '1', '', '', '0', '1', '', '', '', '', '0', '0', '0', '0', '0', '0', '', '');
INSERT INTO `bp_admin` VALUES ('18736', 'jz20180128', '8527dce9c5ada4ed8831a56863d7933d', '黄诗雅家长', '3', '4', '11', '1', '0', '0', '1', '0', '0', '0', '0', '', '', '0', '1', '', '', '', '', '0', '0', '0', '0', '0', '0', '', '');
INSERT INTO `bp_admin` VALUES ('18737', '20180128', '8527dce9c5ada4ed8831a56863d7933d', '黄诗雅', '2', '3', '11', '1', '0', '0', '1', '0', '0', '0', '1', '', '', '0', '1', '', '', '', '', '0', '0', '0', '0', '0', '0', '', '');
INSERT INTO `bp_admin` VALUES ('18738', 'jz20180129', '8527dce9c5ada4ed8831a56863d7933d', '甘鑫家长', '3', '4', '11', '1', '0', '0', '1', '0', '0', '0', '0', '', '', '0', '1', '', '', '', '', '0', '0', '0', '0', '0', '0', '', '');
INSERT INTO `bp_admin` VALUES ('18739', '20180129', '8527dce9c5ada4ed8831a56863d7933d', '甘鑫', '2', '3', '11', '1', '0', '0', '1', '0', '0', '0', '1', '', '', '0', '1', '', '', '', '', '0', '0', '0', '0', '0', '0', '', '');
INSERT INTO `bp_admin` VALUES ('18740', 'jz20180130', '8527dce9c5ada4ed8831a56863d7933d', '雷振雄家长', '3', '4', '11', '1', '0', '0', '1', '0', '0', '0', '0', '', '', '0', '1', '', '', '', '', '0', '0', '0', '0', '0', '0', '', '');
INSERT INTO `bp_admin` VALUES ('18741', '20180130', '8527dce9c5ada4ed8831a56863d7933d', '雷振雄', '1', '3', '11', '1', '0', '0', '1', '0', '0', '0', '1', '', '', '0', '1', '', '', '', '', '0', '0', '0', '0', '0', '0', '', '');
INSERT INTO `bp_admin` VALUES ('18742', 'jz20180131', '8527dce9c5ada4ed8831a56863d7933d', '刘昱家长', '3', '4', '11', '1', '0', '0', '1', '0', '0', '0', '0', '', '', '0', '1', '', '', '', '', '0', '0', '0', '0', '0', '0', '', '');
INSERT INTO `bp_admin` VALUES ('18743', '20180131', '8527dce9c5ada4ed8831a56863d7933d', '刘昱', '1', '3', '11', '1', '0', '0', '1', '0', '0', '0', '1', '', '', '0', '1', '', '', '', '', '0', '0', '0', '0', '0', '0', '', '');
INSERT INTO `bp_admin` VALUES ('18744', 'jz20180132', '8527dce9c5ada4ed8831a56863d7933d', '熊栋梁家长', '3', '4', '11', '1', '0', '0', '1', '0', '0', '0', '0', '', '', '0', '1', '', '', '', '', '0', '0', '0', '0', '0', '0', '', '');
INSERT INTO `bp_admin` VALUES ('18745', '20180132', '8527dce9c5ada4ed8831a56863d7933d', '熊栋梁', '2', '3', '11', '1', '0', '0', '1', '0', '0', '0', '1', '', '', '0', '1', '', '', '', '', '0', '0', '0', '0', '0', '0', '', '');
INSERT INTO `bp_admin` VALUES ('18746', 'jz20180133', '8527dce9c5ada4ed8831a56863d7933d', '刘奕伶家长', '3', '4', '11', '1', '0', '0', '1', '0', '0', '0', '0', '', '', '0', '1', '', '', '', '', '0', '0', '0', '0', '0', '0', '', '');
INSERT INTO `bp_admin` VALUES ('18747', '20180133', '8527dce9c5ada4ed8831a56863d7933d', '刘奕伶', '2', '3', '11', '1', '0', '0', '1', '0', '0', '0', '1', '', '', '0', '1', '', '', '', '', '0', '0', '0', '0', '0', '0', '', '');
INSERT INTO `bp_admin` VALUES ('18748', 'jz20180134', '8527dce9c5ada4ed8831a56863d7933d', '孙慧恩家长', '3', '4', '11', '1', '0', '0', '1', '0', '0', '0', '0', '', '', '0', '1', '', '', '', '', '0', '0', '0', '0', '0', '0', '', '');
INSERT INTO `bp_admin` VALUES ('18749', '20180134', '8527dce9c5ada4ed8831a56863d7933d', '孙慧恩', '2', '3', '11', '1', '0', '0', '1', '0', '0', '0', '1', '', '', '0', '1', '', '', '', '', '0', '0', '0', '0', '0', '0', '', '');
INSERT INTO `bp_admin` VALUES ('18750', 'jz20180135', '8527dce9c5ada4ed8831a56863d7933d', '邹家轩家长', '3', '4', '11', '1', '0', '0', '1', '0', '0', '0', '0', '', '', '0', '1', '', '', '', '', '0', '0', '0', '0', '0', '0', '', '');
INSERT INTO `bp_admin` VALUES ('18751', '20180135', '8527dce9c5ada4ed8831a56863d7933d', '邹家轩', '1', '3', '11', '1', '0', '0', '1', '0', '0', '0', '1', '', '', '0', '1', '', '', '', '', '0', '0', '0', '0', '0', '0', '', '');
INSERT INTO `bp_admin` VALUES ('18752', 'jz20180136', '8527dce9c5ada4ed8831a56863d7933d', '叶子萱家长', '3', '4', '11', '1', '0', '0', '1', '0', '0', '0', '0', '', '', '0', '1', '', '', '', '', '0', '0', '0', '0', '0', '0', '', '');
INSERT INTO `bp_admin` VALUES ('18753', '20180136', '8527dce9c5ada4ed8831a56863d7933d', '叶子萱', '2', '3', '11', '1', '0', '0', '1', '0', '0', '0', '1', '', '', '0', '1', '', '', '', '', '0', '0', '0', '0', '0', '0', '', '');
INSERT INTO `bp_admin` VALUES ('18754', 'jz20180137', '8527dce9c5ada4ed8831a56863d7933d', '吴长谦家长', '3', '4', '11', '1', '0', '0', '1', '0', '0', '0', '0', '', '', '0', '1', '', '', '', '', '0', '0', '0', '0', '0', '0', '', '');
INSERT INTO `bp_admin` VALUES ('18755', '20180137', '8527dce9c5ada4ed8831a56863d7933d', '吴长谦', '1', '3', '11', '1', '0', '0', '1', '0', '0', '0', '1', '', '', '0', '1', '', '', '', '', '0', '0', '0', '0', '0', '0', '', '');
INSERT INTO `bp_admin` VALUES ('18756', 'jz20180138', '8527dce9c5ada4ed8831a56863d7933d', '田朝辉家长', '3', '4', '11', '1', '0', '0', '1', '0', '0', '0', '0', '', '', '0', '1', '', '', '', '', '0', '0', '0', '0', '0', '0', '', '');
INSERT INTO `bp_admin` VALUES ('18757', '20180138', '8527dce9c5ada4ed8831a56863d7933d', '田朝辉', '1', '3', '11', '1', '0', '0', '1', '0', '0', '0', '1', '', '', '0', '1', '', '', '', '', '0', '0', '0', '0', '0', '0', '', '');
INSERT INTO `bp_admin` VALUES ('18758', 'jz20180139', '8527dce9c5ada4ed8831a56863d7933d', '熊进杭家长', '3', '4', '11', '1', '0', '0', '1', '0', '0', '0', '0', '', '', '0', '1', '', '', '', '', '0', '0', '0', '0', '0', '0', '', '');
INSERT INTO `bp_admin` VALUES ('18759', '20180139', '8527dce9c5ada4ed8831a56863d7933d', '熊进杭', '1', '3', '11', '1', '0', '0', '1', '0', '0', '0', '1', '', '', '0', '1', '', '', '', '', '0', '0', '0', '0', '0', '0', '', '');
INSERT INTO `bp_admin` VALUES ('18760', 'jz20180201', '8527dce9c5ada4ed8831a56863d7933d', '夏鑫博家长', '3', '4', '11', '2', '0', '0', '1', '0', '0', '0', '0', '', '', '0', '1', '', '', '', '', '0', '0', '0', '0', '0', '0', '', '');
INSERT INTO `bp_admin` VALUES ('18761', '20180201', '8527dce9c5ada4ed8831a56863d7933d', '夏鑫博', '1', '3', '11', '2', '0', '0', '1', '0', '0', '0', '1', '', '', '0', '1', '', '', '', '', '0', '0', '0', '0', '0', '0', '', '');
INSERT INTO `bp_admin` VALUES ('18762', 'jz20180202', '8527dce9c5ada4ed8831a56863d7933d', '舒梓轩家长', '3', '4', '11', '2', '0', '0', '1', '0', '0', '0', '0', '', '', '0', '1', '', '', '', '', '0', '0', '0', '0', '0', '0', '', '');
INSERT INTO `bp_admin` VALUES ('18763', '20180202', '8527dce9c5ada4ed8831a56863d7933d', '舒梓轩', '1', '3', '11', '2', '0', '0', '1', '0', '0', '0', '1', '', '', '0', '1', '', '', '', '', '0', '0', '0', '0', '0', '0', '', '');
INSERT INTO `bp_admin` VALUES ('18764', 'jz20180203', '8527dce9c5ada4ed8831a56863d7933d', '刘铭洋家长', '3', '4', '11', '2', '0', '0', '1', '0', '0', '0', '0', '', '', '0', '1', '', '', '', '', '0', '0', '0', '0', '0', '0', '', '');
INSERT INTO `bp_admin` VALUES ('18765', '20180203', '8527dce9c5ada4ed8831a56863d7933d', '刘铭洋', '1', '3', '11', '2', '0', '0', '1', '0', '0', '0', '1', '', '', '0', '1', '', '', '', '', '0', '0', '0', '0', '0', '0', '', '');
INSERT INTO `bp_admin` VALUES ('18766', 'jz20180204', '8527dce9c5ada4ed8831a56863d7933d', '孙铨炜家长', '3', '4', '11', '2', '0', '0', '1', '0', '0', '0', '0', '', '', '0', '1', '', '', '', '', '0', '0', '0', '0', '0', '0', '', '');
INSERT INTO `bp_admin` VALUES ('18767', '20180204', '8527dce9c5ada4ed8831a56863d7933d', '孙铨炜', '1', '3', '11', '2', '0', '0', '1', '0', '0', '0', '1', '', '', '0', '1', '', '', '', '', '0', '0', '0', '0', '0', '0', '', '');
INSERT INTO `bp_admin` VALUES ('18768', 'jz20180205', '8527dce9c5ada4ed8831a56863d7933d', '龚鑫家长', '3', '4', '11', '2', '0', '0', '1', '0', '0', '0', '0', '', '', '0', '1', '', '', '', '', '0', '0', '0', '0', '0', '0', '', '');
INSERT INTO `bp_admin` VALUES ('18769', '20180205', '8527dce9c5ada4ed8831a56863d7933d', '龚鑫', '1', '3', '11', '2', '0', '0', '1', '0', '0', '0', '1', '', '', '0', '1', '', '', '', '', '0', '0', '0', '0', '0', '0', '', '');
INSERT INTO `bp_admin` VALUES ('18770', 'jz20180206', '8527dce9c5ada4ed8831a56863d7933d', '郑美萍家长', '3', '4', '11', '2', '0', '0', '1', '0', '0', '0', '0', '', '', '0', '1', '', '', '', '', '0', '0', '0', '0', '0', '0', '', '');
INSERT INTO `bp_admin` VALUES ('18771', '20180206', '8527dce9c5ada4ed8831a56863d7933d', '郑美萍', '2', '3', '11', '2', '0', '0', '1', '0', '0', '0', '1', '', '', '0', '1', '', '', '', '', '0', '0', '0', '0', '0', '0', '', '');
INSERT INTO `bp_admin` VALUES ('18772', 'jz20180207', '8527dce9c5ada4ed8831a56863d7933d', '谭俊熙家长', '3', '4', '11', '2', '0', '0', '1', '0', '0', '0', '0', '', '', '0', '1', '', '', '', '', '0', '0', '0', '0', '0', '0', '', '');
INSERT INTO `bp_admin` VALUES ('18773', '20180207', '8527dce9c5ada4ed8831a56863d7933d', '谭俊熙', '1', '3', '11', '2', '0', '0', '1', '0', '0', '0', '1', '', '', '0', '1', '', '', '', '', '0', '0', '0', '0', '0', '0', '', '');
INSERT INTO `bp_admin` VALUES ('18774', 'jz20180208', '8527dce9c5ada4ed8831a56863d7933d', '谢梦瑶家长', '3', '4', '11', '2', '0', '0', '1', '0', '0', '0', '0', '', '', '0', '1', '', '', '', '', '0', '0', '0', '0', '0', '0', '', '');
INSERT INTO `bp_admin` VALUES ('18775', '20180208', '8527dce9c5ada4ed8831a56863d7933d', '谢梦瑶', '2', '3', '11', '2', '0', '0', '1', '0', '0', '0', '1', '', '', '0', '1', '', '', '', '', '0', '0', '0', '0', '0', '0', '', '');
INSERT INTO `bp_admin` VALUES ('18776', 'jz20180209', '8527dce9c5ada4ed8831a56863d7933d', '黄子耀家长', '3', '4', '11', '2', '0', '0', '1', '0', '0', '0', '0', '', '', '0', '1', '', '', '', '', '0', '0', '0', '0', '0', '0', '', '');
INSERT INTO `bp_admin` VALUES ('18777', '20180209', '8527dce9c5ada4ed8831a56863d7933d', '黄子耀', '1', '3', '11', '2', '0', '0', '1', '0', '0', '0', '1', '', '', '0', '1', '', '', '', '', '0', '0', '0', '0', '0', '0', '', '');
INSERT INTO `bp_admin` VALUES ('18778', 'jz20180210', '8527dce9c5ada4ed8831a56863d7933d', '黄杰烯家长', '3', '4', '11', '2', '0', '0', '1', '0', '0', '0', '0', '', '', '0', '1', '', '', '', '', '0', '0', '0', '0', '0', '0', '', '');
INSERT INTO `bp_admin` VALUES ('18779', '20180210', '8527dce9c5ada4ed8831a56863d7933d', '黄杰烯', '1', '3', '11', '2', '0', '0', '1', '0', '0', '0', '1', '', '', '0', '1', '', '', '', '', '0', '0', '0', '0', '0', '0', '', '');
INSERT INTO `bp_admin` VALUES ('18780', 'jz20180211', '8527dce9c5ada4ed8831a56863d7933d', '章逸凡家长', '3', '4', '11', '2', '0', '0', '1', '0', '0', '0', '0', '', '', '0', '1', '', '', '', '', '0', '0', '0', '0', '0', '0', '', '');
INSERT INTO `bp_admin` VALUES ('18781', '20180211', '8527dce9c5ada4ed8831a56863d7933d', '章逸凡', '1', '3', '11', '2', '0', '0', '1', '0', '0', '0', '1', '', '', '0', '1', '', '', '', '', '0', '0', '0', '0', '0', '0', '', '');
INSERT INTO `bp_admin` VALUES ('18782', 'jz20180212', '8527dce9c5ada4ed8831a56863d7933d', '陈思慧家长', '3', '4', '11', '2', '0', '0', '1', '0', '0', '0', '0', '', '', '0', '1', '', '', '', '', '0', '0', '0', '0', '0', '0', '', '');
INSERT INTO `bp_admin` VALUES ('18783', '20180212', '8527dce9c5ada4ed8831a56863d7933d', '陈思慧', '2', '3', '11', '2', '0', '0', '1', '0', '0', '0', '1', '', '', '0', '1', '', '', '', '', '0', '0', '0', '0', '0', '0', '', '');
INSERT INTO `bp_admin` VALUES ('18784', 'jz20180213', '8527dce9c5ada4ed8831a56863d7933d', '雷研雅家长', '3', '4', '11', '2', '0', '0', '1', '0', '0', '0', '0', '', '', '0', '1', '', '', '', '', '0', '0', '0', '0', '0', '0', '', '');
INSERT INTO `bp_admin` VALUES ('18785', '20180213', '8527dce9c5ada4ed8831a56863d7933d', '雷研雅', '2', '3', '11', '2', '0', '0', '1', '0', '0', '0', '1', '', '', '0', '1', '', '', '', '', '0', '0', '0', '0', '0', '0', '', '');
INSERT INTO `bp_admin` VALUES ('18786', 'jz20180214', '8527dce9c5ada4ed8831a56863d7933d', '李子煜家长', '3', '4', '11', '2', '0', '0', '1', '0', '0', '0', '0', '', '', '0', '1', '', '', '', '', '0', '0', '0', '0', '0', '0', '', '');
INSERT INTO `bp_admin` VALUES ('18787', '20180214', '8527dce9c5ada4ed8831a56863d7933d', '李子煜', '1', '3', '11', '2', '0', '0', '1', '0', '0', '0', '1', '', '', '0', '1', '', '', '', '', '0', '0', '0', '0', '0', '0', '', '');
INSERT INTO `bp_admin` VALUES ('18788', 'jz20180215', '8527dce9c5ada4ed8831a56863d7933d', '颜佳豪家长', '3', '4', '11', '2', '0', '0', '1', '0', '0', '0', '0', '', '', '0', '1', '', '', '', '', '0', '0', '0', '0', '0', '0', '', '');
INSERT INTO `bp_admin` VALUES ('18789', '20180215', '8527dce9c5ada4ed8831a56863d7933d', '颜佳豪', '1', '3', '11', '2', '0', '0', '1', '0', '0', '0', '1', '', '', '0', '1', '', '', '', '', '0', '0', '0', '0', '0', '0', '', '');
INSERT INTO `bp_admin` VALUES ('18790', 'jz20180216', '8527dce9c5ada4ed8831a56863d7933d', '孙炜烽家长', '3', '4', '11', '2', '0', '0', '1', '0', '0', '0', '0', '', '', '0', '1', '', '', '', '', '0', '0', '0', '0', '0', '0', '', '');
INSERT INTO `bp_admin` VALUES ('18791', '20180216', '8527dce9c5ada4ed8831a56863d7933d', '孙炜烽', '1', '3', '11', '2', '0', '0', '1', '0', '0', '0', '1', '', '', '0', '1', '', '', '', '', '0', '0', '0', '0', '0', '0', '', '');
INSERT INTO `bp_admin` VALUES ('18792', 'jz20180217', '8527dce9c5ada4ed8831a56863d7933d', '葛奕航家长', '3', '4', '11', '2', '0', '0', '1', '0', '0', '0', '0', '', '', '0', '1', '', '', '', '', '0', '0', '0', '0', '0', '0', '', '');
INSERT INTO `bp_admin` VALUES ('18793', '20180217', '8527dce9c5ada4ed8831a56863d7933d', '葛奕航', '1', '3', '11', '2', '0', '0', '1', '0', '0', '0', '1', '', '', '0', '1', '', '', '', '', '0', '0', '0', '0', '0', '0', '', '');
INSERT INTO `bp_admin` VALUES ('18794', 'jz20180218', '8527dce9c5ada4ed8831a56863d7933d', '金东奇家长', '3', '4', '11', '2', '0', '0', '1', '0', '0', '0', '0', '', '', '0', '1', '', '', '', '', '0', '0', '0', '0', '0', '0', '', '');
INSERT INTO `bp_admin` VALUES ('18795', '20180218', '8527dce9c5ada4ed8831a56863d7933d', '金东奇', '1', '3', '11', '2', '0', '0', '1', '0', '0', '0', '1', '', '', '0', '1', '', '', '', '', '0', '0', '0', '0', '0', '0', '', '');
INSERT INTO `bp_admin` VALUES ('18796', 'jz20180219', '8527dce9c5ada4ed8831a56863d7933d', '杨振威家长', '3', '4', '11', '2', '0', '0', '1', '0', '0', '0', '0', '', '', '0', '1', '', '', '', '', '0', '0', '0', '0', '0', '0', '', '');
INSERT INTO `bp_admin` VALUES ('18797', '20180219', '8527dce9c5ada4ed8831a56863d7933d', '杨振威', '1', '3', '11', '2', '0', '0', '1', '0', '0', '0', '1', '', '', '0', '1', '', '', '', '', '0', '0', '0', '0', '0', '0', '', '');
INSERT INTO `bp_admin` VALUES ('18798', 'jz20180220', '8527dce9c5ada4ed8831a56863d7933d', '庞启文家长', '3', '4', '11', '2', '0', '0', '1', '0', '0', '0', '0', '', '', '0', '1', '', '', '', '', '0', '0', '0', '0', '0', '0', '', '');
INSERT INTO `bp_admin` VALUES ('18799', '20180220', '8527dce9c5ada4ed8831a56863d7933d', '庞启文', '1', '3', '11', '2', '0', '0', '1', '0', '0', '0', '1', '', '', '0', '1', '', '', '', '', '0', '0', '0', '0', '0', '0', '', '');
INSERT INTO `bp_admin` VALUES ('18800', 'jz20180221', '8527dce9c5ada4ed8831a56863d7933d', '万雅静家长', '3', '4', '11', '2', '0', '0', '1', '0', '0', '0', '0', '', '', '0', '1', '', '', '', '', '0', '0', '0', '0', '0', '0', '', '');
INSERT INTO `bp_admin` VALUES ('18801', '20180221', '8527dce9c5ada4ed8831a56863d7933d', '万雅静', '2', '3', '11', '2', '0', '0', '1', '0', '0', '0', '1', '', '', '0', '1', '', '', '', '', '0', '0', '0', '0', '0', '0', '', '');
INSERT INTO `bp_admin` VALUES ('18802', 'jz20180222', '8527dce9c5ada4ed8831a56863d7933d', '何思锦家长', '3', '4', '11', '2', '0', '0', '1', '0', '0', '0', '0', '', '', '0', '1', '', '', '', '', '0', '0', '0', '0', '0', '0', '', '');
INSERT INTO `bp_admin` VALUES ('18803', '20180222', '8527dce9c5ada4ed8831a56863d7933d', '何思锦', '2', '3', '11', '2', '0', '0', '1', '0', '0', '0', '1', '', '', '0', '1', '', '', '', '', '0', '0', '0', '0', '0', '0', '', '');
INSERT INTO `bp_admin` VALUES ('18804', 'jz20180223', '8527dce9c5ada4ed8831a56863d7933d', '雷悦悦家长', '3', '4', '11', '2', '0', '0', '1', '0', '0', '0', '0', '', '', '0', '1', '', '', '', '', '0', '0', '0', '0', '0', '0', '', '');
INSERT INTO `bp_admin` VALUES ('18805', '20180223', '8527dce9c5ada4ed8831a56863d7933d', '雷悦悦', '2', '3', '11', '2', '0', '0', '1', '0', '0', '0', '1', '', '', '0', '1', '', '', '', '', '0', '0', '0', '0', '0', '0', '', '');
INSERT INTO `bp_admin` VALUES ('18806', 'jz20180224', '8527dce9c5ada4ed8831a56863d7933d', '谢伊琳家长', '3', '4', '11', '2', '0', '0', '1', '0', '0', '0', '0', '', '', '0', '1', '', '', '', '', '0', '0', '0', '0', '0', '0', '', '');
INSERT INTO `bp_admin` VALUES ('18807', '20180224', '8527dce9c5ada4ed8831a56863d7933d', '谢伊琳', '2', '3', '11', '2', '0', '0', '1', '0', '0', '0', '1', '', '', '0', '1', '', '', '', '', '0', '0', '0', '0', '0', '0', '', '');
INSERT INTO `bp_admin` VALUES ('18808', 'jz20180225', '8527dce9c5ada4ed8831a56863d7933d', '叶铭昊家长', '3', '4', '11', '2', '0', '0', '1', '0', '0', '0', '0', '', '', '0', '1', '', '', '', '', '0', '0', '0', '0', '0', '0', '', '');
INSERT INTO `bp_admin` VALUES ('18809', '20180225', '8527dce9c5ada4ed8831a56863d7933d', '叶铭昊', '1', '3', '11', '2', '0', '0', '1', '0', '0', '0', '1', '', '', '0', '1', '', '', '', '', '0', '0', '0', '0', '0', '0', '', '');
INSERT INTO `bp_admin` VALUES ('18810', 'jz20180226', '8527dce9c5ada4ed8831a56863d7933d', '毕哲松家长', '3', '4', '11', '2', '0', '0', '1', '0', '0', '0', '0', '', '', '0', '1', '', '', '', '', '0', '0', '0', '0', '0', '0', '', '');
INSERT INTO `bp_admin` VALUES ('18811', '20180226', '8527dce9c5ada4ed8831a56863d7933d', '毕哲松', '1', '3', '11', '2', '0', '0', '1', '0', '0', '0', '1', '', '', '0', '1', '', '', '', '', '0', '0', '0', '0', '0', '0', '', '');
INSERT INTO `bp_admin` VALUES ('18812', 'jz20180227', '8527dce9c5ada4ed8831a56863d7933d', '孙清妍家长', '3', '4', '11', '2', '0', '0', '1', '0', '0', '0', '0', '', '', '0', '1', '', '', '', '', '0', '0', '0', '0', '0', '0', '', '');
INSERT INTO `bp_admin` VALUES ('18813', '20180227', '8527dce9c5ada4ed8831a56863d7933d', '孙清妍', '2', '3', '11', '2', '0', '0', '1', '0', '0', '0', '1', '', '', '0', '1', '', '', '', '', '0', '0', '0', '0', '0', '0', '', '');
INSERT INTO `bp_admin` VALUES ('18814', 'jz20180228', '8527dce9c5ada4ed8831a56863d7933d', '孙清伊家长', '3', '4', '11', '2', '0', '0', '1', '0', '0', '0', '0', '', '', '0', '1', '', '', '', '', '0', '0', '0', '0', '0', '0', '', '');
INSERT INTO `bp_admin` VALUES ('18815', '20180228', '8527dce9c5ada4ed8831a56863d7933d', '孙清伊', '2', '3', '11', '2', '0', '0', '1', '0', '0', '0', '1', '', '', '0', '1', '', '', '', '', '0', '0', '0', '0', '0', '0', '', '');
INSERT INTO `bp_admin` VALUES ('18816', 'jz20180229', '8527dce9c5ada4ed8831a56863d7933d', '金梓豪家长', '3', '4', '11', '2', '0', '0', '1', '0', '0', '0', '0', '', '', '0', '1', '', '', '', '', '0', '0', '0', '0', '0', '0', '', '');
INSERT INTO `bp_admin` VALUES ('18817', '20180229', '8527dce9c5ada4ed8831a56863d7933d', '金梓豪', '1', '3', '11', '2', '0', '0', '1', '0', '0', '0', '1', '', '', '0', '1', '', '', '', '', '0', '0', '0', '0', '0', '0', '', '');
INSERT INTO `bp_admin` VALUES ('18818', 'jz20180230', '8527dce9c5ada4ed8831a56863d7933d', '余炎曦家长', '3', '4', '11', '2', '0', '0', '1', '0', '0', '0', '0', '', '', '0', '1', '', '', '', '', '0', '0', '0', '0', '0', '0', '', '');
INSERT INTO `bp_admin` VALUES ('18819', '20180230', '8527dce9c5ada4ed8831a56863d7933d', '余炎曦', '1', '3', '11', '2', '0', '0', '1', '0', '0', '0', '1', '', '', '0', '1', '', '', '', '', '0', '0', '0', '0', '0', '0', '', '');
INSERT INTO `bp_admin` VALUES ('18820', 'jz20180231', '8527dce9c5ada4ed8831a56863d7933d', '高欣怡家长', '3', '4', '11', '2', '0', '0', '1', '0', '0', '0', '0', '', '', '0', '1', '', '', '', '', '0', '0', '0', '0', '0', '0', '', '');
INSERT INTO `bp_admin` VALUES ('18821', '20180231', '8527dce9c5ada4ed8831a56863d7933d', '高欣怡', '2', '3', '11', '2', '0', '0', '1', '0', '0', '0', '1', '', '', '0', '1', '', '', '', '', '0', '0', '0', '0', '0', '0', '', '');
INSERT INTO `bp_admin` VALUES ('18822', 'jz20180232', '8527dce9c5ada4ed8831a56863d7933d', '黄诗妍家长', '3', '4', '11', '2', '0', '0', '1', '0', '0', '0', '0', '', '', '0', '1', '', '', '', '', '0', '0', '0', '0', '0', '0', '', '');
INSERT INTO `bp_admin` VALUES ('18823', '20180232', '8527dce9c5ada4ed8831a56863d7933d', '黄诗妍', '2', '3', '11', '2', '0', '0', '1', '0', '0', '0', '1', '', '', '0', '1', '', '', '', '', '0', '0', '0', '0', '0', '0', '', '');
INSERT INTO `bp_admin` VALUES ('18824', 'jz20180233', '8527dce9c5ada4ed8831a56863d7933d', '马梓墨家长', '3', '4', '11', '2', '0', '0', '1', '0', '0', '0', '0', '', '', '0', '1', '', '', '', '', '0', '0', '0', '0', '0', '0', '', '');
INSERT INTO `bp_admin` VALUES ('18825', '20180233', '8527dce9c5ada4ed8831a56863d7933d', '马梓墨', '2', '3', '11', '2', '0', '0', '1', '0', '0', '0', '1', '', '', '0', '1', '', '', '', '', '0', '0', '0', '0', '0', '0', '', '');
INSERT INTO `bp_admin` VALUES ('18826', 'jz20180234', '8527dce9c5ada4ed8831a56863d7933d', '金志成家长', '3', '4', '11', '2', '0', '0', '1', '0', '0', '0', '0', '', '', '0', '1', '', '', '', '', '0', '0', '0', '0', '0', '0', '', '');
INSERT INTO `bp_admin` VALUES ('18827', '20180234', '8527dce9c5ada4ed8831a56863d7933d', '金志成', '1', '3', '11', '2', '0', '0', '1', '0', '0', '0', '1', '', '', '0', '1', '', '', '', '', '0', '0', '0', '0', '0', '0', '', '');
INSERT INTO `bp_admin` VALUES ('18828', 'jz20180235', '8527dce9c5ada4ed8831a56863d7933d', '黄雅卓家长', '3', '4', '11', '2', '0', '0', '1', '0', '0', '0', '0', '', '', '0', '1', '', '', '', '', '0', '0', '0', '0', '0', '0', '', '');
INSERT INTO `bp_admin` VALUES ('18829', '20180235', '8527dce9c5ada4ed8831a56863d7933d', '黄雅卓', '2', '3', '11', '2', '0', '0', '1', '0', '0', '0', '1', '', '', '0', '1', '', '', '', '', '0', '0', '0', '0', '0', '0', '', '');
INSERT INTO `bp_admin` VALUES ('18830', 'jz20180236', '8527dce9c5ada4ed8831a56863d7933d', '赵子淳家长', '3', '4', '11', '2', '0', '0', '1', '0', '0', '0', '0', '', '', '0', '1', '', '', '', '', '0', '0', '0', '0', '0', '0', '', '');
INSERT INTO `bp_admin` VALUES ('18831', '20180236', '8527dce9c5ada4ed8831a56863d7933d', '赵子淳', '1', '3', '11', '2', '0', '0', '1', '0', '0', '0', '1', '', '', '0', '1', '', '', '', '', '0', '0', '0', '0', '0', '0', '', '');
INSERT INTO `bp_admin` VALUES ('18832', 'jz20180237', '8527dce9c5ada4ed8831a56863d7933d', '章诗韵家长', '3', '4', '11', '2', '0', '0', '1', '0', '0', '0', '0', '', '', '0', '1', '', '', '', '', '0', '0', '0', '0', '0', '0', '', '');
INSERT INTO `bp_admin` VALUES ('18833', '20180237', '8527dce9c5ada4ed8831a56863d7933d', '章诗韵', '2', '3', '11', '2', '0', '0', '1', '0', '0', '0', '1', '', '', '0', '1', '', '', '', '', '0', '0', '0', '0', '0', '0', '', '');
INSERT INTO `bp_admin` VALUES ('18834', 'jz20180238', '8527dce9c5ada4ed8831a56863d7933d', '粟童家长', '3', '4', '11', '2', '0', '0', '1', '0', '0', '0', '0', '', '', '0', '1', '', '', '', '', '0', '0', '0', '0', '0', '0', '', '');
INSERT INTO `bp_admin` VALUES ('18835', '20180238', '8527dce9c5ada4ed8831a56863d7933d', '粟童', '1', '3', '11', '2', '0', '0', '1', '0', '0', '0', '1', '', '', '5', '1', '', '', '', '', '0', '0', '0', '0', '0', '0', '', '');
INSERT INTO `bp_admin` VALUES ('18836', 'jzlzf123456', '8527dce9c5ada4ed8831a56863d7933d', 'lzf1家长', '3', '4', '10', '5', '0', '0', '1', '0', '0', '0', '0', '', '', '0', '1', '', '', '', '', '0', '0', '0', '0', '0', '0', '', '');
INSERT INTO `bp_admin` VALUES ('18837', 'lzf123456', '8527dce9c5ada4ed8831a56863d7933d', 'lzf1', '1', '3', '10', '5', '0', '0', '1', '0', '0', '0', '1', '', '', '0', '1', '', '', '', '', '0', '0', '0', '0', '0', '0', '', '');
INSERT INTO `bp_admin` VALUES ('18838', 'jzB00003142', '8527dce9c5ada4ed8831a56863d7933d', '迪丽热巴家长', '3', '4', '11', '1', '0', '0', '1', '0', '0', '0', '0', '', '', '0', '1', '', '', '', '', '0', '0', '0', '0', '0', '0', '', '');
INSERT INTO `bp_admin` VALUES ('18839', 'B00003142', '8527dce9c5ada4ed8831a56863d7933d', '迪丽热巴', '1', '3', '11', '1', '0', '0', '1', '0', '0', '0', '1', '', '', '0', '1', '', '', '', '', '0', '0', '0', '0', '0', '0', '', '');
INSERT INTO `bp_admin` VALUES ('18840', 'js08', '8527dce9c5ada4ed8831a56863d7933d', '庞伯良', '1', '2', '0', '0', '0', '0', '1', '0', '13', '0', '0', '', '', '0', '1', '', '', '', '', '0', '0', '0', '0', '0', '0', '', '');
INSERT INTO `bp_admin` VALUES ('18841', 'js09', '8527dce9c5ada4ed8831a56863d7933d', '尧新良', '1', '2', '0', '0', '0', '0', '1', '0', '13', '0', '0', '', '', '0', '1', '', '', '', '', '0', '0', '0', '0', '0', '0', '', '');
INSERT INTO `bp_admin` VALUES ('18842', 'js10', '8527dce9c5ada4ed8831a56863d7933d', '钟泽宇', '1', '2', '0', '0', '0', '0', '1', '0', '13', '0', '0', '', '', '0', '1', '', '', '', '', '0', '0', '0', '0', '0', '0', '', '');
INSERT INTO `bp_admin` VALUES ('18843', 'js11', '8527dce9c5ada4ed8831a56863d7933d', '程天明', '1', '2', '0', '0', '0', '0', '1', '0', '14', '0', '0', '', '', '0', '1', '', '', '', '', '0', '0', '0', '0', '0', '0', '', '');
INSERT INTO `bp_admin` VALUES ('18844', 'js12', '8527dce9c5ada4ed8831a56863d7933d', '程碧华', '1', '2', '0', '0', '0', '0', '1', '0', '14', '0', '0', '', '', '0', '1', '', '', '', '', '0', '0', '0', '0', '0', '0', '', '');
INSERT INTO `bp_admin` VALUES ('18845', 'js13', '8527dce9c5ada4ed8831a56863d7933d', '骆伟', '1', '2', '0', '0', '0', '0', '1', '0', '14', '0', '0', '', '', '0', '1', '', '', '', '', '0', '0', '0', '0', '0', '0', '', '');
INSERT INTO `bp_admin` VALUES ('18846', 'js14', '8527dce9c5ada4ed8831a56863d7933d', '黄巢', '1', '2', '0', '0', '0', '0', '1', '0', '22', '0', '0', '', '', '0', '1', '', '', '', '', '0', '0', '0', '0', '0', '0', '', '');
INSERT INTO `bp_admin` VALUES ('18847', 'js15', '8527dce9c5ada4ed8831a56863d7933d', '吴启新', '1', '2', '0', '0', '0', '0', '1', '0', '22', '0', '0', '', '', '0', '1', '', '', '', '', '0', '0', '0', '0', '0', '0', '', '');
INSERT INTO `bp_admin` VALUES ('18848', 'js16', '8527dce9c5ada4ed8831a56863d7933d', '李雄', '1', '2', '0', '0', '0', '0', '1', '0', '22', '0', '0', '', '', '0', '1', '', '', '', '', '0', '0', '0', '0', '0', '0', '', '');
INSERT INTO `bp_admin` VALUES ('18849', 'js17', '8527dce9c5ada4ed8831a56863d7933d', '宋红辉', '1', '2', '0', '0', '0', '0', '1', '0', '15', '0', '0', '', '', '0', '1', '', '', '', '', '0', '0', '0', '0', '0', '0', '', '');
INSERT INTO `bp_admin` VALUES ('18850', 'js18', '8527dce9c5ada4ed8831a56863d7933d', '王桃瑞', '1', '2', '0', '0', '0', '0', '1', '0', '15', '0', '0', '', '', '0', '1', '', '', '', '', '0', '0', '0', '0', '0', '0', '', '');
INSERT INTO `bp_admin` VALUES ('18851', 'js19', '8527dce9c5ada4ed8831a56863d7933d', '徐  娟', '2', '2', '0', '0', '0', '0', '1', '0', '15', '0', '0', '', '', '0', '1', '', '', '', '', '0', '0', '0', '0', '0', '0', '', '');
INSERT INTO `bp_admin` VALUES ('18852', 'js20', '8527dce9c5ada4ed8831a56863d7933d', '吴助佳', '2', '2', '0', '0', '0', '0', '1', '0', '15', '0', '0', '', '', '0', '1', '', '', '', '', '0', '0', '0', '0', '0', '0', '', '');
INSERT INTO `bp_admin` VALUES ('18853', 'js21', '8527dce9c5ada4ed8831a56863d7933d', '魏灵丹', '2', '2', '0', '0', '0', '0', '1', '0', '15', '0', '0', '', '', '0', '1', '', '', '', '', '0', '0', '0', '0', '0', '0', '', '');
INSERT INTO `bp_admin` VALUES ('18854', 'js22', '8527dce9c5ada4ed8831a56863d7933d', '邓 欢', '2', '2', '0', '0', '0', '0', '1', '0', '15', '0', '0', '', '', '0', '1', '', '', '', '', '0', '0', '0', '0', '0', '0', '', '');
INSERT INTO `bp_admin` VALUES ('18855', 'js23', '8527dce9c5ada4ed8831a56863d7933d', '方丽嫦', '2', '2', '0', '0', '0', '0', '1', '0', '24', '0', '0', '', '', '0', '1', '', '', '', '', '0', '0', '0', '0', '0', '0', '', '');
INSERT INTO `bp_admin` VALUES ('18856', 'js24', '8527dce9c5ada4ed8831a56863d7933d', '吴洁', '2', '2', '0', '0', '0', '0', '1', '0', '24', '0', '0', '', '', '0', '1', '', '', '', '', '0', '0', '0', '0', '0', '0', '', '');
INSERT INTO `bp_admin` VALUES ('18857', 'js25', '8527dce9c5ada4ed8831a56863d7933d', '郭邹维', '1', '2', '0', '0', '0', '0', '1', '0', '23', '0', '0', '', '', '0', '1', '', '', '', '', '0', '0', '0', '0', '0', '0', '', '');
INSERT INTO `bp_admin` VALUES ('18858', 'js26', '8527dce9c5ada4ed8831a56863d7933d', '任力凤', '1', '2', '0', '0', '0', '0', '1', '0', '23', '0', '0', '', '', '0', '1', '', '', '', '', '0', '0', '0', '0', '0', '0', '', '');
INSERT INTO `bp_admin` VALUES ('18859', 'js27', '8527dce9c5ada4ed8831a56863d7933d', '杨伟新', '1', '2', '0', '0', '0', '0', '1', '0', '23', '0', '0', '', '', '0', '1', '', '', '', '', '0', '0', '0', '0', '0', '0', '', '');
INSERT INTO `bp_admin` VALUES ('18860', 'js28', '8527dce9c5ada4ed8831a56863d7933d', '曾雅宾', '1', '2', '0', '0', '0', '0', '1', '0', '24', '0', '0', '', '', '0', '1', '', '', '', '', '0', '0', '0', '0', '0', '0', '', '');
INSERT INTO `bp_admin` VALUES ('18861', 'js29', '8527dce9c5ada4ed8831a56863d7933d', '刘锦芳', '1', '2', '0', '0', '0', '0', '1', '0', '17', '0', '0', '', '', '0', '1', '', '', '', '', '0', '0', '0', '0', '0', '0', '', '');
INSERT INTO `bp_admin` VALUES ('18862', 'js30', '8527dce9c5ada4ed8831a56863d7933d', '曾炳林', '1', '2', '0', '0', '0', '0', '1', '0', '17', '0', '0', '', '', '0', '1', '', '', '', '', '0', '0', '0', '0', '0', '0', '', '');
INSERT INTO `bp_admin` VALUES ('18863', 'js31', '8527dce9c5ada4ed8831a56863d7933d', '廖健平', '1', '2', '0', '0', '0', '0', '1', '0', '17', '0', '0', '', '', '0', '1', '', '', '', '', '0', '0', '0', '0', '0', '0', '', '');
INSERT INTO `bp_admin` VALUES ('18864', 'js32', '8527dce9c5ada4ed8831a56863d7933d', '沈瑜', '2', '2', '0', '0', '0', '0', '1', '0', '17', '0', '0', '', '', '0', '1', '', '', '', '', '0', '0', '0', '0', '0', '0', '', '');
INSERT INTO `bp_admin` VALUES ('18865', 'js33', '8527dce9c5ada4ed8831a56863d7933d', '甘梦月', '2', '2', '0', '0', '0', '0', '1', '0', '17', '0', '0', '', '', '0', '1', '', '', '', '', '0', '0', '0', '0', '0', '0', '', '');
INSERT INTO `bp_admin` VALUES ('18866', 'js34', '8527dce9c5ada4ed8831a56863d7933d', '陈安格', '1', '2', '0', '0', '0', '0', '1', '0', '19', '0', '0', '', '', '0', '1', '', '', '', '', '0', '0', '0', '0', '0', '0', '', '');
INSERT INTO `bp_admin` VALUES ('18867', 'js35', '8527dce9c5ada4ed8831a56863d7933d', '龚依琴', '2', '2', '0', '0', '0', '0', '1', '0', '19', '0', '0', '', '', '0', '1', '', '', '', '', '0', '0', '0', '0', '0', '0', '', '');
INSERT INTO `bp_admin` VALUES ('18868', 'js36', '8527dce9c5ada4ed8831a56863d7933d', '徐方', '1', '2', '0', '0', '0', '0', '1', '0', '21', '0', '0', '', '', '0', '1', '', '', '', '', '0', '0', '0', '0', '0', '0', '', '');
INSERT INTO `bp_admin` VALUES ('18869', 'js37', '8527dce9c5ada4ed8831a56863d7933d', '骆思', '1', '2', '0', '0', '0', '0', '1', '0', '19', '0', '0', '', '', '0', '1', '', '', '', '', '0', '0', '0', '0', '0', '0', '', '');
INSERT INTO `bp_admin` VALUES ('18870', 'js38', '8527dce9c5ada4ed8831a56863d7933d', '严海天', '1', '2', '0', '0', '0', '0', '1', '0', '21', '0', '0', '', '', '0', '1', '', '', '', '', '0', '0', '0', '0', '0', '0', '', '');
INSERT INTO `bp_admin` VALUES ('18871', 'js39', '8527dce9c5ada4ed8831a56863d7933d', '黄新军', '1', '2', '0', '0', '0', '0', '1', '0', '21', '0', '0', '', '', '0', '1', '', '', '', '', '0', '0', '0', '0', '0', '0', '', '');
INSERT INTO `bp_admin` VALUES ('18872', 'js40', '8527dce9c5ada4ed8831a56863d7933d', '石建红', '1', '2', '0', '0', '0', '0', '1', '0', '16', '0', '0', '', '', '0', '1', '', '', '', '', '0', '0', '0', '0', '0', '0', '', '');
INSERT INTO `bp_admin` VALUES ('18873', 'js41', '8527dce9c5ada4ed8831a56863d7933d', '李静', '2', '2', '0', '0', '0', '0', '1', '0', '16', '0', '0', '', '', '0', '1', '', '', '', '', '0', '0', '0', '0', '0', '0', '', '');
INSERT INTO `bp_admin` VALUES ('18874', 'js42', '8527dce9c5ada4ed8831a56863d7933d', '赵红亮', '1', '2', '0', '0', '0', '0', '1', '0', '16', '0', '0', '', '', '0', '1', '', '', '', '', '0', '0', '0', '0', '0', '0', '', '');
INSERT INTO `bp_admin` VALUES ('18875', 'js43', '8527dce9c5ada4ed8831a56863d7933d', '姜洁', '2', '2', '0', '0', '0', '0', '1', '0', '16', '0', '0', '', '', '0', '3', '', '', '', '', '0', '0', '0', '0', '0', '0', '', '');
INSERT INTO `bp_admin` VALUES ('18876', 'js44', '8527dce9c5ada4ed8831a56863d7933d', '廖莎莎', '2', '2', '0', '0', '0', '0', '1', '0', '16', '0', '0', '', '', '0', '1', '', '', '', '', '0', '0', '0', '0', '0', '0', '', '');
INSERT INTO `bp_admin` VALUES ('18877', 'js45', '8527dce9c5ada4ed8831a56863d7933d', '饶文秀', '1', '2', '0', '0', '0', '0', '1', '0', '16', '0', '0', '', '', '0', '1', '', '', '', '', '0', '0', '0', '0', '0', '0', '', '');
INSERT INTO `bp_admin` VALUES ('18878', 'js46', '8527dce9c5ada4ed8831a56863d7933d', '王铁农', '1', '2', '0', '0', '0', '0', '1', '0', '16', '0', '0', '', '', '0', '1', '', '', '', '', '0', '0', '0', '0', '0', '0', '', '');
INSERT INTO `bp_admin` VALUES ('18879', 'js47', '8527dce9c5ada4ed8831a56863d7933d', '金娜', '2', '2', '0', '0', '0', '0', '1', '0', '18', '0', '0', '', '', '0', '1', '', '', '', '', '0', '0', '0', '0', '0', '0', '', '');
INSERT INTO `bp_admin` VALUES ('18880', 'js48', '8527dce9c5ada4ed8831a56863d7933d', '郭鹿', '1', '2', '0', '0', '0', '0', '1', '0', '18', '0', '0', '', '', '0', '1', '', '', '', '', '0', '0', '0', '0', '0', '0', '', '');
INSERT INTO `bp_admin` VALUES ('18881', 'js49', '8527dce9c5ada4ed8831a56863d7933d', '陈思伊', '2', '2', '0', '0', '0', '0', '1', '0', '18', '0', '0', '', '', '0', '1', '', '', '', '', '0', '0', '0', '0', '0', '0', '', '');
INSERT INTO `bp_admin` VALUES ('18882', 'wjq1995', '8527dce9c5ada4ed8831a56863d7933d', '王加强', '1', '2', '0', '0', '0', '0', '1', '13999999999', '13', '0', '0', '', '', '0', '1', '', '', '', '', '0', '0', '0', '0', '0', '0', '', '');
INSERT INTO `bp_admin` VALUES ('18883', 'js988', '8527dce9c5ada4ed8831a56863d7933d', '校长', '1', '2', '0', '0', '0', '0', '1', '0', '14', '0', '0', '', '', '0', '1', '', '', '', '', '0', '0', '0', '0', '0', '0', '', '');
INSERT INTO `bp_admin` VALUES ('18884', 'saasda', '8527dce9c5ada4ed8831a56863d7933d', 'asdadsa', '2', '2', '0', '0', '0', '0', '1', '0', '12', '0', '0', '', '', '0', '1', '', '', '', '', '0', '0', '0', '0', '0', '0', '', '');
INSERT INTO `bp_admin` VALUES ('18885', 'js909', '8527dce9c5ada4ed8831a56863d7933d', '李明', '1', '2', '0', '0', '0', '0', '1', '0', '11', '0', '0', '', '', '0', '1', '', '', '', '', '0', '0', '0', '0', '0', '0', '', '');
INSERT INTO `bp_admin` VALUES ('18886', 'js9989', '8527dce9c5ada4ed8831a56863d7933d', '李明', '1', '2', '0', '0', '0', '0', '1', '0', '11', '0', '0', '', '', '0', '1', '', '', '', '', '0', '0', '0', '0', '0', '0', '', '');
INSERT INTO `bp_admin` VALUES ('18901', '12', '1c275509225c09983b46847d1a606b7a', '1212', '1', '3', '12', '3', '0', '0', '1', '', '0', '0', '1', '', '', '0', '1', '', '', '', '', '0', '0', '0', '0', '0', '0', '', '');
INSERT INTO `bp_admin` VALUES ('18902', 'jz12', '8527dce9c5ada4ed8831a56863d7933d', '1212家长', '3', '4', '12', '3', '0', '0', '1', '', '0', '0', '0', '', '', '0', '1', '', '', '', '', '0', '0', '0', '0', '0', '0', '', '');

-- ----------------------------
-- Table structure for bp_bclass
-- ----------------------------
CREATE TABLE `bp_bclass` (
  `cl_id` mediumint(8) NOT NULL AUTO_INCREMENT,
  `cp_id` mediumint(8) NOT NULL COMMENT '所属校区',
  `gd_id` mediumint(8) NOT NULL COMMENT '年级',
  `cs_id` smallint(5) NOT NULL COMMENT '教室',
  `cl_name` varchar(20) NOT NULL COMMENT '班级名称',
  `cl_bid` int(10) NOT NULL COMMENT '班主任id',
  `cl_bname` varchar(10) NOT NULL COMMENT '班主任姓名',
  `cl_info` varchar(255) NOT NULL COMMENT '班级描述',
  `type` tinyint(3) NOT NULL DEFAULT '0' COMMENT '班级类型 1行政班 2教学班 3小走班',
  `course` varchar(60) NOT NULL DEFAULT '0' COMMENT '教学，小走班课程id',
  `kh` varchar(255) NOT NULL COMMENT '口号',
  `show_teacher_id` mediumint(6) NOT NULL COMMENT '首页显示',
  `create_time` datetime NOT NULL COMMENT '创建时间',
  `update_time` datetime NOT NULL COMMENT '更新时间',
  `unit_id` mediumint(8) NOT NULL,
  `word` text NOT NULL COMMENT '班主任寄语',
  PRIMARY KEY (`cl_id`)
) ENGINE=InnoDB AUTO_INCREMENT=53 DEFAULT CHARSET=utf8 COMMENT='班级设置';

-- ----------------------------
-- Records of bp_bclass
-- ----------------------------
INSERT INTO `bp_bclass` VALUES ('1', '1', '11', '26', '1班', '18847', '吴启新', '这是班训', '1', '0', '携手彩虹桥，一起共成长！', '18852', '0000-00-00 00:00:00', '2018-12-05 10:14:33', '0', '班主任寄语');
INSERT INTO `bp_bclass` VALUES ('2', '1', '11', '27', '2班', '0', '舒其兵', '', '1', '0', '', '0', '0000-00-00 00:00:00', '2018-12-05 10:14:45', '0', '测试');
INSERT INTO `bp_bclass` VALUES ('3', '1', '12', '28', '1班', '81', '魏灵丹', '', '1', '0', '', '0', '0000-00-00 00:00:00', '0000-00-00 00:00:00', '0', '');
INSERT INTO `bp_bclass` VALUES ('4', '1', '12', '29', '2班', '73', '骆伟', '', '1', '0', '', '0', '0000-00-00 00:00:00', '0000-00-00 00:00:00', '0', '');
INSERT INTO `bp_bclass` VALUES ('5', '1', '10', '30', '1班', '107', '金娜', '', '1', '0', '', '0', '0000-00-00 00:00:00', '0000-00-00 00:00:00', '0', '');
INSERT INTO `bp_bclass` VALUES ('6', '1', '10', '35', '2班', '77', '宋红辉', '', '1', '0', '', '0', '0000-00-00 00:00:00', '0000-00-00 00:00:00', '0', '');
INSERT INTO `bp_bclass` VALUES ('50', '0', '12', '0', '政治,历史,地理(2)班', '72', '程碧华', '', '3', '4,5,6', '', '0', '0000-00-00 00:00:00', '0000-00-00 00:00:00', '0', '');
INSERT INTO `bp_bclass` VALUES ('51', '0', '12', '0', '政治,历史,地理(1)班', '69', '尧新良', '', '3', '4,5,6', '', '0', '0000-00-00 00:00:00', '0000-00-00 00:00:00', '0', '');
INSERT INTO `bp_bclass` VALUES ('52', '1', '10', '32', '冲刺班', '16', '吴启新', '备注12', '0', '0', '', '0', '0000-00-00 00:00:00', '0000-00-00 00:00:00', '0', '');

-- ----------------------------
-- Table structure for bp_campus
-- ----------------------------
CREATE TABLE `bp_campus` (
  `cp_id` mediumint(8) NOT NULL AUTO_INCREMENT,
  `cp_name` varchar(20) NOT NULL COMMENT '名称',
  `cp_postcode` mediumint(6) NOT NULL COMMENT '邮政编码',
  `cp_resp` varchar(4) NOT NULL COMMENT '负责人',
  `cp_tel` varchar(14) NOT NULL COMMENT '联系电话',
  `cp_restel` varchar(14) NOT NULL COMMENT '负责人电话',
  `cp_email` varchar(50) NOT NULL COMMENT '邮箱',
  `cp_administrativecode` varchar(12) NOT NULL COMMENT '所在地行政区号码',
  `cp_addr` varchar(30) NOT NULL COMMENT '地址',
  PRIMARY KEY (`cp_id`)
) ENGINE=MyISAM AUTO_INCREMENT=14 DEFAULT CHARSET=utf8 COMMENT='分校区信息';

-- ----------------------------
-- Records of bp_campus
-- ----------------------------
INSERT INTO `bp_campus` VALUES ('1', '主校区', '230064', '钟俊', '18055693921', '18055693921', 'tianming@126.com', '340000', '安徽合肥');

-- ----------------------------
-- Table structure for bp_class_staus
-- ----------------------------
CREATE TABLE `bp_class_staus` (
  `id` int(11) NOT NULL AUTO_INCREMENT COMMENT '成绩管理专用表(成绩录入状态)',
  `end_time` int(11) DEFAULT NULL COMMENT '考试结束时间',
  `staus` tinyint(1) DEFAULT NULL COMMENT '考试状态(0正在录入，1已录入，已录入)',
  `exam_id` int(11) DEFAULT NULL COMMENT '考试ID',
  `sj_id` int(11) DEFAULT NULL COMMENT '科目id',
  `cl_id` int(11) DEFAULT NULL COMMENT '班级ID',
  PRIMARY KEY (`id`)
) ENGINE=InnoDB AUTO_INCREMENT=24 DEFAULT CHARSET=utf8;

-- ----------------------------
-- Records of bp_class_staus
-- ----------------------------
INSERT INTO `bp_class_staus` VALUES ('1', '1547714233', '2', '1', '1', '1');
INSERT INTO `bp_class_staus` VALUES ('2', '1547714812', '2', '1', '2', '1');
INSERT INTO `bp_class_staus` VALUES ('3', null, '1', '1', '3', '1');
INSERT INTO `bp_class_staus` VALUES ('4', null, '1', '1', '4', '1');
INSERT INTO `bp_class_staus` VALUES ('8', '1547715004', '2', '1', '1', '2');
INSERT INTO `bp_class_staus` VALUES ('9', null, '1', '1', '1', '50');
INSERT INTO `bp_class_staus` VALUES ('10', null, '1', '1', '1', '51');
INSERT INTO `bp_class_staus` VALUES ('11', '1547715139', '2', '1', '2', '2');
INSERT INTO `bp_class_staus` VALUES ('12', null, '1', '1', '2', '50');
INSERT INTO `bp_class_staus` VALUES ('15', '1547791560', '2', '4', '3', '1');
INSERT INTO `bp_class_staus` VALUES ('16', null, '1', '4', '3', '2');
INSERT INTO `bp_class_staus` VALUES ('17', '1547793362', '2', '5', '1', '1');
INSERT INTO `bp_class_staus` VALUES ('18', '1547793669', '2', '5', '1', '2');
INSERT INTO `bp_class_staus` VALUES ('19', '1547793397', '2', '5', '2', '1');
INSERT INTO `bp_class_staus` VALUES ('20', '1547794031', '2', '5', '2', '2');
INSERT INTO `bp_class_staus` VALUES ('21', '1547794090', '2', '6', '3', '1');
INSERT INTO `bp_class_staus` VALUES ('22', '1547794121', '2', '6', '3', '2');
INSERT INTO `bp_class_staus` VALUES ('23', null, '1', '1', '3', '2');

-- ----------------------------
-- Table structure for bp_exam
-- ----------------------------
CREATE TABLE `bp_exam` (
  `id` int(11) NOT NULL AUTO_INCREMENT COMMENT '成绩管理专用表(考试管理表)',
  `sy_id` int(10) NOT NULL COMMENT '学年',
  `se_id` int(10) NOT NULL COMMENT '学期',
  `name` varchar(50) DEFAULT NULL COMMENT '考试名称',
  `type` tinyint(1) DEFAULT NULL COMMENT '(1为统考，2为单科考)',
  `start_time` int(11) DEFAULT NULL COMMENT '考试开始时间',
  `end_time` int(11) DEFAULT NULL COMMENT '考试结束时间',
  `inputstart_time` int(11) DEFAULT NULL COMMENT '录入开始时间',
  `inputend_time` int(11) DEFAULT NULL COMMENT '录入结束时间',
  `gd_id` varchar(50) DEFAULT NULL COMMENT '年级ID',
  `cl_id` varchar(50) DEFAULT NULL COMMENT '班级ID',
  `sj_id` varchar(50) DEFAULT NULL COMMENT '科目id',
  `ad_uid` int(11) DEFAULT NULL COMMENT '添加人员ID',
  `staus` int(1) DEFAULT NULL COMMENT '0未发布，1已发布，2已完成，3取消',
  PRIMARY KEY (`id`)
) ENGINE=InnoDB AUTO_INCREMENT=8 DEFAULT CHARSET=utf8;

-- ----------------------------
-- Records of bp_exam
-- ----------------------------
INSERT INTO `bp_exam` VALUES ('1', '6', '4', '统考一', '1', '1528473600', '1546272000', '1546876800', '1548259200', '11', '1,2', '1,2,3', '1', '1');
INSERT INTO `bp_exam` VALUES ('4', '6', '4', '单科考一', '2', '1528473600', '1546272000', '1546876800', '1547568000', '11', '1,2', '3', '1', '1');
INSERT INTO `bp_exam` VALUES ('5', '6', '4', '统考二', '1', '1547568000', '1547654400', '1547654400', '1547827200', '11', '1,2', '1,2', '1', '1');
INSERT INTO `bp_exam` VALUES ('6', '6', '4', '单科考二', '2', '1547481600', '1547654400', '1547654400', '1547827200', '11', '1,2', '3', '1', '1');
INSERT INTO `bp_exam` VALUES ('7', '6', '4', '统考3', '1', '1528473600', '1547568000', '1548345600', '1548864000', '10', '5,6,52', '1,2,3', null, '0');

-- ----------------------------
-- Table structure for bp_grade
-- ----------------------------
CREATE TABLE `bp_grade` (
  `gd_id` mediumint(8) NOT NULL AUTO_INCREMENT,
  `gd_entrance` char(4) NOT NULL COMMENT '入学年份',
  `gd_name` varchar(20) NOT NULL COMMENT '名称',
  `gd_status` tinyint(1) NOT NULL DEFAULT '1' COMMENT '年级状态(1:未毕业;2:已毕业)',
  PRIMARY KEY (`gd_id`),
  UNIQUE KEY `gd_entrance` (`gd_entrance`)
) ENGINE=InnoDB AUTO_INCREMENT=13 DEFAULT CHARSET=utf8 COMMENT='年级设置';

-- ----------------------------
-- Records of bp_grade
-- ----------------------------
INSERT INTO `bp_grade` VALUES ('10', '2016', '九年级', '1');
INSERT INTO `bp_grade` VALUES ('11', '2018', '七年级', '1');
INSERT INTO `bp_grade` VALUES ('12', '2017', '八年级', '1');

-- ----------------------------
-- Table structure for bp_score
-- ----------------------------
CREATE TABLE `bp_score` (
  `id` int(11) NOT NULL AUTO_INCREMENT COMMENT '成绩管理专用表(具体成绩表)',
  `score` int(10) DEFAULT NULL COMMENT '分数',
  `ad_uid` int(11) DEFAULT NULL COMMENT '用户id',
  `exam_id` int(11) DEFAULT NULL COMMENT '考试ID',
  `sj_id` int(11) DEFAULT NULL COMMENT '科目id',
  `cl_id` int(11) DEFAULT NULL COMMENT '班级ID',
  PRIMARY KEY (`id`)
) ENGINE=InnoDB AUTO_INCREMENT=597 DEFAULT CHARSET=utf8;

-- ----------------------------
-- Records of bp_score
-- ----------------------------
INSERT INTO `bp_score` VALUES ('86', '99', '18683', '1', '2', '1');
INSERT INTO `bp_score` VALUES ('87', '100', '18685', '1', '2', '1');
INSERT INTO `bp_score` VALUES ('88', '101', '18687', '1', '2', '1');
INSERT INTO `bp_score` VALUES ('89', '102', '18689', '1', '2', '1');
INSERT INTO `bp_score` VALUES ('90', '103', '18691', '1', '2', '1');
INSERT INTO `bp_score` VALUES ('91', '104', '18693', '1', '2', '1');
INSERT INTO `bp_score` VALUES ('92', '105', '18695', '1', '2', '1');
INSERT INTO `bp_score` VALUES ('93', '106', '18697', '1', '2', '1');
INSERT INTO `bp_score` VALUES ('94', '107', '18699', '1', '2', '1');
INSERT INTO `bp_score` VALUES ('95', '108', '18701', '1', '2', '1');
INSERT INTO `bp_score` VALUES ('96', '109', '18703', '1', '2', '1');
INSERT INTO `bp_score` VALUES ('97', '110', '18705', '1', '2', '1');
INSERT INTO `bp_score` VALUES ('98', '111', '18707', '1', '2', '1');
INSERT INTO `bp_score` VALUES ('99', '112', '18709', '1', '2', '1');
INSERT INTO `bp_score` VALUES ('100', '113', '18711', '1', '2', '1');
INSERT INTO `bp_score` VALUES ('101', '114', '18713', '1', '2', '1');
INSERT INTO `bp_score` VALUES ('102', '115', '18715', '1', '2', '1');
INSERT INTO `bp_score` VALUES ('103', '116', '18717', '1', '2', '1');
INSERT INTO `bp_score` VALUES ('104', '117', '18719', '1', '2', '1');
INSERT INTO `bp_score` VALUES ('105', '118', '18721', '1', '2', '1');
INSERT INTO `bp_score` VALUES ('106', '119', '18723', '1', '2', '1');
INSERT INTO `bp_score` VALUES ('107', '120', '18725', '1', '2', '1');
INSERT INTO `bp_score` VALUES ('108', '121', '18727', '1', '2', '1');
INSERT INTO `bp_score` VALUES ('109', '122', '18729', '1', '2', '1');
INSERT INTO `bp_score` VALUES ('110', '123', '18731', '1', '2', '1');
INSERT INTO `bp_score` VALUES ('111', '124', '18733', '1', '2', '1');
INSERT INTO `bp_score` VALUES ('112', '125', '18735', '1', '2', '1');
INSERT INTO `bp_score` VALUES ('113', '126', '18737', '1', '2', '1');
INSERT INTO `bp_score` VALUES ('114', '127', '18739', '1', '2', '1');
INSERT INTO `bp_score` VALUES ('115', '128', '18741', '1', '2', '1');
INSERT INTO `bp_score` VALUES ('116', '129', '18743', '1', '2', '1');
INSERT INTO `bp_score` VALUES ('117', '130', '18745', '1', '2', '1');
INSERT INTO `bp_score` VALUES ('118', '131', '18747', '1', '2', '1');
INSERT INTO `bp_score` VALUES ('119', '132', '18749', '1', '2', '1');
INSERT INTO `bp_score` VALUES ('120', '133', '18751', '1', '2', '1');
INSERT INTO `bp_score` VALUES ('121', '134', '18753', '1', '2', '1');
INSERT INTO `bp_score` VALUES ('122', '135', '18755', '1', '2', '1');
INSERT INTO `bp_score` VALUES ('123', '136', '18757', '1', '2', '1');
INSERT INTO `bp_score` VALUES ('124', '137', '18759', '1', '2', '1');
INSERT INTO `bp_score` VALUES ('125', '138', '18839', '1', '2', '1');
INSERT INTO `bp_score` VALUES ('127', '50', '18761', '1', '1', '2');
INSERT INTO `bp_score` VALUES ('128', '51', '18763', '1', '1', '2');
INSERT INTO `bp_score` VALUES ('129', '52', '18765', '1', '1', '2');
INSERT INTO `bp_score` VALUES ('130', '53', '18767', '1', '1', '2');
INSERT INTO `bp_score` VALUES ('131', '54', '18769', '1', '1', '2');
INSERT INTO `bp_score` VALUES ('132', '55', '18771', '1', '1', '2');
INSERT INTO `bp_score` VALUES ('133', '56', '18773', '1', '1', '2');
INSERT INTO `bp_score` VALUES ('134', '57', '18775', '1', '1', '2');
INSERT INTO `bp_score` VALUES ('135', '58', '18777', '1', '1', '2');
INSERT INTO `bp_score` VALUES ('136', '59', '18779', '1', '1', '2');
INSERT INTO `bp_score` VALUES ('137', '60', '18781', '1', '1', '2');
INSERT INTO `bp_score` VALUES ('138', '61', '18783', '1', '1', '2');
INSERT INTO `bp_score` VALUES ('139', '62', '18785', '1', '1', '2');
INSERT INTO `bp_score` VALUES ('140', '63', '18787', '1', '1', '2');
INSERT INTO `bp_score` VALUES ('141', '64', '18789', '1', '1', '2');
INSERT INTO `bp_score` VALUES ('142', '65', '18791', '1', '1', '2');
INSERT INTO `bp_score` VALUES ('143', '66', '18793', '1', '1', '2');
INSERT INTO `bp_score` VALUES ('144', '67', '18795', '1', '1', '2');
INSERT INTO `bp_score` VALUES ('145', '68', '18797', '1', '1', '2');
INSERT INTO `bp_score` VALUES ('146', '69', '18799', '1', '1', '2');
INSERT INTO `bp_score` VALUES ('147', '70', '18801', '1', '1', '2');
INSERT INTO `bp_score` VALUES ('148', '71', '18803', '1', '1', '2');
INSERT INTO `bp_score` VALUES ('149', '72', '18805', '1', '1', '2');
INSERT INTO `bp_score` VALUES ('150', '73', '18807', '1', '1', '2');
INSERT INTO `bp_score` VALUES ('151', '74', '18809', '1', '1', '2');
INSERT INTO `bp_score` VALUES ('152', '75', '18811', '1', '1', '2');
INSERT INTO `bp_score` VALUES ('153', '76', '18813', '1', '1', '2');
INSERT INTO `bp_score` VALUES ('154', '77', '18815', '1', '1', '2');
INSERT INTO `bp_score` VALUES ('155', '78', '18817', '1', '1', '2');
INSERT INTO `bp_score` VALUES ('156', '79', '18819', '1', '1', '2');
INSERT INTO `bp_score` VALUES ('157', '80', '18821', '1', '1', '2');
INSERT INTO `bp_score` VALUES ('158', '81', '18823', '1', '1', '2');
INSERT INTO `bp_score` VALUES ('159', '82', '18825', '1', '1', '2');
INSERT INTO `bp_score` VALUES ('160', '83', '18827', '1', '1', '2');
INSERT INTO `bp_score` VALUES ('161', '84', '18829', '1', '1', '2');
INSERT INTO `bp_score` VALUES ('162', '85', '18831', '1', '1', '2');
INSERT INTO `bp_score` VALUES ('163', '86', '18833', '1', '1', '2');
INSERT INTO `bp_score` VALUES ('164', '87', '18835', '1', '1', '2');
INSERT INTO `bp_score` VALUES ('165', '50', '18761', '1', '2', '2');
INSERT INTO `bp_score` VALUES ('166', '51', '18763', '1', '2', '2');
INSERT INTO `bp_score` VALUES ('167', '52', '18765', '1', '2', '2');
INSERT INTO `bp_score` VALUES ('168', '53', '18767', '1', '2', '2');
INSERT INTO `bp_score` VALUES ('169', '54', '18769', '1', '2', '2');
INSERT INTO `bp_score` VALUES ('170', '55', '18771', '1', '2', '2');
INSERT INTO `bp_score` VALUES ('171', '56', '18773', '1', '2', '2');
INSERT INTO `bp_score` VALUES ('172', '57', '18775', '1', '2', '2');
INSERT INTO `bp_score` VALUES ('173', '58', '18777', '1', '2', '2');
INSERT INTO `bp_score` VALUES ('174', '59', '18779', '1', '2', '2');
INSERT INTO `bp_score` VALUES ('175', '60', '18781', '1', '2', '2');
INSERT INTO `bp_score` VALUES ('176', '61', '18783', '1', '2', '2');
INSERT INTO `bp_score` VALUES ('177', '62', '18785', '1', '2', '2');
INSERT INTO `bp_score` VALUES ('178', '63', '18787', '1', '2', '2');
INSERT INTO `bp_score` VALUES ('179', '64', '18789', '1', '2', '2');
INSERT INTO `bp_score` VALUES ('180', '65', '18791', '1', '2', '2');
INSERT INTO `bp_score` VALUES ('181', '66', '18793', '1', '2', '2');
INSERT INTO `bp_score` VALUES ('182', '67', '18795', '1', '2', '2');
INSERT INTO `bp_score` VALUES ('183', '68', '18797', '1', '2', '2');
INSERT INTO `bp_score` VALUES ('184', '69', '18799', '1', '2', '2');
INSERT INTO `bp_score` VALUES ('185', '70', '18801', '1', '2', '2');
INSERT INTO `bp_score` VALUES ('186', '71', '18803', '1', '2', '2');
INSERT INTO `bp_score` VALUES ('187', '72', '18805', '1', '2', '2');
INSERT INTO `bp_score` VALUES ('188', '73', '18807', '1', '2', '2');
INSERT INTO `bp_score` VALUES ('189', '74', '18809', '1', '2', '2');
INSERT INTO `bp_score` VALUES ('190', '75', '18811', '1', '2', '2');
INSERT INTO `bp_score` VALUES ('191', '76', '18813', '1', '2', '2');
INSERT INTO `bp_score` VALUES ('192', '77', '18815', '1', '2', '2');
INSERT INTO `bp_score` VALUES ('193', '78', '18817', '1', '2', '2');
INSERT INTO `bp_score` VALUES ('194', '79', '18819', '1', '2', '2');
INSERT INTO `bp_score` VALUES ('195', '80', '18821', '1', '2', '2');
INSERT INTO `bp_score` VALUES ('196', '81', '18823', '1', '2', '2');
INSERT INTO `bp_score` VALUES ('197', '82', '18825', '1', '2', '2');
INSERT INTO `bp_score` VALUES ('198', '83', '18827', '1', '2', '2');
INSERT INTO `bp_score` VALUES ('199', '84', '18829', '1', '2', '2');
INSERT INTO `bp_score` VALUES ('200', '85', '18831', '1', '2', '2');
INSERT INTO `bp_score` VALUES ('201', '86', '18833', '1', '2', '2');
INSERT INTO `bp_score` VALUES ('202', '87', '18835', '1', '2', '2');
INSERT INTO `bp_score` VALUES ('204', '60', '18683', '4', '3', '1');
INSERT INTO `bp_score` VALUES ('205', '61', '18685', '4', '3', '1');
INSERT INTO `bp_score` VALUES ('206', '62', '18687', '4', '3', '1');
INSERT INTO `bp_score` VALUES ('207', '63', '18689', '4', '3', '1');
INSERT INTO `bp_score` VALUES ('208', '64', '18691', '4', '3', '1');
INSERT INTO `bp_score` VALUES ('209', '65', '18693', '4', '3', '1');
INSERT INTO `bp_score` VALUES ('210', '66', '18695', '4', '3', '1');
INSERT INTO `bp_score` VALUES ('211', '67', '18697', '4', '3', '1');
INSERT INTO `bp_score` VALUES ('212', '68', '18699', '4', '3', '1');
INSERT INTO `bp_score` VALUES ('213', '69', '18701', '4', '3', '1');
INSERT INTO `bp_score` VALUES ('214', '70', '18703', '4', '3', '1');
INSERT INTO `bp_score` VALUES ('215', '71', '18705', '4', '3', '1');
INSERT INTO `bp_score` VALUES ('216', '72', '18707', '4', '3', '1');
INSERT INTO `bp_score` VALUES ('217', '73', '18709', '4', '3', '1');
INSERT INTO `bp_score` VALUES ('218', '74', '18711', '4', '3', '1');
INSERT INTO `bp_score` VALUES ('219', '75', '18713', '4', '3', '1');
INSERT INTO `bp_score` VALUES ('220', '76', '18715', '4', '3', '1');
INSERT INTO `bp_score` VALUES ('221', '77', '18717', '4', '3', '1');
INSERT INTO `bp_score` VALUES ('222', '78', '18719', '4', '3', '1');
INSERT INTO `bp_score` VALUES ('223', '79', '18721', '4', '3', '1');
INSERT INTO `bp_score` VALUES ('224', '80', '18723', '4', '3', '1');
INSERT INTO `bp_score` VALUES ('225', '81', '18725', '4', '3', '1');
INSERT INTO `bp_score` VALUES ('226', '82', '18727', '4', '3', '1');
INSERT INTO `bp_score` VALUES ('227', '83', '18729', '4', '3', '1');
INSERT INTO `bp_score` VALUES ('228', '84', '18731', '4', '3', '1');
INSERT INTO `bp_score` VALUES ('229', '85', '18733', '4', '3', '1');
INSERT INTO `bp_score` VALUES ('230', '86', '18735', '4', '3', '1');
INSERT INTO `bp_score` VALUES ('231', '87', '18737', '4', '3', '1');
INSERT INTO `bp_score` VALUES ('232', '88', '18739', '4', '3', '1');
INSERT INTO `bp_score` VALUES ('233', '89', '18741', '4', '3', '1');
INSERT INTO `bp_score` VALUES ('234', '90', '18743', '4', '3', '1');
INSERT INTO `bp_score` VALUES ('235', '91', '18745', '4', '3', '1');
INSERT INTO `bp_score` VALUES ('236', '92', '18747', '4', '3', '1');
INSERT INTO `bp_score` VALUES ('237', '93', '18749', '4', '3', '1');
INSERT INTO `bp_score` VALUES ('238', '94', '18751', '4', '3', '1');
INSERT INTO `bp_score` VALUES ('239', '95', '18753', '4', '3', '1');
INSERT INTO `bp_score` VALUES ('240', '96', '18755', '4', '3', '1');
INSERT INTO `bp_score` VALUES ('241', '97', '18757', '4', '3', '1');
INSERT INTO `bp_score` VALUES ('242', '98', '18759', '4', '3', '1');
INSERT INTO `bp_score` VALUES ('243', '99', '18839', '4', '3', '1');
INSERT INTO `bp_score` VALUES ('244', '69', '18761', '4', '3', '2');
INSERT INTO `bp_score` VALUES ('245', '70', '18763', '4', '3', '2');
INSERT INTO `bp_score` VALUES ('246', '71', '18765', '4', '3', '2');
INSERT INTO `bp_score` VALUES ('247', '72', '18767', '4', '3', '2');
INSERT INTO `bp_score` VALUES ('248', '73', '18769', '4', '3', '2');
INSERT INTO `bp_score` VALUES ('249', '74', '18771', '4', '3', '2');
INSERT INTO `bp_score` VALUES ('250', '75', '18773', '4', '3', '2');
INSERT INTO `bp_score` VALUES ('251', '76', '18775', '4', '3', '2');
INSERT INTO `bp_score` VALUES ('252', '77', '18777', '4', '3', '2');
INSERT INTO `bp_score` VALUES ('253', '78', '18779', '4', '3', '2');
INSERT INTO `bp_score` VALUES ('254', '79', '18781', '4', '3', '2');
INSERT INTO `bp_score` VALUES ('255', '80', '18783', '4', '3', '2');
INSERT INTO `bp_score` VALUES ('256', '81', '18785', '4', '3', '2');
INSERT INTO `bp_score` VALUES ('257', '82', '18787', '4', '3', '2');
INSERT INTO `bp_score` VALUES ('258', '83', '18789', '4', '3', '2');
INSERT INTO `bp_score` VALUES ('259', '84', '18791', '4', '3', '2');
INSERT INTO `bp_score` VALUES ('260', '85', '18793', '4', '3', '2');
INSERT INTO `bp_score` VALUES ('261', '86', '18795', '4', '3', '2');
INSERT INTO `bp_score` VALUES ('262', '87', '18797', '4', '3', '2');
INSERT INTO `bp_score` VALUES ('263', '88', '18799', '4', '3', '2');
INSERT INTO `bp_score` VALUES ('264', '89', '18801', '4', '3', '2');
INSERT INTO `bp_score` VALUES ('265', '90', '18803', '4', '3', '2');
INSERT INTO `bp_score` VALUES ('266', '91', '18805', '4', '3', '2');
INSERT INTO `bp_score` VALUES ('267', '92', '18807', '4', '3', '2');
INSERT INTO `bp_score` VALUES ('268', '93', '18809', '4', '3', '2');
INSERT INTO `bp_score` VALUES ('269', '94', '18811', '4', '3', '2');
INSERT INTO `bp_score` VALUES ('270', '95', '18813', '4', '3', '2');
INSERT INTO `bp_score` VALUES ('271', '96', '18815', '4', '3', '2');
INSERT INTO `bp_score` VALUES ('272', '97', '18817', '4', '3', '2');
INSERT INTO `bp_score` VALUES ('273', '98', '18819', '4', '3', '2');
INSERT INTO `bp_score` VALUES ('274', '99', '18821', '4', '3', '2');
INSERT INTO `bp_score` VALUES ('275', '100', '18823', '4', '3', '2');
INSERT INTO `bp_score` VALUES ('276', '101', '18825', '4', '3', '2');
INSERT INTO `bp_score` VALUES ('277', '102', '18827', '4', '3', '2');
INSERT INTO `bp_score` VALUES ('278', '103', '18829', '4', '3', '2');
INSERT INTO `bp_score` VALUES ('279', '104', '18831', '4', '3', '2');
INSERT INTO `bp_score` VALUES ('280', '105', '18833', '4', '3', '2');
INSERT INTO `bp_score` VALUES ('281', '106', '18835', '4', '3', '2');
INSERT INTO `bp_score` VALUES ('282', '60', '18683', '5', '1', '1');
INSERT INTO `bp_score` VALUES ('283', '61', '18685', '5', '1', '1');
INSERT INTO `bp_score` VALUES ('284', '62', '18687', '5', '1', '1');
INSERT INTO `bp_score` VALUES ('285', '63', '18689', '5', '1', '1');
INSERT INTO `bp_score` VALUES ('286', '64', '18691', '5', '1', '1');
INSERT INTO `bp_score` VALUES ('287', '65', '18693', '5', '1', '1');
INSERT INTO `bp_score` VALUES ('288', '66', '18695', '5', '1', '1');
INSERT INTO `bp_score` VALUES ('289', '67', '18697', '5', '1', '1');
INSERT INTO `bp_score` VALUES ('290', '68', '18699', '5', '1', '1');
INSERT INTO `bp_score` VALUES ('291', '69', '18701', '5', '1', '1');
INSERT INTO `bp_score` VALUES ('292', '70', '18703', '5', '1', '1');
INSERT INTO `bp_score` VALUES ('293', '71', '18705', '5', '1', '1');
INSERT INTO `bp_score` VALUES ('294', '72', '18707', '5', '1', '1');
INSERT INTO `bp_score` VALUES ('295', '73', '18709', '5', '1', '1');
INSERT INTO `bp_score` VALUES ('296', '74', '18711', '5', '1', '1');
INSERT INTO `bp_score` VALUES ('297', '75', '18713', '5', '1', '1');
INSERT INTO `bp_score` VALUES ('298', '76', '18715', '5', '1', '1');
INSERT INTO `bp_score` VALUES ('299', '77', '18717', '5', '1', '1');
INSERT INTO `bp_score` VALUES ('300', '78', '18719', '5', '1', '1');
INSERT INTO `bp_score` VALUES ('301', '79', '18721', '5', '1', '1');
INSERT INTO `bp_score` VALUES ('302', '80', '18723', '5', '1', '1');
INSERT INTO `bp_score` VALUES ('303', '81', '18725', '5', '1', '1');
INSERT INTO `bp_score` VALUES ('304', '82', '18727', '5', '1', '1');
INSERT INTO `bp_score` VALUES ('305', '83', '18729', '5', '1', '1');
INSERT INTO `bp_score` VALUES ('306', '84', '18731', '5', '1', '1');
INSERT INTO `bp_score` VALUES ('307', '85', '18733', '5', '1', '1');
INSERT INTO `bp_score` VALUES ('308', '86', '18735', '5', '1', '1');
INSERT INTO `bp_score` VALUES ('309', '87', '18737', '5', '1', '1');
INSERT INTO `bp_score` VALUES ('310', '88', '18739', '5', '1', '1');
INSERT INTO `bp_score` VALUES ('311', '89', '18741', '5', '1', '1');
INSERT INTO `bp_score` VALUES ('312', '90', '18743', '5', '1', '1');
INSERT INTO `bp_score` VALUES ('313', '91', '18745', '5', '1', '1');
INSERT INTO `bp_score` VALUES ('314', '92', '18747', '5', '1', '1');
INSERT INTO `bp_score` VALUES ('315', '93', '18749', '5', '1', '1');
INSERT INTO `bp_score` VALUES ('316', '94', '18751', '5', '1', '1');
INSERT INTO `bp_score` VALUES ('317', '95', '18753', '5', '1', '1');
INSERT INTO `bp_score` VALUES ('318', '96', '18755', '5', '1', '1');
INSERT INTO `bp_score` VALUES ('319', '97', '18757', '5', '1', '1');
INSERT INTO `bp_score` VALUES ('320', '98', '18759', '5', '1', '1');
INSERT INTO `bp_score` VALUES ('321', '99', '18839', '5', '1', '1');
INSERT INTO `bp_score` VALUES ('322', '60', '18683', '5', '2', '1');
INSERT INTO `bp_score` VALUES ('323', '61', '18685', '5', '2', '1');
INSERT INTO `bp_score` VALUES ('324', '62', '18687', '5', '2', '1');
INSERT INTO `bp_score` VALUES ('325', '63', '18689', '5', '2', '1');
INSERT INTO `bp_score` VALUES ('326', '64', '18691', '5', '2', '1');
INSERT INTO `bp_score` VALUES ('327', '65', '18693', '5', '2', '1');
INSERT INTO `bp_score` VALUES ('328', '66', '18695', '5', '2', '1');
INSERT INTO `bp_score` VALUES ('329', '67', '18697', '5', '2', '1');
INSERT INTO `bp_score` VALUES ('330', '68', '18699', '5', '2', '1');
INSERT INTO `bp_score` VALUES ('331', '69', '18701', '5', '2', '1');
INSERT INTO `bp_score` VALUES ('332', '70', '18703', '5', '2', '1');
INSERT INTO `bp_score` VALUES ('333', '71', '18705', '5', '2', '1');
INSERT INTO `bp_score` VALUES ('334', '72', '18707', '5', '2', '1');
INSERT INTO `bp_score` VALUES ('335', '73', '18709', '5', '2', '1');
INSERT INTO `bp_score` VALUES ('336', '74', '18711', '5', '2', '1');
INSERT INTO `bp_score` VALUES ('337', '75', '18713', '5', '2', '1');
INSERT INTO `bp_score` VALUES ('338', '76', '18715', '5', '2', '1');
INSERT INTO `bp_score` VALUES ('339', '77', '18717', '5', '2', '1');
INSERT INTO `bp_score` VALUES ('340', '78', '18719', '5', '2', '1');
INSERT INTO `bp_score` VALUES ('341', '79', '18721', '5', '2', '1');
INSERT INTO `bp_score` VALUES ('342', '80', '18723', '5', '2', '1');
INSERT INTO `bp_score` VALUES ('343', '81', '18725', '5', '2', '1');
INSERT INTO `bp_score` VALUES ('344', '82', '18727', '5', '2', '1');
INSERT INTO `bp_score` VALUES ('345', '83', '18729', '5', '2', '1');
INSERT INTO `bp_score` VALUES ('346', '84', '18731', '5', '2', '1');
INSERT INTO `bp_score` VALUES ('347', '85', '18733', '5', '2', '1');
INSERT INTO `bp_score` VALUES ('348', '86', '18735', '5', '2', '1');
INSERT INTO `bp_score` VALUES ('349', '87', '18737', '5', '2', '1');
INSERT INTO `bp_score` VALUES ('350', '88', '18739', '5', '2', '1');
INSERT INTO `bp_score` VALUES ('351', '89', '18741', '5', '2', '1');
INSERT INTO `bp_score` VALUES ('352', '90', '18743', '5', '2', '1');
INSERT INTO `bp_score` VALUES ('353', '91', '18745', '5', '2', '1');
INSERT INTO `bp_score` VALUES ('354', '92', '18747', '5', '2', '1');
INSERT INTO `bp_score` VALUES ('355', '93', '18749', '5', '2', '1');
INSERT INTO `bp_score` VALUES ('356', '94', '18751', '5', '2', '1');
INSERT INTO `bp_score` VALUES ('357', '95', '18753', '5', '2', '1');
INSERT INTO `bp_score` VALUES ('358', '96', '18755', '5', '2', '1');
INSERT INTO `bp_score` VALUES ('359', '97', '18757', '5', '2', '1');
INSERT INTO `bp_score` VALUES ('360', '98', '18759', '5', '2', '1');
INSERT INTO `bp_score` VALUES ('361', '99', '18839', '5', '2', '1');
INSERT INTO `bp_score` VALUES ('362', '60', '18761', '5', '1', '2');
INSERT INTO `bp_score` VALUES ('363', '61', '18763', '5', '1', '2');
INSERT INTO `bp_score` VALUES ('364', '62', '18765', '5', '1', '2');
INSERT INTO `bp_score` VALUES ('365', '63', '18767', '5', '1', '2');
INSERT INTO `bp_score` VALUES ('366', '64', '18769', '5', '1', '2');
INSERT INTO `bp_score` VALUES ('367', '65', '18771', '5', '1', '2');
INSERT INTO `bp_score` VALUES ('368', '66', '18773', '5', '1', '2');
INSERT INTO `bp_score` VALUES ('369', '67', '18775', '5', '1', '2');
INSERT INTO `bp_score` VALUES ('370', '68', '18777', '5', '1', '2');
INSERT INTO `bp_score` VALUES ('371', '69', '18779', '5', '1', '2');
INSERT INTO `bp_score` VALUES ('372', '70', '18781', '5', '1', '2');
INSERT INTO `bp_score` VALUES ('373', '71', '18783', '5', '1', '2');
INSERT INTO `bp_score` VALUES ('374', '72', '18785', '5', '1', '2');
INSERT INTO `bp_score` VALUES ('375', '73', '18787', '5', '1', '2');
INSERT INTO `bp_score` VALUES ('376', '74', '18789', '5', '1', '2');
INSERT INTO `bp_score` VALUES ('377', '75', '18791', '5', '1', '2');
INSERT INTO `bp_score` VALUES ('378', '76', '18793', '5', '1', '2');
INSERT INTO `bp_score` VALUES ('379', '77', '18795', '5', '1', '2');
INSERT INTO `bp_score` VALUES ('380', '78', '18797', '5', '1', '2');
INSERT INTO `bp_score` VALUES ('381', '79', '18799', '5', '1', '2');
INSERT INTO `bp_score` VALUES ('382', '80', '18801', '5', '1', '2');
INSERT INTO `bp_score` VALUES ('383', '81', '18803', '5', '1', '2');
INSERT INTO `bp_score` VALUES ('384', '82', '18805', '5', '1', '2');
INSERT INTO `bp_score` VALUES ('385', '83', '18807', '5', '1', '2');
INSERT INTO `bp_score` VALUES ('386', '84', '18809', '5', '1', '2');
INSERT INTO `bp_score` VALUES ('387', '85', '18811', '5', '1', '2');
INSERT INTO `bp_score` VALUES ('388', '86', '18813', '5', '1', '2');
INSERT INTO `bp_score` VALUES ('389', '87', '18815', '5', '1', '2');
INSERT INTO `bp_score` VALUES ('390', '88', '18817', '5', '1', '2');
INSERT INTO `bp_score` VALUES ('391', '89', '18819', '5', '1', '2');
INSERT INTO `bp_score` VALUES ('392', '90', '18821', '5', '1', '2');
INSERT INTO `bp_score` VALUES ('393', '91', '18823', '5', '1', '2');
INSERT INTO `bp_score` VALUES ('394', '92', '18825', '5', '1', '2');
INSERT INTO `bp_score` VALUES ('395', '93', '18827', '5', '1', '2');
INSERT INTO `bp_score` VALUES ('396', '94', '18829', '5', '1', '2');
INSERT INTO `bp_score` VALUES ('397', '95', '18831', '5', '1', '2');
INSERT INTO `bp_score` VALUES ('398', '96', '18833', '5', '1', '2');
INSERT INTO `bp_score` VALUES ('399', '97', '18835', '5', '1', '2');
INSERT INTO `bp_score` VALUES ('401', '60', '18761', '5', '2', '2');
INSERT INTO `bp_score` VALUES ('402', '61', '18763', '5', '2', '2');
INSERT INTO `bp_score` VALUES ('403', '62', '18765', '5', '2', '2');
INSERT INTO `bp_score` VALUES ('404', '63', '18767', '5', '2', '2');
INSERT INTO `bp_score` VALUES ('405', '64', '18769', '5', '2', '2');
INSERT INTO `bp_score` VALUES ('406', '65', '18771', '5', '2', '2');
INSERT INTO `bp_score` VALUES ('407', '66', '18773', '5', '2', '2');
INSERT INTO `bp_score` VALUES ('408', '67', '18775', '5', '2', '2');
INSERT INTO `bp_score` VALUES ('409', '68', '18777', '5', '2', '2');
INSERT INTO `bp_score` VALUES ('410', '69', '18779', '5', '2', '2');
INSERT INTO `bp_score` VALUES ('411', '70', '18781', '5', '2', '2');
INSERT INTO `bp_score` VALUES ('412', '71', '18783', '5', '2', '2');
INSERT INTO `bp_score` VALUES ('413', '72', '18785', '5', '2', '2');
INSERT INTO `bp_score` VALUES ('414', '73', '18787', '5', '2', '2');
INSERT INTO `bp_score` VALUES ('415', '74', '18789', '5', '2', '2');
INSERT INTO `bp_score` VALUES ('416', '75', '18791', '5', '2', '2');
INSERT INTO `bp_score` VALUES ('417', '76', '18793', '5', '2', '2');
INSERT INTO `bp_score` VALUES ('418', '77', '18795', '5', '2', '2');
INSERT INTO `bp_score` VALUES ('419', '78', '18797', '5', '2', '2');
INSERT INTO `bp_score` VALUES ('420', '79', '18799', '5', '2', '2');
INSERT INTO `bp_score` VALUES ('421', '80', '18801', '5', '2', '2');
INSERT INTO `bp_score` VALUES ('422', '81', '18803', '5', '2', '2');
INSERT INTO `bp_score` VALUES ('423', '82', '18805', '5', '2', '2');
INSERT INTO `bp_score` VALUES ('424', '83', '18807', '5', '2', '2');
INSERT INTO `bp_score` VALUES ('425', '84', '18809', '5', '2', '2');
INSERT INTO `bp_score` VALUES ('426', '85', '18811', '5', '2', '2');
INSERT INTO `bp_score` VALUES ('427', '86', '18813', '5', '2', '2');
INSERT INTO `bp_score` VALUES ('428', '87', '18815', '5', '2', '2');
INSERT INTO `bp_score` VALUES ('429', '88', '18817', '5', '2', '2');
INSERT INTO `bp_score` VALUES ('430', '89', '18819', '5', '2', '2');
INSERT INTO `bp_score` VALUES ('431', '90', '18821', '5', '2', '2');
INSERT INTO `bp_score` VALUES ('432', '91', '18823', '5', '2', '2');
INSERT INTO `bp_score` VALUES ('433', '92', '18825', '5', '2', '2');
INSERT INTO `bp_score` VALUES ('434', '93', '18827', '5', '2', '2');
INSERT INTO `bp_score` VALUES ('435', '94', '18829', '5', '2', '2');
INSERT INTO `bp_score` VALUES ('436', '95', '18831', '5', '2', '2');
INSERT INTO `bp_score` VALUES ('437', '96', '18833', '5', '2', '2');
INSERT INTO `bp_score` VALUES ('438', '97', '18835', '5', '2', '2');
INSERT INTO `bp_score` VALUES ('439', '40', '18683', '6', '3', '1');
INSERT INTO `bp_score` VALUES ('440', '41', '18685', '6', '3', '1');
INSERT INTO `bp_score` VALUES ('441', '42', '18687', '6', '3', '1');
INSERT INTO `bp_score` VALUES ('442', '43', '18689', '6', '3', '1');
INSERT INTO `bp_score` VALUES ('443', '44', '18691', '6', '3', '1');
INSERT INTO `bp_score` VALUES ('444', '45', '18693', '6', '3', '1');
INSERT INTO `bp_score` VALUES ('445', '46', '18695', '6', '3', '1');
INSERT INTO `bp_score` VALUES ('446', '47', '18697', '6', '3', '1');
INSERT INTO `bp_score` VALUES ('447', '48', '18699', '6', '3', '1');
INSERT INTO `bp_score` VALUES ('448', '49', '18701', '6', '3', '1');
INSERT INTO `bp_score` VALUES ('449', '50', '18703', '6', '3', '1');
INSERT INTO `bp_score` VALUES ('450', '51', '18705', '6', '3', '1');
INSERT INTO `bp_score` VALUES ('451', '52', '18707', '6', '3', '1');
INSERT INTO `bp_score` VALUES ('452', '53', '18709', '6', '3', '1');
INSERT INTO `bp_score` VALUES ('453', '54', '18711', '6', '3', '1');
INSERT INTO `bp_score` VALUES ('454', '55', '18713', '6', '3', '1');
INSERT INTO `bp_score` VALUES ('455', '56', '18715', '6', '3', '1');
INSERT INTO `bp_score` VALUES ('456', '57', '18717', '6', '3', '1');
INSERT INTO `bp_score` VALUES ('457', '58', '18719', '6', '3', '1');
INSERT INTO `bp_score` VALUES ('458', '59', '18721', '6', '3', '1');
INSERT INTO `bp_score` VALUES ('459', '60', '18723', '6', '3', '1');
INSERT INTO `bp_score` VALUES ('460', '61', '18725', '6', '3', '1');
INSERT INTO `bp_score` VALUES ('461', '62', '18727', '6', '3', '1');
INSERT INTO `bp_score` VALUES ('462', '63', '18729', '6', '3', '1');
INSERT INTO `bp_score` VALUES ('463', '64', '18731', '6', '3', '1');
INSERT INTO `bp_score` VALUES ('464', '65', '18733', '6', '3', '1');
INSERT INTO `bp_score` VALUES ('465', '66', '18735', '6', '3', '1');
INSERT INTO `bp_score` VALUES ('466', '67', '18737', '6', '3', '1');
INSERT INTO `bp_score` VALUES ('467', '68', '18739', '6', '3', '1');
INSERT INTO `bp_score` VALUES ('468', '69', '18741', '6', '3', '1');
INSERT INTO `bp_score` VALUES ('469', '70', '18743', '6', '3', '1');
INSERT INTO `bp_score` VALUES ('470', '71', '18745', '6', '3', '1');
INSERT INTO `bp_score` VALUES ('471', '72', '18747', '6', '3', '1');
INSERT INTO `bp_score` VALUES ('472', '73', '18749', '6', '3', '1');
INSERT INTO `bp_score` VALUES ('473', '74', '18751', '6', '3', '1');
INSERT INTO `bp_score` VALUES ('474', '75', '18753', '6', '3', '1');
INSERT INTO `bp_score` VALUES ('475', '76', '18755', '6', '3', '1');
INSERT INTO `bp_score` VALUES ('476', '77', '18757', '6', '3', '1');
INSERT INTO `bp_score` VALUES ('477', '78', '18759', '6', '3', '1');
INSERT INTO `bp_score` VALUES ('478', '79', '18839', '6', '3', '1');
INSERT INTO `bp_score` VALUES ('479', '50', '18761', '6', '3', '2');
INSERT INTO `bp_score` VALUES ('480', '51', '18763', '6', '3', '2');
INSERT INTO `bp_score` VALUES ('481', '52', '18765', '6', '3', '2');
INSERT INTO `bp_score` VALUES ('482', '53', '18767', '6', '3', '2');
INSERT INTO `bp_score` VALUES ('483', '54', '18769', '6', '3', '2');
INSERT INTO `bp_score` VALUES ('484', '55', '18771', '6', '3', '2');
INSERT INTO `bp_score` VALUES ('485', '56', '18773', '6', '3', '2');
INSERT INTO `bp_score` VALUES ('486', '57', '18775', '6', '3', '2');
INSERT INTO `bp_score` VALUES ('487', '58', '18777', '6', '3', '2');
INSERT INTO `bp_score` VALUES ('488', '59', '18779', '6', '3', '2');
INSERT INTO `bp_score` VALUES ('489', '60', '18781', '6', '3', '2');
INSERT INTO `bp_score` VALUES ('490', '61', '18783', '6', '3', '2');
INSERT INTO `bp_score` VALUES ('491', '62', '18785', '6', '3', '2');
INSERT INTO `bp_score` VALUES ('492', '63', '18787', '6', '3', '2');
INSERT INTO `bp_score` VALUES ('493', '64', '18789', '6', '3', '2');
INSERT INTO `bp_score` VALUES ('494', '65', '18791', '6', '3', '2');
INSERT INTO `bp_score` VALUES ('495', '66', '18793', '6', '3', '2');
INSERT INTO `bp_score` VALUES ('496', '67', '18795', '6', '3', '2');
INSERT INTO `bp_score` VALUES ('497', '68', '18797', '6', '3', '2');
INSERT INTO `bp_score` VALUES ('498', '69', '18799', '6', '3', '2');
INSERT INTO `bp_score` VALUES ('499', '70', '18801', '6', '3', '2');
INSERT INTO `bp_score` VALUES ('500', '71', '18803', '6', '3', '2');
INSERT INTO `bp_score` VALUES ('501', '72', '18805', '6', '3', '2');
INSERT INTO `bp_score` VALUES ('502', '73', '18807', '6', '3', '2');
INSERT INTO `bp_score` VALUES ('503', '74', '18809', '6', '3', '2');
INSERT INTO `bp_score` VALUES ('504', '75', '18811', '6', '3', '2');
INSERT INTO `bp_score` VALUES ('505', '76', '18813', '6', '3', '2');
INSERT INTO `bp_score` VALUES ('506', '77', '18815', '6', '3', '2');
INSERT INTO `bp_score` VALUES ('507', '78', '18817', '6', '3', '2');
INSERT INTO `bp_score` VALUES ('508', '79', '18819', '6', '3', '2');
INSERT INTO `bp_score` VALUES ('509', '80', '18821', '6', '3', '2');
INSERT INTO `bp_score` VALUES ('510', '81', '18823', '6', '3', '2');
INSERT INTO `bp_score` VALUES ('511', '82', '18825', '6', '3', '2');
INSERT INTO `bp_score` VALUES ('512', '83', '18827', '6', '3', '2');
INSERT INTO `bp_score` VALUES ('513', '84', '18829', '6', '3', '2');
INSERT INTO `bp_score` VALUES ('514', '85', '18831', '6', '3', '2');
INSERT INTO `bp_score` VALUES ('515', '86', '18833', '6', '3', '2');
INSERT INTO `bp_score` VALUES ('516', '87', '18835', '6', '3', '2');
INSERT INTO `bp_score` VALUES ('557', '150', '18683', '1', '1', '1');
INSERT INTO `bp_score` VALUES ('558', '123', '18685', '1', '1', '1');
INSERT INTO `bp_score` VALUES ('559', '124', '18687', '1', '1', '1');
INSERT INTO `bp_score` VALUES ('560', '125', '18689', '1', '1', '1');
INSERT INTO `bp_score` VALUES ('561', '126', '18691', '1', '1', '1');
INSERT INTO `bp_score` VALUES ('562', '127', '18693', '1', '1', '1');
INSERT INTO `bp_score` VALUES ('563', '128', '18695', '1', '1', '1');
INSERT INTO `bp_score` VALUES ('564', '129', '18697', '1', '1', '1');
INSERT INTO `bp_score` VALUES ('565', '130', '18699', '1', '1', '1');
INSERT INTO `bp_score` VALUES ('566', '131', '18701', '1', '1', '1');
INSERT INTO `bp_score` VALUES ('567', '132', '18703', '1', '1', '1');
INSERT INTO `bp_score` VALUES ('568', '133', '18705', '1', '1', '1');
INSERT INTO `bp_score` VALUES ('569', '134', '18707', '1', '1', '1');
INSERT INTO `bp_score` VALUES ('570', '135', '18709', '1', '1', '1');
INSERT INTO `bp_score` VALUES ('571', '136', '18711', '1', '1', '1');
INSERT INTO `bp_score` VALUES ('572', '137', '18713', '1', '1', '1');
INSERT INTO `bp_score` VALUES ('573', '138', '18715', '1', '1', '1');
INSERT INTO `bp_score` VALUES ('574', '139', '18717', '1', '1', '1');
INSERT INTO `bp_score` VALUES ('575', '140', '18719', '1', '1', '1');
INSERT INTO `bp_score` VALUES ('576', '141', '18721', '1', '1', '1');
INSERT INTO `bp_score` VALUES ('577', '142', '18723', '1', '1', '1');
INSERT INTO `bp_score` VALUES ('578', '143', '18725', '1', '1', '1');
INSERT INTO `bp_score` VALUES ('579', '144', '18727', '1', '1', '1');
INSERT INTO `bp_score` VALUES ('580', '145', '18729', '1', '1', '1');
INSERT INTO `bp_score` VALUES ('581', '146', '18731', '1', '1', '1');
INSERT INTO `bp_score` VALUES ('582', '147', '18733', '1', '1', '1');
INSERT INTO `bp_score` VALUES ('583', '148', '18735', '1', '1', '1');
INSERT INTO `bp_score` VALUES ('584', '149', '18737', '1', '1', '1');
INSERT INTO `bp_score` VALUES ('585', '150', '18739', '1', '1', '1');
INSERT INTO `bp_score` VALUES ('586', '151', '18741', '1', '1', '1');
INSERT INTO `bp_score` VALUES ('587', '152', '18743', '1', '1', '1');
INSERT INTO `bp_score` VALUES ('588', '153', '18745', '1', '1', '1');
INSERT INTO `bp_score` VALUES ('589', '154', '18747', '1', '1', '1');
INSERT INTO `bp_score` VALUES ('590', '155', '18749', '1', '1', '1');
INSERT INTO `bp_score` VALUES ('591', '156', '18751', '1', '1', '1');
INSERT INTO `bp_score` VALUES ('592', '157', '18753', '1', '1', '1');
INSERT INTO `bp_score` VALUES ('593', '158', '18755', '1', '1', '1');
INSERT INTO `bp_score` VALUES ('594', '159', '18757', '1', '1', '1');
INSERT INTO `bp_score` VALUES ('595', '160', '18759', '1', '1', '1');
INSERT INTO `bp_score` VALUES ('596', '161', '18839', '1', '1', '1');

-- ----------------------------
-- Table structure for bp_semester
-- ----------------------------
CREATE TABLE `bp_semester` (
  `se_id` mediumint(8) NOT NULL AUTO_INCREMENT,
  `se_cid` tinyint(1) NOT NULL COMMENT '学期(1:第一学期;2:第二学期)',
  `sy_id` int(10) NOT NULL COMMENT '学年',
  `se_stime` int(10) NOT NULL COMMENT '开始时间',
  `se_etime` int(10) NOT NULL COMMENT '结束时间',
  `se_status` tinyint(3) NOT NULL DEFAULT '0' COMMENT '开启状态 1开启 0未开启 用于排课导出课表',
  PRIMARY KEY (`se_id`)
) ENGINE=InnoDB AUTO_INCREMENT=5 DEFAULT CHARSET=utf8 COMMENT='学期设置';

-- ----------------------------
-- Records of bp_semester
-- ----------------------------
INSERT INTO `bp_semester` VALUES ('3', '1', '6', '1535731200', '1546185600', '0');
INSERT INTO `bp_semester` VALUES ('4', '2', '6', '1546272000', '1565798400', '1');

-- ----------------------------
-- Table structure for bp_subject
-- ----------------------------
CREATE TABLE `bp_subject` (
  `sj_id` mediumint(8) NOT NULL AUTO_INCREMENT,
  `sj_name` varchar(10) NOT NULL COMMENT '名称',
  `best` varchar(20) DEFAULT NULL COMMENT '优',
  `good` varchar(20) DEFAULT NULL COMMENT '良',
  `general` varchar(20) DEFAULT NULL COMMENT '中',
  `pass` varchar(20) DEFAULT NULL COMMENT '可',
  `flunk` varchar(20) DEFAULT NULL COMMENT '不及格',
  `max` int(10) DEFAULT NULL COMMENT '满分',
  PRIMARY KEY (`sj_id`)
) ENGINE=InnoDB AUTO_INCREMENT=12 DEFAULT CHARSET=utf8 COMMENT='学科设置';

-- ----------------------------
-- Records of bp_subject
-- ----------------------------
INSERT INTO `bp_subject` VALUES ('1', '语文', '>=,90', '>=,80', '>=,70', '>=,60', '<,60', '150');
INSERT INTO `bp_subject` VALUES ('2', '数学', '>=,90', '>=,80', '>=,70', '>=,60', '<,59', '150');
INSERT INTO `bp_subject` VALUES ('3', '英语', '>=,90', '>=,80', '>=,70', '>=,60', '<,59', '150');
INSERT INTO `bp_subject` VALUES ('4', '政治', '>=,90', '>=,80', '>=,70', '>=,60', '<,59', '150');
INSERT INTO `bp_subject` VALUES ('5', '历史', '>=,90', '>=,80', '>=,70', '>=,60', '<,59', '150');
INSERT INTO `bp_subject` VALUES ('6', '化学', '>=,90', '>=,80', '>=,70', '>=,60', '<,59', '150');
INSERT INTO `bp_subject` VALUES ('7', '物理', '>=,90', '>=,80', '>=,70', '>=,60', '<,59', '150');
INSERT INTO `bp_subject` VALUES ('8', '生物', '>=,90', '>=,80', '>=,70', '>=,60', '<,59', '150');
INSERT INTO `bp_subject` VALUES ('9', '地理', '>=,90', '>=,80', '>=,70', '>=,60', '<,59', '150');
INSERT INTO `bp_subject` VALUES ('10', '美术', '>=,90', '>=,80', '>=,70', '>=,60', '<,59', '150');
INSERT INTO `bp_subject` VALUES ('11', '体育', null, null, null, null, null, '150');

-- ----------------------------
-- Table structure for bp_syear
-- ----------------------------
CREATE TABLE `bp_syear` (
  `sy_id` int(10) NOT NULL AUTO_INCREMENT,
  `sy_name` varchar(20) NOT NULL COMMENT '名称',
  `sy_stime` int(10) NOT NULL COMMENT '开始时间',
  `sy_etime` int(10) NOT NULL COMMENT '结束时间',
  PRIMARY KEY (`sy_id`)
) ENGINE=InnoDB AUTO_INCREMENT=7 DEFAULT CHARSET=utf8 COMMENT='学年设置';

-- ----------------------------
-- Records of bp_syear
-- ----------------------------
INSERT INTO `bp_syear` VALUES ('5', '2017-2018学年', '1498838400', '1535644800');
INSERT INTO `bp_syear` VALUES ('6', '2018-2019学年1', '1535731200', '1567180800');
